000
CXUS55 KBYZ 011032
CLMBIL


CLIMATE REPORT
NATIONAL WEATHER SERVICE BILLINGS MT
426 AM MDT TUE JUL 1 2014

...................................

...THE BILLINGS MT CLIMATE SUMMARY FOR THE MONTH OF JUNE 2014...

CLIMATE NORMAL PERIOD 1981 TO 2010
CLIMATE RECORD PERIOD 1934 TO 2014

WEATHER         OBSERVED          NORMAL  DEPART
                 VALUE   DATE(S)  VALUE   FROM
                                          NORMAL
................................................
TEMPERATURE (F)
HIGHEST            83   06/20
                        06/09
LOWEST             41   06/07
AVG. MAXIMUM     73.5              77.2    -3.7
AVG. MINIMUM     51.2              52.1    -0.9
MEAN             62.4              64.7    -2.3
DAYS MAX >= 90      0
DAYS MAX <= 32      0
DAYS MIN <= 32      0
DAYS MIN <= 0       0

PRECIPITATION (INCHES)
TOTALS           1.75              2.12   -0.37
DAYS >= .01        13
DAYS >= .10         5
DAYS >= .50         0
DAYS >= 1.00        0
GREATEST
 24 HR. TOTAL    0.55   06/17 TO 06/18

SNOWFALL (INCHES)
TOTALS              T               0.0     0.0
SINCE 7/1       103.5              55.0    48.5
SNOWDEPTH AVG.      0
DAYS >= TRACE       2
DAYS >= 1.0         0
GREATEST
 SNOW DEPTH         0   MM
 24 HR TOTAL        T   06/14 TO 06/14
                        06/04 TO 06/04

DEGREE_DAYS
HEATING TOTAL      89                96      -7
 SINCE 7/1       7166              6782     384
COOLING TOTAL      19                85     -66
 SINCE 1/1         35               102     -67
.................................................

WIND (MPH)
AVERAGE WIND SPEED              9.6
HIGHEST WIND SPEED/DIRECTION    43/290    DATE  06/28
HIGHEST GUST SPEED/DIRECTION    52/280    DATE  06/28

AVERAGE RH (PERCENT)     58

WEATHER CONDITIONS. NUMBER OF DAYS WITH
THUNDERSTORM              0     MIXED PRECIP               0
HEAVY RAIN                2     RAIN                       6
LIGHT RAIN               18     FREEZING RAIN              0
LT FREEZING RAIN          0     HAIL                       2
HEAVY SNOW                0     SNOW                       0
LIGHT SNOW                0     SLEET                      1
FOG                       6     FOG W/VIS <= 1/4 MILE      1
HAZE                      3

-  INDICATES NEGATIVE NUMBERS.
R  INDICATES RECORD WAS SET OR TIED.
MM INDICATES DATA IS MISSING.
T  INDICATES TRACE AMOUNT.

&&

...JUNE 2014 MONTH IN REVIEW FOR BILLINGS...

BELOW IS A SUMMARY OF THE TEMPERATURE...PRECIPITATION...AND WIND
STATISTICS FOR BILLINGS FOR JUNE 2014. ALL TEMPERATURES ARE IN
DEGREES FAHRENHEIT AND ALL PRECIPITATION AMOUNTS ARE IN INCHES. NORMALS
ARE 30 YEAR AVERAGES CALCULATED FROM 1981 TO 2010. MONTHLY RANKINGS
FOR PRECIPITATION...SNOWFALL...AND TEMPERATURES USE A PERIOD OF RECORD
THAT STARTED IN AUGUST 1934 AT THE BILLINGS AIRPORT. MONTHLY RANKINGS
FOR WIND USE A PERIOD OF RECORD THAT STARTED IN 1984.

NUMBERS DENOTED WITH AN * IS MISSING DATA IN THE CALCULATION.

...BILLINGS MONTHLY PRECIPITATION...

 MONTH   2014 VALUES  NORMALS    DEPARTURE  RANKING

JUNE         1.75     2.12       -0.37      40TH WETTEST OUT OF 80 YEARS
                                            (RECORD WETTEST WAS 7.64 IN 1944)
                                            (WETTEST SINCE 5.10 IN 2010)

...BILLINGS JUNE 2014 BROKEN OR TIED DAILY PRECIPITATION RECORDS...

NONE

...BILLINGS MONTHLY SNOWFALL...

 MONTH   2014 VALUES  NORMALS    DEPARTURE  RANKING

JUNE            T       0.0         +T      NOT DETERMINED

...BILLINGS JUNE 2014 BROKEN OR TIED DAILY SNOWFALL RECORDS...

T ON JUNE  4 (TIED RECORD IN 1993)
T ON JUNE 14 (TIED RECORD IN 1970)

...BILLINGS AVERAGE TEMPERATURES...

 MONTH   2014 VALUES  NORMALS   DEPARTURE  RANKING

JUNE         62.4      64.7      -2.3      TIED FOR THE 24TH COLDEST OUT OF 80 YEARS
                                           (RECORD COLDEST WAS 56.9 IN 1951)
                                           (COLDEST SINCE 62.4 IN 2011)

...BILLINGS AVERAGE HIGH TEMPERATURES...

 MONTH   2014 VALUES  NORMALS   DEPARTURE  RANKING

JUNE         73.5      77.2      -3.7      22ND COLDEST OUT OF 80 YEARS
                                           (RECORD COLDEST WAS 67.8 IN 1945)
                                           (COLDEST SINCE 73.4 IN 2009)

...BILLINGS JUNE 2014 BROKEN OR TIED WARMEST DAILY HIGH TEMPERATURE RECORDS...

NONE

...BILLINGS JUNE 2014 BROKEN OR TIED COLDEST DAILY HIGH TEMPERATURE RECORDS...

NONE

...BILLINGS AVERAGE LOW TEMPERATURES...

 MONTH   2014 VALUES  NORMALS   DEPARTURE  RANKING

JUNE         51.2      52.1      -0.9      TIED FOR THE 35TH COLDEST OUT OF 80 YEARS
                                           (RECORD COLDEST WAS 45.3 IN 1951)
                                           (COLDEST SINCE 50.4 IN 2011)

...BILLINGS JUNE 2014 BROKEN OR TIED WARMEST DAILY LOW TEMPERATURE RECORDS...

NONE

...BILLINGS JUNE 2014 BROKEN OR TIED COLDEST DAILY LOW TEMPERATURE RECORDS...

NONE

...BILLINGS MONTHLY WIND AVERAGES...

 MONTH   2014 VALUES  NORMALS    DEPARTURE  RANKING

JUNE          9.6       9.5       +0.1      30TH LEAST WINDIEST OUT OF 65 YEARS
                                            (RECORD LEAST WINDIEST WAS 7.7 IN 1983)
                                            (LEAST WINDIEST SINCE 9.4 IN 2013)

$$
