000
CXUS53 KGRR 020158 CCA
CLMBIV

CLIMATE REPORT...CORRECTED
NATIONAL WEATHER SERVICE GRAND RAPIDS, MI
243 PM EDT SAT AUG 1 2015

...................................

...THE HOLLAND/TULIP CITY MI CLIMATE SUMMARY FOR THE MONTH OF JULY 2015...

CLIMATE NORMAL PERIOD 1981 TO 2010
CLIMATE RECORD PERIOD 1996 TO 2015

WEATHER         OBSERVED          NORMAL  DEPART  LAST YEAR`S
                 VALUE   DATE(S)  VALUE   FROM    VALUE  DATE(S)
                                          NORMAL
................................................................
TEMPERATURE (F)
HIGHEST            91   07/28        MM      MM       91  07/22
LOWEST             51   07/03        MM      MM       50  07/29
                                                          07/25
AVG. MAXIMUM     80.7              82.1    -1.4     77.1
AVG. MINIMUM     60.0              62.7    -2.7     57.7
MEAN             70.4              72.4    -2.0     67.4
DAYS MAX >= 90      2               2.2    -0.2        1
DAYS MAX <= 32      0               0.0     0.0        0
DAYS MIN <= 32      0               0.0     0.0        0
DAYS MIN <= 0       0               0.0     0.0        0

PRECIPITATION (INCHES)
TOTALS             MM              2.83      MM     2.83
DAILY AVG.       0.08              0.09   -0.01     0.09
DAYS >= .01         7                MM      MM       12
DAYS >= .10         3                MM      MM        7
DAYS >= .50         1                MM      MM        1
DAYS >= 1.00        1                MM      MM        0
GREATEST
 24 HR. TOTAL    1.82   07/13 TO 07/14

DEGREE_DAYS
HEATING TOTAL      10                 6       4       22
 SINCE 7/1         10                 6       4       22
COOLING TOTAL     183               235     -52      104
 SINCE 1/1        316               423    -107      326
...................................................

WIND (MPH)
AVERAGE WIND SPEED              6.2
RESULTANT WIND SPEED/DIRECTION   2/245
HIGHEST WIND SPEED/DIRECTION    40/240    DATE  07/13
HIGHEST GUST SPEED/DIRECTION    52/230    DATE  07/13

SKY COVER
POSSIBLE SUNSHINE (PERCENT)   MM
AVERAGE SKY COVER           0.20
NUMBER OF DAYS FAIR           25
NUMBER OF DAYS PC              6
NUMBER OF DAYS CLOUDY          0

AVERAGE RH (PERCENT)     70

WEATHER CONDITIONS. NUMBER OF DAYS WITH
THUNDERSTORM              3     MIXED PRECIP               0
HEAVY RAIN                4     RAIN                       4
LIGHT RAIN                9     FREEZING RAIN              0
LT FREEZING RAIN          0     HAIL                       0
HEAVY SNOW                0     SNOW                       0
LIGHT SNOW                0     SLEET                      0
FOG                      17     FOG W/VIS <= 1/4 MILE      4
HAZE                      3

-  INDICATES NEGATIVE NUMBERS.
R  INDICATES RECORD WAS SET OR TIED.
MM INDICATES DATA IS MISSING.
T  INDICATES TRACE AMOUNT.

&&

JULY 2015 WAS COOLER THAN NORMAL WITH VARIABLE PRECIPITATION THAT
ENDED UP CLOSE TO NORMAL FOR MUCH OF THE AREA.

TEMPERATURES BEGAN JULY BELOW NORMAL IN THE WAKE OF A COLD FRONT.
CANADIAN HIGH PRESSURE MOVED IN AND BROUGHT A TRANQUIL FIRST WEEK
OF JULY TO MICHIGAN.

THE MIDDLE OF JULY SAW ACTIVE WEATHER AND TEMPERATURES CONTINUING
MAINLY BELOW NORMAL. FRONTAL SYSTEMS POURED THROUGH THE REGION
BRINGING BOUTS OF HEAVY RAIN... STRONG WINDS AND SOME SEVERE
WEATHER. THIS INCLUDED A BRIEF TOUCHDOWN OF AN EF0 TORNADO AT 1215
AM JULY 14TH... 3 MILES SOUTH SOUTHWEST OF ALTO IN KENT COUNTY. MANY
TREES WERE ALSO KNOCKED DOWN ACROSS THE AREA DURING THE ACTIVE
WEATHER IN THE MIDDLE OF JULY.

THE LAST 10 DAYS OF JULY WERE RELATIVELY DRY WITH TEMPERATURES
RISING ABOVE NORMAL. HIGH TEMPERATURES OF 90 DEGREES WERE RECORDED
IN MUSKEGON ON JULY 26TH AND IN GRAND RAPIDS ON JULY 28TH. THESE
VALUES ENDED LONG NEAR RECORD PERIODS WITH TEMPERATURES REMAINING
BELOW 90. THE STREAK AT MUSKEGON ENDED AT 737 DAYS AND WAS THE 7TH
LONGEST STREAK. THE GRAND RAPIDS STREAK ENDED AT 685 DAYS AND WAS
THE SECOND LONGEST STREAK. THE LONGEST STREAK FOR GRAND RAPIDS WAS
703 DAYS ENDING IN JUNE OF 1952.

IN LANSING... THE TEMPERATURE HAS YET TO REACH 90 DEGREES THIS YEAR.
THE STREAK IS AT 689 DAYS AS OF THE END OF JULY 2015 AND STANDS AS
THE SECOND LONGEST ON RECORD. THE RECORD... 702 DAYS ENDING IN JULY
1916... WILL FALL IF THE TEMPERATURE DOES NOT REACH 90 DEGREES BY
MID AUGUST.

MUSKEGON WAS THE ONLY SITE TO HAVE A TOP TEN MONTH IN TEMPERATURE OR
PRECIPITATION WITH 5.05 INCHES OF RAIN RECORDED DURING THE MONTH.
THIS WAS THE 7TH WETTEST JULY... WITH THE RECORD BEING FROM 1902
WITH 7.11 INCHES. OVER HALF OF THAT TOTAL... 2.74 INCHES FELL ON THE
SIXTH OF JULY.

$$

63 CAS
