140
CXUS56 KSEW 011046
CLMBLI


CLIMATE REPORT
NATIONAL WEATHER SERVICE SEATTLE WA
346 AM PDT MON AUG 1 2016

...................................

...THE BELLINGHAM WA AIRPORT CLIMATE SUMMARY FOR THE MONTH OF JULY 2016...

CLIMATE NORMAL PERIOD 1981 TO 2010
CLIMATE RECORD PERIOD 1949 TO 2016

WEATHER         OBSERVED          NORMAL  DEPART  LAST YEAR`S
                 VALUE   DATE(S)  VALUE   FROM    VALUE  DATE(S)
                                          NORMAL
................................................................
TEMPERATURE (F)
RECORD
 HIGH              96   07/29/2009
 LOW               32   07/10/1965
HIGHEST            80   07/28        MM      MM       93  07/05
                        07/25
                        07/21
LOWEST             48   07/06        MM      MM       53  07/30
                                                          07/29
AVG. MAXIMUM     72.8              71.2     1.6     76.8
AVG. MINIMUM     55.8              53.5     2.3     57.7
MEAN             64.3              62.3     2.0     67.2
DAYS MAX >= 90      0               0.2    -0.2        1
DAYS MAX <= 32      0               0.0     0.0        0
DAYS MIN <= 32      0               0.0     0.0        0
DAYS MIN <= 0       0               0.0     0.0        0

PRECIPITATION (INCHES)
RECORD
 MAXIMUM         2.86   1982
 MINIMUM         0.00   1960
                        1958
TOTALS           0.65              1.18   -0.53     0.67
DAILY AVG.       0.02              0.04   -0.02     0.02
DAYS >= .01         9               5.7     3.3        4
DAYS >= .10         3               2.5     0.5        2
DAYS >= .50         0               0.6    -0.6        0
DAYS >= 1.00        0               0.1    -0.1        0
GREATEST
 24 HR. TOTAL    0.19   07/09 TO 07/09

DEGREE_DAYS
HEATING TOTAL      41               101     -60       13
COOLING TOTAL      29                19      10       90
 SINCE 1/1         47                23      24      138
.................................................................

WIND (MPH)
AVERAGE WIND SPEED              6.5
HIGHEST WIND SPEED/DIRECTION    20/170    DATE  07/22
HIGHEST GUST SPEED/DIRECTION    29/170    DATE  07/22

SKY COVER
POSSIBLE SUNSHINE (PERCENT)   MM
AVERAGE SKY COVER           0.40
NUMBER OF DAYS FAIR           13
NUMBER OF DAYS PC             12
NUMBER OF DAYS CLOUDY          6

AVERAGE RH (PERCENT)     71

WEATHER CONDITIONS. NUMBER OF DAYS WITH
THUNDERSTORM              0     MIXED PRECIP               0
HEAVY RAIN                0     RAIN                       3
LIGHT RAIN               12     FREEZING RAIN              0
LT FREEZING RAIN          0     HAIL                       0
HEAVY SNOW                0     SNOW                       0
LIGHT SNOW                0     SLEET                      0
FOG                      11     FOG W/VIS <= 1/4 MILE      0
HAZE                      1

-  INDICATES NEGATIVE NUMBERS.
R  INDICATES RECORD WAS SET OR TIED.
MM INDICATES DATA IS MISSING.
T  INDICATES TRACE AMOUNT.

$$
