000
CXUS54 KOHX 011459
CLMBNA

CLIMATE REPORT
NATIONAL WEATHER SERVICE NASHVILLE TN
957 AM CDT TUE SEP 1 2015

...................................

...THE NASHVILLE CLIMATE SUMMARY FOR THE MONTH OF AUGUST 2015...

CLIMATE NORMAL PERIOD 1981 TO 2010
CLIMATE RECORD PERIOD 1871 TO 2015

WEATHER         OBSERVED          NORMAL  DEPART  LAST YEAR`S
                 VALUE   DATE(S)  VALUE   FROM    VALUE
                                          NORMAL
.............................................................
TEMPERATURE (F)
RECORD
 HIGH             106   08/16/2007
 LOW               47   08/31/1946
HIGHEST            97   08/04
LOWEST             57   08/26
                        08/25
AVG. MAXIMUM     87.7              89.0    -1.3
AVG. MINIMUM     66.8              68.4    -1.6
MEAN             77.2              78.7    -1.5     79.6
DAYS MAX >= 90     11
DAYS MAX <= 32      0
DAYS MIN <= 32      0
DAYS MIN <= 0       0

PRECIPITATION (INCHES)
RECORD
 MAXIMUM         9.60   1923
 MINIMUM         0.51   1929
TOTALS           2.99              3.17   -0.18
DAYS >= .01         9
DAYS >= .10         7
DAYS >= .50         2
DAYS >= 1.00        1
GREATEST
 24 HR. TOTAL    1.13   08/05 TO 08/06

SNOWFALL (INCHES)
TOTALS            0.0               0.0     0.0
SINCE 7/1         0.0                       0.0
DAYS >= TRACE       0
DAYS >= 1.0         0

DEGREE_DAYS
HEATING TOTAL       0                 0       0
 SINCE 7/1          0                 0       0
COOLING TOTAL     387               425     -38
 SINCE 1/1       1535              1374     161
..............................................................

WIND (MPH)
AVERAGE WIND SPEED              4.6
HIGHEST GUST SPEED/DIRECTION    30/110    DATE  08/14

SKY COVER
POSSIBLE SUNSHINE (PERCENT)   MM
AVERAGE SKY COVER           0.50
NUMBER OF DAYS FAIR           11
NUMBER OF DAYS PC             16
NUMBER OF DAYS CLOUDY          4

AVERAGE RH (PERCENT)     67

WEATHER CONDITIONS. NUMBER OF DAYS WITH
THUNDERSTORM              6     MIXED PRECIP               0
HEAVY RAIN                4     RAIN                       4
LIGHT RAIN               10     FREEZING RAIN              0
LT FREEZING RAIN          0     HAIL                       0
HEAVY SNOW                0     SNOW                       0
LIGHT SNOW                0     SLEET                      0
FOG                      10     FOG W/VIS <= 1/4 MILE      1
HAZE                      6

-  INDICATES NEGATIVE NUMBERS.
R  INDICATES RECORD WAS SET OR TIED.
MM INDICATES DATA IS MISSING.
T  INDICATES TRACE AMOUNT.

$$
BOYD
01
