000
CXUS56 KBOI 011740
CLMBNO


CLIMATE REPORT
NATIONAL WEATHER SERVICE BOISE ID
1040 AM MST SUN JAN 1 2017

...................................

...THE BURNS OR CLIMATE SUMMARY FOR THE MONTH OF DECEMBER 2016...

CLIMATE NORMAL PERIOD 1981 TO 2010
CLIMATE RECORD PERIOD 1938 TO 2016

WEATHER         OBSERVED          NORMAL  DEPART
                 VALUE   DATE(S)  VALUE   FROM
                                          NORMAL
................................................
TEMPERATURE (F)
HIGHEST            46   12/04        MM      MM
LOWEST            -16   12/17        MM      MM
AVG. MAXIMUM     29.7              34.3    -4.6
AVG. MINIMUM      5.5              14.0    -8.5
MEAN             18.2              24.2    -6.0
DAYS MAX >= 90      0
DAYS MAX <= 32     19
DAYS MIN <= 32     30
DAYS MIN <= 0      10

PRECIPITATION (INCHES)
RECORD
 MAXIMUM       993.88   1981
TOTALS           1.72              1.55    0.17
DAYS >= .01        12
DAYS >= .10         5
DAYS >= .50         1
DAYS >= 1.00        0
GREATEST
 24 HR. TOTAL    0.90   12/07 TO 12/08
                        12/08 TO 12/08
                        12/08 TO 12/09

DEGREE_DAYS
HEATING TOTAL    1349              1266      83
 SINCE 7/1       3162              3267    -105
COOLING TOTAL       0                 0       0
 SINCE 1/1        226               215      11
.................................................

WIND (MPH)
AVERAGE WIND SPEED              5.0
RESULTANT WIND SPEED/DIRECTION   2/284
HIGHEST WIND SPEED/DIRECTION    31/240    DATE  12/04
HIGHEST GUST SPEED/DIRECTION    40/230    DATE  12/04

AVERAGE RH (PERCENT)     78


-  INDICATES NEGATIVE NUMBERS.
R  INDICATES RECORD WAS SET OR TIED.
MM INDICATES DATA IS MISSING.
T  INDICATES TRACE AMOUNT.

$$
