000
CXUS55 KBOI 012220
CLMBOI

CLIMATE REPORT
NATIONAL WEATHER SERVICE BOISE ID
300 PM MST SUN FEB 1 2015

...................................

...THE BOISE ID CLIMATE SUMMARY FOR THE MONTH OF JANUARY 2015...

FOG AND LOW CLOUDS WERE THE PREDOMINANT FEATURES OF JANUARY/S
WEATHER. ONLY SIX DAYS WERE MOSTLY SUNNY. A RIDGE OF HIGH PRESSURE
ALOFT...PLUS HIGH PRESSURE AT THE SURFACE...CREATED FAVORABLE
CONDITIONS FOR THE TEMPERATURE INVERSION WHICH PERSISTED THROUGH
MOST OF THE MONTH. HIGHER ELEVATIONS WERE UNSEASONABLY WARM...WHILE
AT BOISE THE MONTHLY AVERAGE TEMPERATURE WAS CLOSE TO NORMAL. THERE
WERE NO UNUSUALLY WARM OR COLD READINGS. WHILE LOWS WERE BELOW
FREEZING ON ALL BUT ONE NIGHT...HIGHS FAILED TO REACH THE FREEZING
MARK ON ONLY THE FIRST THREE DAYS OF THE MONTH. THE RIDGE
OCCASIONALLY WEAKENED ENOUGH TO ALLOW PACIFIC MOISTURE TO BRING
MEASURABLE PRECIPITATION. BUT THERE WERE NO MAJOR WEATHER SYSTEMS...
SO PRECIPITATION TOTALED ONLY 70 PERCENT OF NORMAL...AND SNOWFALL
WAS BARELY OVER AN INCH.

CLIMATE NORMAL PERIOD 1981 TO 2010
CLIMATE RECORD PERIOD 1878 TO 2015

WEATHER         OBSERVED          NORMAL  DEPART  LAST YEAR`S
                 VALUE   DATE(S)  VALUE   FROM    VALUE
                                          NORMAL
.............................................................
TEMPERATURE (F)
HIGHEST            50   01/18
LOWEST              6   01/01
AVG. MAXIMUM     37.5              37.8    -0.3
AVG. MINIMUM     25.9              24.7     1.2
MEAN             31.7              31.3     0.4
DAYS MAX >= 90      0
DAYS MAX <= 32      5
DAYS MIN <= 32     30
DAYS MIN <= 0       0

PRECIPITATION (INCHES)
RECORD
 MAXIMUM         5.29   1875
TOTALS           0.84              1.24   -0.40
DAYS >= .01        10
DAYS >= .10         4
DAYS >= .50         0
DAYS >= 1.00        0
GREATEST
 24 HR. TOTAL    0.34   01/16 TO 01/16


SNOWFALL (INCHES)
TOTALS            1.1
SINCE 7/1        13.1
GREATEST
 SNOW DEPTH         3   01/05
                        01/02
                        01/01
 24 HR TOTAL      0.8   MM

DEGREE_DAYS
HEATING TOTAL    1024              1046     -22     1063
 SINCE 7/1       3013              3361    -348
COOLING TOTAL       0                 0       0        0
 SINCE 1/1          0                 0       0
..............................................................

WIND (MPH)
AVERAGE WIND SPEED              3.5
RESULTANT WIND SPEED/DIRECTION   1/163
HIGHEST WIND SPEED/DIRECTION    22/120    DATE  01/18
HIGHEST GUST SPEED/DIRECTION    28/120    DATE  01/18

SKY COVER
POSSIBLE SUNSHINE (PERCENT)   MM

AVERAGE RH (PERCENT)     84


-  INDICATES NEGATIVE NUMBERS.
R  INDICATES RECORD WAS SET OR TIED.
MM INDICATES DATA IS MISSING.
T  INDICATES TRACE AMOUNT.

$$
