000
CXUS53 KDVN 011021
CLMBRL


CLIMATE REPORT
NATIONAL WEATHER SERVICE QUAD CITIES IA IL
513 AM CDT SUN MAY 1 2016

...................................

...THE BURLINGTON IA CLIMATE SUMMARY FOR THE MONTH OF APRIL 2016...

CLIMATE NORMAL PERIOD 1981 TO 2010
CLIMATE RECORD PERIOD 1897 TO 2016

WEATHER         OBSERVED          NORMAL  DEPART
                 VALUE   DATE(S)  VALUE   FROM
                                          NORMAL
................................................
TEMPERATURE (F)
RECORD
 HIGH              93   04/10/1930
 LOW               11   04/06/1982
HIGHEST            82   04/25        70      12
LOWEST             24   04/09        38     -14
AVG. MAXIMUM     62.9              64.8    -1.9
AVG. MINIMUM     42.8              42.7     0.1
MEAN             52.8              53.8    -1.0
DAYS MAX >= 90      0
DAYS MAX <= 32      0
DAYS MIN <= 32      6
DAYS MIN <= 0       0

PRECIPITATION (INCHES)
TOTALS           3.26              3.76   -0.50
DAILY AVG.       0.11              0.13   -0.02
DAYS >= .01        11
DAYS >= .10         8
DAYS >= .50         3
DAYS >= 1.00        0
GREATEST
 24 HR. TOTAL    0.75   04/30 TO 04/30

DEGREE_DAYS
HEATING TOTAL     374               356      18
 SINCE 7/1       4838              5462    -624
COOLING TOTAL      17                18      -1
 SINCE 1/1         18                20      -2
.................................................

WIND (MPH)
AVERAGE WIND SPEED              10.3
HIGHEST WIND SPEED/DIRECTION    36/240    DATE  04/03
HIGHEST GUST SPEED/DIRECTION    50/320    DATE  04/02

SKY COVER
POSSIBLE SUNSHINE (PERCENT)   MM
AVERAGE SKY COVER           0.40
NUMBER OF DAYS FAIR           18
NUMBER OF DAYS PC              5
NUMBER OF DAYS CLOUDY          7

AVERAGE RH (PERCENT)     68

WEATHER CONDITIONS. NUMBER OF DAYS WITH
THUNDERSTORM              6     HAIL                       0
SLEET                     0     FOG                       13
FOG W/VIS <= 1/4 MILE     3     HAZE                       7

-  INDICATES NEGATIVE NUMBERS.
R  INDICATES RECORD WAS SET OR TIED.
MM INDICATES DATA IS MISSING.
T  INDICATES TRACE AMOUNT.

$$

GROSS
