000
CXUS53 KDVN 011000
CLMBRL


CLIMATE REPORT
NATIONAL WEATHER SERVICE QUAD CITIES IA IL
500 AM CDT SAT APR 1 2017

...................................

...THE BURLINGTON IA CLIMATE SUMMARY FOR THE MONTH OF MARCH 2017...

CLIMATE NORMAL PERIOD 1981 TO 2010
CLIMATE RECORD PERIOD 1897 TO 2017

WEATHER         OBSERVED          NORMAL  DEPART
                 VALUE   DATE(S)  VALUE   FROM
                                          NORMAL
................................................
TEMPERATURE (F)
RECORD
 HIGH              88   03/29/1986
                        03/23/1910
                        03/21/1907
 LOW              -13   03/05/1960
HIGHEST            77   03/24        59      18
LOWEST             13   03/15        26     -13
AVG. MAXIMUM     51.1              51.5    -0.4
AVG. MINIMUM     33.9              31.7     2.2
MEAN             42.5              41.6     0.9
DAYS MAX >= 90      0
DAYS MAX <= 32      2
DAYS MIN <= 32     12
DAYS MIN <= 0       0

PRECIPITATION (INCHES)
TOTALS           2.98              2.79    0.19
DAILY AVG.       0.10              0.09    0.01
DAYS >= .01        13
DAYS >= .10         6
DAYS >= .50         3
DAYS >= 1.00        0
GREATEST
 24 HR. TOTAL    1.34   03/29 TO 03/30

DEGREE_DAYS
HEATING TOTAL     691               728     -37
 SINCE 7/1       4385              5106    -721
COOLING TOTAL       0                 2      -2
 SINCE 1/1          0                 2      -2
.................................................

WIND (MPH)
AVERAGE WIND SPEED              11.0
HIGHEST WIND SPEED/DIRECTION    39/250    DATE  03/06
HIGHEST GUST SPEED/DIRECTION    55/250    DATE  03/06

SKY COVER
POSSIBLE SUNSHINE (PERCENT)   MM
AVERAGE SKY COVER           0.50
NUMBER OF DAYS FAIR           10
NUMBER OF DAYS PC             10
NUMBER OF DAYS CLOUDY         11

AVERAGE RH (PERCENT)     67

WEATHER CONDITIONS. NUMBER OF DAYS WITH
THUNDERSTORM              4     HAIL                       0
SLEET                     0     FOG                       15
FOG W/VIS <= 1/4 MILE     0     HAZE                       5

-  INDICATES NEGATIVE NUMBERS.
R  INDICATES RECORD WAS SET OR TIED.
MM INDICATES DATA IS MISSING.
T  INDICATES TRACE AMOUNT.

$$


NOTE: SUPPLEMENTAL CLIMATE DATA WAS USED FROM A NEARBY
CLIMATOLOGICALLY REPRESENTATIVE STATION.
