000
CXUS44 KBRO 011146
CLMBRO


CLIMATE REPORT
NATIONAL WEATHER SERVICE BROWNSVILLE TX
643 AM CDT MON AUG 1 2016

...................................

...THE BROWNSVILLE CLIMATE SUMMARY FOR THE MONTH OF JULY 2016...

CLIMATE NORMAL PERIOD 1981 TO 2010
CLIMATE RECORD PERIOD 1878 TO 2016

WEATHER         OBSERVED          NORMAL  DEPART  LAST YEAR`S
                 VALUE   DATE(S)  VALUE   FROM    VALUE  DATE(S)
                                          NORMAL
................................................................
TEMPERATURE (F)
HIGHEST            97   07/29        97       0       MM  MM
                        07/25
                        07/13
LOWEST             76   07/22        72       4       MM  MM
                        07/21
AVG. MAXIMUM     95.6              93.6     2.0       MM
AVG. MINIMUM     78.9              76.3     2.6       MM
MEAN             87.2              84.9     2.3       MM
DAYS MAX >= 90     31              28.0     3.0       MM
DAYS MAX <= 32      0               0.0     0.0        0
DAYS MIN <= 32      0               0.0     0.0        0
DAYS MIN <= 0       0               0.0     0.0        0

PRECIPITATION (INCHES)
TOTALS           0.18              2.04   -1.86     2.36
DAILY AVG.       0.01              0.07   -0.06     0.08
DAYS >= .01         1               5.3    -4.3        3
DAYS >= .10         1               2.9    -1.9        2
DAYS >= .50         0               1.1    -1.1        2
DAYS >= 1.00        0               0.6    -0.6        1
GREATEST
 24 HR. TOTAL    0.18   07/22 TO 07/22

DEGREE_DAYS
HEATING TOTAL       0                 0       0        0
 SINCE 7/1          0                 0       0        0
COOLING TOTAL     697               618      79      205
 SINCE 1/1       2422              2278     144     1840
.................................................................

WIND (MPH)
AVERAGE WIND SPEED              13.6
HIGHEST WIND SPEED/DIRECTION    31/180    DATE  07/04
HIGHEST GUST SPEED/DIRECTION    38/180    DATE  07/04

SKY COVER
AVERAGE SKY COVER           0.20
NUMBER OF DAYS FAIR           28
NUMBER OF DAYS PC              3
NUMBER OF DAYS CLOUDY          0

AVERAGE RH (PERCENT)     73

WEATHER CONDITIONS. NUMBER OF DAYS WITH
THUNDERSTORM              0     MIXED PRECIP               0
HEAVY RAIN                1     RAIN                       0
LIGHT RAIN                2     FREEZING RAIN              0
LT FREEZING RAIN          0     HAIL                       0
HEAVY SNOW                0     SNOW                       0
LIGHT SNOW                0     SLEET                      0
FOG                       0     FOG W/VIS <= 1/4 MILE      0
HAZE                      0

-  INDICATES NEGATIVE NUMBERS.
R  INDICATES RECORD WAS SET OR TIED.
MM INDICATES DATA IS MISSING.
T  INDICATES TRACE AMOUNT.

$$
