000
CXUS53 KGRR 011855 CCA
CLMBTL

CLIMATE REPORT
NATIONAL WEATHER SERVICE GRAND RAPIDS, MI
212 PM EDT FRI MAY 1 2015

...................................

...THE BATTLE CREEK MI CLIMATE SUMMARY FOR THE MONTH OF APRIL 2015...

CLIMATE NORMAL PERIOD 1981 TO 2010
CLIMATE RECORD PERIOD 1998 TO 2015

WEATHER         OBSERVED          NORMAL  DEPART  LAST YEAR`S
                 VALUE   DATE(S)  VALUE   FROM    VALUE  DATE(S)
                                          NORMAL
................................................................
TEMPERATURE (F)
HIGHEST            77   04/17        MM      MM       77  04/21
LOWEST             22   04/04        MM      MM       21  04/16
AVG. MAXIMUM     60.3              60.1     0.2     59.0
AVG. MINIMUM     37.2              36.1     1.1     36.1
MEAN             48.7              48.1     0.6     47.5
DAYS MAX >= 90      0               0.0     0.0        0
DAYS MAX <= 32      0               0.3    -0.3        0
DAYS MIN <= 32      7              10.4    -3.4       12
DAYS MIN <= 0       0               0.0     0.0        0

PRECIPITATION (INCHES)
TOTALS           1.80              2.80   -1.00     2.33
DAILY AVG.       0.06              0.09   -0.03     0.08
DAYS >= .01        10              11.3    -1.3       12
DAYS >= .10         6               6.3    -0.3        7
DAYS >= .50         1               1.7    -0.7        1
DAYS >= 1.00        0               0.5    -0.5        0
GREATEST
 24 HR. TOTAL    0.78   04/19 TO 04/20

DEGREE_DAYS
HEATING TOTAL     478               514     -36      517
 SINCE 7/1       6641              6389     252     7140
COOLING TOTAL       0                 7      -7        0
 SINCE 1/1          0                 7      -7        0
.....................................................

WIND (MPH)
AVERAGE WIND SPEED              9.7
RESULTANT WIND SPEED/DIRECTION   2/275
HIGHEST WIND SPEED/DIRECTION    38/270    DATE  04/10
HIGHEST GUST SPEED/DIRECTION    48/280    DATE  04/10

SKY COVER
POSSIBLE SUNSHINE (PERCENT)   MM
AVERAGE SKY COVER           0.50
NUMBER OF DAYS FAIR           12
NUMBER OF DAYS PC              9
NUMBER OF DAYS CLOUDY          9

AVERAGE RH (PERCENT)     61

WEATHER CONDITIONS. NUMBER OF DAYS WITH
THUNDERSTORM              2     MIXED PRECIP               0
HEAVY RAIN                2     RAIN                       4
LIGHT RAIN               15     FREEZING RAIN              0
LT FREEZING RAIN          0     HAIL                       0
HEAVY SNOW                0     SNOW                       0
LIGHT SNOW                1     SLEET                      0
FOG                      10     FOG W/VIS <= 1/4 MILE      2
HAZE                      2

-  INDICATES NEGATIVE NUMBERS.
R  INDICATES RECORD WAS SET OR TIED.
MM INDICATES DATA IS MISSING.
T  INDICATES TRACE AMOUNT.

&&

APRIL 2015 FEATURED TEMPERATURES WHICH AVERAGED OUT TO NEAR NORMAL.
PRECIPITATION WAS ABOVE NORMAL IN PORTIONS OF CENTRAL AND WESTERN
LOWER MICHIGAN... AND NEAR TO BELOW NORMAL IN SOUTHERN LOWER
MICHIGAN. SNOWFALL WAS BELOW NORMAL... TOTALING ABOUT 2 INCHES IN
PARTS OF CENTRAL MICHIGAN... AND LIGHT ACCUMULATIONS OR A TRACE NEAR
AND SOUTH OF MUSKEGON... GRAND RAPIDS... AND LANSING.

THE FIRST 20 DAYS OF APRIL WERE GENERALLY NEAR TO SOMEWHAT ABOVE
NORMAL... WITH A MIXTURE OF WARM AND COOL DAYS. A BAND OF
ACCUMULATING SNOW OCCURRED IN CENTRAL MICHIGAN THE MORNING OF APRIL
5. THE FIRST SEVERE THUNDERSTORM EVENT OF THE YEAR THEN FOLLOWED ON
APRIL 9... WHEN A STRONG LOW PRESSURE SYSTEM IN THE MIDWEST SPAWNED
TORNADOES IN ILLINOIS AND A LINE OF THUNDERSTORMS WITH SPORADIC WIND
GUSTS IN WEST MICHIGAN. ESTIMATED 70 TO 80 MPH GUSTS DESTROYED A
METAL STORAGE BUILDING IN DOWNTOWN MUSKEGON AND A STORAGE BARN NORTH
OF SPARTA. A NUMBER OF TREES FELL IN MUSKEGON... NEWAYGO... AND
MONTCALM COUNTIES FROM ISOLATED STRONG WIND GUSTS. DAILY RAINFALL
RECORDS WERE SET AT GRAND RAPIDS AND MUSKEGON AS 2 TO 4 INCHES OF
RAIN FELL IN THE AREA BETWEEN GRAND RAPIDS AND PENTWATER... CAUSING
MINOR RIVER AND LOWLAND FLOODING. MANY LOCATIONS THEN EXPERIENCED
THEIR FIRST 70 DEGREE DAY OF THE YEAR IN MID-APRIL.

A SHOT OF COLD AIR ENVELOPED THE GREAT LAKES FOR A FEW DAYS AFTER
APRIL 20. LANSING TIED A RECORD COLD HIGH TEMPERATURE OF 39 DEGREES
ON APRIL 22... AND GRAND RAPIDS SET A RECORD COLD LOW TEMPERATURE OF
25 DEGREES ON APRIL 24. SHOWERS CONTAINING RAIN... SNOW... OR
GRAUPEL PROVIDED SOME LOCATIONS WITH MINOR ACCUMULATIONS OF FROZEN
PRECIPITATION DURING THIS PERIOD. THE WEATHER SETTLED DOWN AND
TEMPERATURES MODERATED CLOSER TO NORMAL FOR THE FINAL SEVERAL DAYS
OF THE MONTH.

$$

CAS
