000
CXUS55 KMSO 011543
CLMBTM


CLIMATE REPORT
NATIONAL WEATHER SERVICE MISSOULA, MT
943 AM MDT SAT AUG 1 2015

...................................

...THE BUTTE MT CLIMATE SUMMARY FOR THE MONTH OF JULY 2015...

CLIMATE NORMAL PERIOD 1981 TO 2010
CLIMATE RECORD PERIOD 1895 TO 2015

WEATHER         OBSERVED          NORMAL  DEPART  LAST YEAR`S
                 VALUE   DATE(S)  VALUE   FROM    VALUE
                                          NORMAL
.............................................................
TEMPERATURE (F)
RECORD
 HIGH             100   07/22/1931
 LOW               28   07/07/1971
HIGHEST            90   07/04        MM      MM       88
LOWEST             36   07/29        MM      MM       36
AVG. MAXIMUM     77.8              80.7    -2.9     82.9
AVG. MINIMUM     46.4              45.7     0.7     48.0
MEAN             62.1              63.2    -1.1     65.5
DAYS MAX >= 90      1               3.4    -2.4        0
DAYS MAX <= 32      0               0.0     0.0        0
DAYS MIN <= 32      0               0.2    -0.2        0
DAYS MIN <= 0       0               0.0     0.0        0

PRECIPITATION (INCHES)
RECORD
 MAXIMUM         4.38   1937
 MINIMUM         0.04   1953
TOTALS           1.86              1.35    0.51     0.69
DAILY AVG.       0.06              0.04    0.02     0.02
DAYS >= .01        12               9.0     3.0        7
DAYS >= .10         3               4.4    -1.4        3
DAYS >= .50         2               0.4     1.6        0
DAYS >= 1.00        0               0.2    -0.2        0
GREATEST
 24 HR. TOTAL    0.76   07/27 TO 07/27              0.24

DEGREE_DAYS
HEATING TOTAL     104               100       4
 SINCE 7/1        104               100       4
COOLING TOTAL      21                44     -23
 SINCE 1/1         67                51      16
..............................................................

WIND (MPH)
AVERAGE WIND SPEED              5.9
HIGHEST WIND SPEED/DIRECTION    36/210    DATE  07/25
HIGHEST GUST SPEED/DIRECTION    47/190    DATE  07/25

SKY COVER
POSSIBLE SUNSHINE (PERCENT)   MM
AVERAGE SKY COVER           0.30
NUMBER OF DAYS FAIR           18
NUMBER OF DAYS PC             12
NUMBER OF DAYS CLOUDY          1

AVERAGE RH (PERCENT)     54

WEATHER CONDITIONS. NUMBER OF DAYS WITH
THUNDERSTORM              0     MIXED PRECIP               0
HEAVY RAIN                2     RAIN                       4
LIGHT RAIN               17     FREEZING RAIN              0
LT FREEZING RAIN          0     HAIL                       0
HEAVY SNOW                0     SNOW                       0
LIGHT SNOW                0     SLEET                      0
FOG                       4     FOG W/VIS <= 1/4 MILE      0
HAZE                      2

-  INDICATES NEGATIVE NUMBERS.
R  INDICATES RECORD WAS SET OR TIED.
MM INDICATES DATA IS MISSING.
T  INDICATES TRACE AMOUNT.

$$
