000
CXUS51 KBTV 011417
CLMBTV


CLIMATE REPORT
NATIONAL WEATHER SERVICE BURLINGTON VT
1012 AM EDT SAT APR 1 2017

...................................

...THE BURLINGTON VT CLIMATE SUMMARY FOR THE MONTH OF MARCH 2017...

CLIMATE NORMAL PERIOD 1981 TO 2010
CLIMATE RECORD PERIOD 1884 TO 2017

WEATHER         OBSERVED          NORMAL  DEPART  LAST YEAR`S
                 VALUE   DATE(S)  VALUE   FROM    VALUE  DATE(S)
                                          NORMAL
................................................................
TEMPERATURE (F)
RECORD
 HIGH              84   03/31/1998
                        03/29/1946
 LOW              -24   03/04/1938
HIGHEST            63   03/01        39      24       70  03/09
LOWEST              0   03/11        22     -22        5  03/03
AVG. MAXIMUM     35.7              40.0    -4.3     46.2
AVG. MINIMUM     19.1              22.0    -2.9     27.3
MEAN             27.4              31.0    -3.6     36.7
DAYS MAX >= 90      0               0.0     0.0        0
DAYS MAX <= 32     10               7.0     3.0        4
DAYS MIN <= 32     25              25.2    -0.2       22
DAYS MIN <= 0       1               1.3    -0.3        0

PRECIPITATION (INCHES)
RECORD
 MAXIMUM         4.53   1913
 MINIMUM         0.22   1915
TOTALS           3.27              2.22    1.05     2.26
DAILY AVG.       0.11              0.07    0.04     0.07
DAYS >= .01        15              12.9     2.1       13
DAYS >= .10         7               6.1     0.9        7
DAYS >= .50         3               1.2     1.8        1
DAYS >= 1.00        0               0.1    -0.1        0
GREATEST
 24 HR. TOTAL    0.79   03/14 TO 03/14           03/28 TO 03/29
                                                          03/29 TO 03/29
                                                          03/29 TO 03/29
 STORM TOTAL       MM                                 MM
 (MM/DD(HH))            MM                    03/29(00) TO 03/29(00)
                                                 03/29(00) TO 03/29(00)9
                                                 03/29(00) TO 03/29(00)9

SNOWFALL (INCHES)
RECORDS
 TOTAL           47.6   5
                        0
                        -26215
TOTALS           36.8              15.8    21.0      1.8
SINCE 7/1        96.0              76.6    19.4     30.8
SNOWDEPTH AVG.      4                 6      -2        0
DAYS >= 1.0         4               3.7     0.3        0
GREATEST
 SNOW DEPTH        20   03/15                          0  MM
 24 HR TOTAL     17.8   MM                       03/29 TO 03/29
                                                          03/29 TO 03/29
                                                          03/29 TO 03/29

DEGREE_DAYS
HEATING TOTAL    1157              1054     103      867
 SINCE 7/1       5535              6464    -929     5251
COOLING TOTAL       0                 0       0        0
 SINCE 1/1          0                 0       0        0
..........................................................

WIND (MPH)
AVERAGE WIND SPEED              9.7
HIGHEST WIND SPEED/DIRECTION    32/320    DATE  03/22
HIGHEST GUST SPEED/DIRECTION    48/240    DATE  03/08

SKY COVER
POSSIBLE SUNSHINE (PERCENT)   MM
AVERAGE SKY COVER           0.70
NUMBER OF DAYS FAIR            5
NUMBER OF DAYS PC              9
NUMBER OF DAYS CLOUDY         17

AVERAGE RH (PERCENT)     61

WEATHER CONDITIONS. NUMBER OF DAYS WITH
THUNDERSTORM              0     MIXED PRECIP               1
HEAVY RAIN                1     RAIN                       2
LIGHT RAIN               11     FREEZING RAIN              0
LT FREEZING RAIN          0     HAIL                       0
HEAVY SNOW                5     SNOW                       8
LIGHT SNOW               15     SLEET                      1
FOG                      15     FOG W/VIS <= 1/4 MILE      4
HAZE                      9

-  INDICATES NEGATIVE NUMBERS.
R  INDICATES RECORD WAS SET OR TIED.
MM INDICATES DATA IS MISSING.
T  INDICATES TRACE AMOUNT.

$$
