000
CXUS51 KBTV 011350 CCA
CLMBTV

CLIMATE REPORT...CORRECTED STORM TOTAL PRECIP, SNOW
NATIONAL WEATHER SERVICE BURLINGTON VT
950 AM EDT SUN MAY 1 2016

...................................

...THE BURLINGTON VT CLIMATE SUMMARY FOR THE MONTH OF APRIL 2016...

CLIMATE NORMAL PERIOD 1981 TO 2010
CLIMATE RECORD PERIOD 1884 TO 2016

WEATHER         OBSERVED          NORMAL  DEPART  LAST YEAR`S
                 VALUE   DATE(S)  VALUE   FROM    VALUE  DATE(S)
                                          NORMAL
................................................................
TEMPERATURE (F)
RECORD
 HIGH              91   04/19/1976
                        04/18/1976
 LOW                2   04/07/1972
HIGHEST            76   04/21        54      22       75  04/13
LOWEST             14   04/05        34     -20       20  04/01
AVG. MAXIMUM     52.3              54.7    -2.4     55.1
AVG. MINIMUM     30.9              34.8    -3.9     34.4
MEAN             41.6              44.8    -3.2     44.8
DAYS MAX >= 90      0               0.0     0.0        0
DAYS MAX <= 32      1               0.3     0.7        0
DAYS MIN <= 32     18              11.6     6.4       12
DAYS MIN <= 0       0               0.0     0.0        0

PRECIPITATION (INCHES)
RECORD
 MAXIMUM         7.88   2011
 MINIMUM         0.60   1896
TOTALS           1.80              2.82   -1.02     2.64
DAILY AVG.       0.06              0.09   -0.03     0.09
DAYS >= .01        12              12.8    -0.8       12
DAYS >= .10         6               7.3    -1.3        9
DAYS >= .50         0               1.7    -1.7        1
DAYS >= 1.00        0               0.2    -0.2        0
GREATEST
 24 HR. TOTAL    0.57   04/07 TO 04/08                 MM
 STORM TOTAL       MM

SNOWFALL (INCHES)
RECORDS
 TOTAL           21.3   5
                        0
                        -26215
TOTALS            3.5               4.6    -1.1      3.1
SINCE 7/1        34.3              81.2   -46.9     83.4
SNOWDEPTH AVG.      0                MM      MM        0
DAYS >= 1.0         1               1.3    -0.3        1
GREATEST
 SNOW DEPTH         1   04/07                          2  04/09
 24 HR TOTAL      2.1   04/26                          MM

DEGREE_DAYS
HEATING TOTAL     696               610      86      599
 SINCE 7/1       5947              7074   -1127     7306
COOLING TOTAL       0                 2      -2        0
 SINCE 1/1          0                 2      -2        0
..................................................

WIND (MPH)
AVERAGE WIND SPEED              8.4
HIGHEST WIND SPEED/DIRECTION    29/320    DATE  04/03
HIGHEST GUST SPEED/DIRECTION    38/180    DATE  04/11

SKY COVER
POSSIBLE SUNSHINE (PERCENT)   MM
AVERAGE SKY COVER           0.50
NUMBER OF DAYS FAIR           11
NUMBER OF DAYS PC             14
NUMBER OF DAYS CLOUDY          5

AVERAGE RH (PERCENT)     53

WEATHER CONDITIONS. NUMBER OF DAYS WITH
THUNDERSTORM              0     MIXED PRECIP               0
HEAVY RAIN                0     RAIN                       4
LIGHT RAIN               12     FREEZING RAIN              0
LT FREEZING RAIN          0     HAIL                       0
HEAVY SNOW                1     SNOW                       2
LIGHT SNOW                6     SLEET                      0
FOG                      13     FOG W/VIS <= 1/4 MILE      1
HAZE                      2

-  INDICATES NEGATIVE NUMBERS.
R  INDICATES RECORD WAS SET OR TIED.
MM INDICATES DATA IS MISSING.
T  INDICATES TRACE AMOUNT.

$$
