000
CXUS51 KBUF 011812
CLMBUF


CLIMATE REPORT
NATIONAL WEATHER SERVICE BUFFALO NY
209 PM EDT WED OCT 1 2014

...................................

...THE BUFFALO NY CLIMATE SUMMARY FOR THE MONTH OF SEPTEMBER 2014...

CLIMATE NORMAL PERIOD 1981 TO 2010
CLIMATE RECORD PERIOD 1871 TO 2014

WEATHER         OBSERVED          NORMAL  DEPART  LAST YEAR`S
                 VALUE   DATE(S)  VALUE   FROM    VALUE  DATE(S)
                                          NORMAL
................................................................
TEMPERATURE (F)
RECORD
 HIGH              98   09/03/1953
 LOW               32   09/30/1991
                        09/24/1963
                        09/28/1957
HIGHEST            86   09/05                         86  09/11
LOWEST             41   09/19                         37  09/17
AVG. MAXIMUM     72.6              71.1     1.5     71.0
AVG. MINIMUM     53.8              53.4     0.4     51.8
MEAN             63.2              62.2     1.0     61.4
DAYS MAX >= 90      0               0.1    -0.1        0
DAYS MAX <= 32      0               0.0     0.0        0
DAYS MIN <= 32      0               0.0     0.0        0
DAYS MIN <= 0       0               0.0     0.0        0

PRECIPITATION (INCHES)
RECORD
 MAXIMUM         8.99   1977
 MINIMUM         0.31   1897
TOTALS           3.13              3.90   -0.77     3.53
DAYS >= .01        11                                 10
DAYS >= .10         6                                  5
DAYS >= .50         3                                  1
DAYS >= 1.00        1                                  1
GREATEST
 24 HR. TOTAL    1.47   09/05 TO 09/06

SNOWFALL (INCHES)
RECORDS
 TOTAL              T   1956
                        1950
TOTALS            0.0               0.0     0.0      0.0
SINCE 7/1         0.0               0.0     0.0
SNOWDEPTH AVG.      0                MM      MM        0
DAYS >= 1.0         0               0.0     0.0        0
GREATEST
 SNOW DEPTH         0   MM                             0  MM
 24 HR TOTAL      0.0

DEGREE_DAYS
HEATING TOTAL     108               135     -27      152
 SINCE 7/1        130               162     -32      168
COOLING TOTAL      61                53       8       51
 SINCE 1/1        507               540     -33      603
..................................................

WIND (MPH)
AVERAGE WIND SPEED              8.0
HIGHEST WIND SPEED/DIRECTION    33/200
HIGHEST GUST SPEED/DIRECTION    43/240    DATE  09/21

SKY COVER
POSSIBLE SUNSHINE (PERCENT)   MM
NUMBER OF DAYS FAIR            9
NUMBER OF DAYS PC             15
NUMBER OF DAYS CLOUDY          6

AVERAGE RH (PERCENT)     69

WEATHER CONDITIONS. NUMBER OF DAYS WITH
THUNDERSTORM              3     MIXED PRECIP               0
HEAVY RAIN                5     RAIN                       4
LIGHT RAIN               12     FREEZING RAIN              0
LT FREEZING RAIN          0     HAIL                       0
HEAVY SNOW                0     SNOW                       0
LIGHT SNOW                0     SLEET                      0
FOG                      14     FOG W/VIS <= 1/4 MILE      0
HAZE                      4

-  INDICATES NEGATIVE NUMBERS.
R  INDICATES RECORD WAS SET OR TIED.
MM INDICATES DATA IS MISSING.
T  INDICATES TRACE AMOUNT.

$$
