000
CXUS51 KLWX 070947
CLMBWI

CLIMATE REPORT
NATIONAL WEATHER SERVICE BALTIMORE MD/WASHINGTON DC
547 AM EDT THU JUL 7 2016

...................................

...THE BALTIMORE MD CLIMATE SUMMARY FOR THE MONTH OF JUNE 2016...

CLIMATE NORMAL PERIOD 1981 TO 2010
CLIMATE RECORD PERIOD 1870 TO 2016

WEATHER         OBSERVED          NORMAL  DEPART  LAST YEAR`S
                 VALUE   DATE(S)  VALUE   FROM    VALUE
                                          NORMAL
.............................................................
TEMPERATURE (F)
RECORD
 HIGH             105   06/29/1934
 LOW               40   06/11/1972
HIGHEST            96   06/11        95       1
LOWEST             46   06/09        49      -3
AVG. MAXIMUM     83.8              83.0     0.8     82.9
AVG. MINIMUM     62.2              61.9     0.3     65.4
MEAN             73.0              72.4     0.6
DAYS MAX >= 90      5               5.2    -0.2
DAYS MAX <= 32      0               0.0     0.0
DAYS MIN <= 32      0               0.0     0.0
DAYS MIN <= 0       0               0.0     0.0

PRECIPITATION (INCHES)
RECORD
 MAXIMUM        13.09   2015
 MINIMUM         0.15   1954
TOTALS           3.20              3.46   -0.26    13.09
DAILY AVG.       0.11              0.12   -0.01
DAYS >= .01         9              10.6    -1.6
DAYS >= .10         6               6.4    -0.4
DAYS >= .50         3               2.3     0.7
DAYS >= 1.00        1               1.0     0.0
GREATEST
 24 HR. TOTAL    1.03   06/21 TO 06/21
                        06/20 TO 06/21
                        06/21 TO 06/21

DEGREE_DAYS
HEATING TOTAL       4                15     -11       14
 SINCE 7/1       4004              4764    -760     4964
COOLING TOTAL     250               238      12      296
 SINCE 1/1        352               322      30      485
..............................................................

WIND (MPH)
AVERAGE WIND SPEED              6.7
HIGHEST WIND SPEED/DIRECTION    41/280    DATE  06/21
HIGHEST GUST SPEED/DIRECTION    62/280    DATE  06/21

SKY COVER
POSSIBLE SUNSHINE (PERCENT)   MM
AVERAGE SKY COVER           0.60
NUMBER OF DAYS FAIR            2
NUMBER OF DAYS PC             19
NUMBER OF DAYS CLOUDY          9

AVERAGE RH (PERCENT)     65

WEATHER CONDITIONS. NUMBER OF DAYS WITH
THUNDERSTORM              4     MIXED PRECIP               0
HEAVY RAIN                5     RAIN                       6
LIGHT RAIN               12     FREEZING RAIN              0
LT FREEZING RAIN          0     HAIL                       1
HEAVY SNOW                0     SNOW                       0
LIGHT SNOW                0     SLEET                      0
FOG                      12     FOG W/VIS <= 1/4 MILE      0
HAZE                      8

-  INDICATES NEGATIVE NUMBERS.
R  INDICATES RECORD WAS SET OR TIED.
MM INDICATES DATA IS MISSING.
T  INDICATES TRACE AMOUNT.

&&

BALTIMORE MD...BALTIMORE-WASHINGTON INTERNATIONAL THURGOOD MARSHALL
AIRPORT...

THE MONTHLY AVERAGE TEMPERATURE WAS NEAR NORMAL...AND IT RANKED AS
THE COOLEST JUNE SINCE 2009. MONTHLY PRECIPITATION WAS BELOW
NORMAL...AND RANKED AS THE DRIEST JUNE SINCE 2012.

FIVE DAYS THIS JUNE HAD A HIGH TEMPERATURE AT OR GREATER THAN 90
DEGREES.

ALL CLIMATE DATA ARE CONSIDERED PRELIMINARY UNTIL REVIEWED BY THE
NATIONAL CENTERS FOR ENVIRONMENTAL INFORMATION.

$$

DFH/RCM
