000
CXUS52 KCAE 022320
CLMCAE


CLIMATE REPORT
NATIONAL WEATHER SERVICE COLUMBIA SC
657 PM EDT TUE MAY 2 2017

...................................

...THE COLUMBIA METRO AIRPORT SC CLIMATE SUMMARY FOR THE MONTH OF APRIL 2017...

CLIMATE NORMAL PERIOD 1981 TO 2010
CLIMATE RECORD PERIOD 1887 TO 2017

WEATHER         OBSERVED          NORMAL  DEPART
                 VALUE   DATE(S)  VALUE   FROM
                                          NORMAL
................................................
TEMPERATURE (F)
RECORD
 HIGH              96   04/18/1896
 LOW               26   04/08/2007
                        04/20/1983
                        01/01/2000
HIGHEST            92   04/28        MM      MM
LOWEST             36   04/08        MM      MM
AVG. MAXIMUM     81.0              76.3     4.7
AVG. MINIMUM     57.7              50.4     7.3
MEAN             69.4              63.4     6.0
DAYS MAX >= 90      3               1.1     1.9
DAYS MAX <= 32      0               0.0     0.0
DAYS MIN <= 32      0               0.5    -0.5
DAYS MIN <= 0       0               0.0     0.0

PRECIPITATION (INCHES)
RECORD
 MAXIMUM        10.76   1936
 MINIMUM         0.29   1994
TOTALS           6.11              2.62    3.49
DAILY AVG.       0.20              0.09    0.11
DAYS >= .01         7               8.0    -1.0
DAYS >= .10         4               5.3    -1.3
DAYS >= .50         4               1.9     2.1
DAYS >= 1.00        2               0.5     1.5
GREATEST
 24 HR. TOTAL    2.92   04/05 TO 04/05
 STORM TOTAL       MM
 (MM/DD(HH))            MM

SNOWFALL (INCHES)
RECORDS
 TOTAL             MM   MM
TOTALS              T               0.0     0.0
SINCE 7/1         0.1               1.5    -1.4
DAYS >= TRACE       0               0.0     0.0
DAYS >= 1.0         0               0.0     0.0
GREATEST
 SNOW DEPTH         0   MM

DEGREE_DAYS
HEATING TOTAL      38               122     -84
 SINCE 7/1       1653              2531    -878
COOLING TOTAL     177                73     104
 SINCE 1/1        244                95     149

FREEZE DATES
RECORD
 EARLIEST     10/15/1991
 LATEST       04/03/1964
EARLIEST                        11/05
LATEST                          03/22
.................................................

WIND (MPH)
AVERAGE WIND SPEED              7.0
RESULTANT WIND SPEED/DIRECTION   3/210
HIGHEST WIND SPEED/DIRECTION    37/270    DATE  04/06
HIGHEST GUST SPEED/DIRECTION    68/300    DATE  04/05

SKY COVER
POSSIBLE SUNSHINE (PERCENT)   MM
AVERAGE SKY COVER           0.40
NUMBER OF DAYS FAIR           13
NUMBER OF DAYS PC             14
NUMBER OF DAYS CLOUDY          3

AVERAGE RH (PERCENT)     64

WEATHER CONDITIONS. NUMBER OF DAYS WITH
THUNDERSTORM              5     MIXED PRECIP               0
HEAVY RAIN                4     RAIN                       4
LIGHT RAIN               10     FREEZING RAIN              0
LT FREEZING RAIN          0     HAIL                       1
HEAVY SNOW                0     SNOW                       0
LIGHT SNOW                0     SLEET                      0
FOG                       7     FOG W/VIS <= 1/4 MILE      1
HAZE                      5

-  INDICATES NEGATIVE NUMBERS.
R  INDICATES RECORD WAS SET OR TIED.
MM INDICATES DATA IS MISSING.
T  INDICATES TRACE AMOUNT.

$$
