000
CXUS55 KABQ 012031
CLMCAO


CLIMATE REPORT
NATIONAL WEATHER SERVICE ALBUQUERQUE NM
230 PM MDT SAT OCT 1 2016

...................................

...THE CLAYTON  NM CLIMATE SUMMARY FOR THE MONTH OF SEPTEMBER 2016...

CLIMATE NORMAL PERIOD 1981 TO 2010
CLIMATE RECORD PERIOD 1896 TO 2016

WEATHER         OBSERVED          NORMAL  DEPART  LAST YEAR`S
                 VALUE   DATE(S)  VALUE   FROM    VALUE  DATE(S)
                                          NORMAL
................................................................
TEMPERATURE (F)
RECORD
 HIGH              99   09/05/2010
                        09/05/1948
                        09/03/1947
 LOW               26   09/29/1985
HIGHEST            89   09/19        MM      MM       94  09/14
                        09/11                             09/06
                        09/05
LOWEST             38   09/26        MM      MM       46  09/19
AVG. MAXIMUM     81.8              79.3     2.5     85.8
AVG. MINIMUM     53.8              52.3     1.5     57.3
MEAN             67.8              65.8     2.0     71.6
DAYS MAX >= 90      0               2.9    -2.9       15
DAYS MAX <= 32      0               0.0     0.0        0
DAYS MIN <= 32      0               0.3    -0.3        0
DAYS MIN <= 0       0               0.0     0.0        0

PRECIPITATION (INCHES)
RECORD
 MAXIMUM           MM   MM
 MINIMUM           MM   MM
TOTALS           2.63              1.67    0.96     2.18
DAILY AVG.       0.09              0.06    0.03     0.07
DAYS >= .01         6               6.7    -0.7        7
DAYS >= .10         4               3.3     0.7        2
DAYS >= .50         3               0.9     2.1        2
DAYS >= 1.00        1               0.4     0.6        1
GREATEST
 24 HR. TOTAL    1.21   09/14 TO 09/15              1.39

SNOWFALL (INCHES)
RECORDS
 TOTAL             MM   MM
TOTALS            0.0               0.3    -0.3      0.0
SINCE 7/1         0.0               0.3    -0.3      0.0
SNOWDEPTH AVG.      0                MM      MM        0
DAYS >= 1.0         0               0.1    -0.1        0
GREATEST
 SNOW DEPTH         0   MM                             0  MM
 24 HR TOTAL      0.0   09/30 TO 09/30               0.0

DEGREE_DAYS
HEATING TOTAL      37                78     -41        8
 SINCE 7/1         39                84     -45       13
COOLING TOTAL     131               102      29      211
 SINCE 1/1       1069               899     170     1093
.................................................................

WIND (MPH)
AVERAGE WIND SPEED              11.9
HIGHEST WIND SPEED/DIRECTION    35/170    DATE  09/23
HIGHEST GUST SPEED/DIRECTION    44/170    DATE  09/23

SKY COVER
AVERAGE SKY COVER           0.20

AVERAGE RH (PERCENT)     60

WEATHER CONDITIONS. NUMBER OF DAYS WITH
THUNDERSTORM              0     MIXED PRECIP               0
HEAVY RAIN                3     RAIN                       4
LIGHT RAIN                8     FREEZING RAIN              0
LT FREEZING RAIN          0     HAIL                       0
HEAVY SNOW                0     SNOW                       0
LIGHT SNOW                0     SLEET                      0
FOG                       9     FOG W/VIS <= 1/4 MILE      3
HAZE                      3

-  INDICATES NEGATIVE NUMBERS.
R  INDICATES RECORD WAS SET OR TIED.
MM INDICATES DATA IS MISSING.
T  INDICATES TRACE AMOUNT.

$$
