000
CXUS55 KABQ 012114
CLMCAO


CLIMATE REPORT
NATIONAL WEATHER SERVICE ALBUQUERQUE NM
314 PM MDT TUE AUG 1 2017

...................................

...THE CLAYTON  NM CLIMATE SUMMARY FOR THE MONTH OF JULY 2017...

CLIMATE NORMAL PERIOD 1981 TO 2010
CLIMATE RECORD PERIOD 1896 TO 2017

WEATHER         OBSERVED          NORMAL  DEPART  LAST YEAR`S
                 VALUE   DATE(S)  VALUE   FROM    VALUE  DATE(S)
                                          NORMAL
................................................................
TEMPERATURE (F)
RECORD
 HIGH             105   07/30/1934
 LOW               40   07/09/1943
HIGHEST            98   07/18        MM      MM      104  07/10
LOWEST             52   07/04        MM      MM       55  07/15
AVG. MAXIMUM     90.7              88.6     2.1     95.6
AVG. MINIMUM     61.1              60.8     0.3     62.4
MEAN             75.9              74.7     1.2     79.0
DAYS MAX >= 90     19              14.1     4.9       26
DAYS MAX <= 32      0               0.0     0.0        0
DAYS MIN <= 32      0               0.0     0.0        0
DAYS MIN <= 0       0               0.0     0.0        0

PRECIPITATION (INCHES)
RECORD
 MAXIMUM           MM   MM
 MINIMUM           MM   MM
TOTALS           3.88              2.66    1.22     1.43
DAILY AVG.       0.13              0.09    0.04     0.05
DAYS >= .01         8               8.9    -0.9        7
DAYS >= .10         4               5.0    -1.0        4
DAYS >= .50         2               2.0     0.0        1
DAYS >= 1.00        2               0.6     1.4        0
GREATEST
 24 HR. TOTAL    1.58   07/27 TO 07/27              0.81

SNOWFALL (INCHES)
RECORDS
 TOTAL             MM   MM
TOTALS            0.0               0.0     0.0      0.0
SINCE 7/1         0.0               0.0     0.0      0.0
SNOWDEPTH AVG.      0                MM      MM        0
DAYS >= 1.0         0               0.0     0.0        0
GREATEST
 SNOW DEPTH         0   MM                             0  MM
 24 HR TOTAL      0.0   07/31 TO 07/31               0.0

DEGREE_DAYS
HEATING TOTAL       0                 2      -2        0
 SINCE 7/1          0                 2      -2        0
COOLING TOTAL     346               303      43      444
 SINCE 1/1        576               537      39      724
.................................................................

WIND (MPH)
AVERAGE WIND SPEED              10.5
HIGHEST WIND SPEED/DIRECTION    38/310    DATE  07/04
HIGHEST GUST SPEED/DIRECTION    49/310    DATE  07/04

SKY COVER
AVERAGE SKY COVER           0.20

AVERAGE RH (PERCENT)     56

WEATHER CONDITIONS. NUMBER OF DAYS WITH
THUNDERSTORM              0     MIXED PRECIP               0
HEAVY RAIN                4     RAIN                       4
LIGHT RAIN               11     FREEZING RAIN              0
LT FREEZING RAIN          0     HAIL                       0
HEAVY SNOW                0     SNOW                       0
LIGHT SNOW                0     SLEET                      0
FOG                       5     FOG W/VIS <= 1/4 MILE      0
HAZE                      1

-  INDICATES NEGATIVE NUMBERS.
R  INDICATES RECORD WAS SET OR TIED.
MM INDICATES DATA IS MISSING.
T  INDICATES TRACE AMOUNT.

$$
