000
CXUS51 KCAR 100302
CLMCAR


CLIMATE REPORT
NATIONAL WEATHER SERVICE CARIBOU, ME
1102 PM EDT TUE JUN 9 2015

...................................

...THE CARIBOU ME CLIMATE SUMMARY FOR THE SEASON, FROM
3/1/2015 TO 5/31/2015...

CLIMATE NORMAL PERIOD 1981 TO 2010
CLIMATE RECORD PERIOD 1939 TO 2015

WEATHER         OBSERVED          NORMAL  DEPART  LAST YEAR`S
                 VALUE   DATE(S)  VALUE   FROM    VALUE  DATE(S)
                                          NORMAL
................................................................
TEMPERATURE (F)
RECORD
 HIGH              96   05/22/1977
 LOW              -28   03/02/2001
HIGHEST            86   05/27        MM      MM       78  05/16
LOWEST            -20   03/06        MM      MM      -19  03/05
AVG. MAXIMUM     48.3              48.1     0.2     44.8
AVG. MINIMUM     26.3              28.4    -2.1     24.9
MEAN             37.3              38.2    -0.9     34.8
DAYS MAX >= 90      0               0.1    -0.1        0
DAYS MAX <= 32     20              12.8     7.2       23
DAYS MIN <= 32     49              52.0    -3.0       54
DAYS MIN <= 0       7               4.1     2.9       14

PRECIPITATION (INCHES)
RECORD
 MAXIMUM        14.29   2005
 MINIMUM         4.11   1965
TOTALS           6.75              8.50   -1.75    10.98
DAILY AVG.       0.07              0.09   -0.02     0.12
DAYS >= .01        43              39.4     3.6       45
DAYS >= .10        19              21.8    -2.8       25
DAYS >= .50         3               5.0    -2.0        8
DAYS >= 1.00        0               0.8    -0.8        0
GREATEST
 24 HR. TOTAL    0.63   MM                       05/31 TO 05/31
                                                          05/31 TO 05/31
                                                          05/31 TO 05/31

SNOWFALL (INCHES)
RECORDS
 TOTAL           65.1   1961
TOTALS           33.8              26.2     7.6     51.3
SINCE 7/1       142.1             108.7    33.4    150.7
SNOWDEPTH AVG.      7                MM      MM       13
DAYS >= 1.0         8               6.9     1.1       13
GREATEST
 SNOW DEPTH        25   03/04                         37  03/21
 24 HR TOTAL      8.6   MM                       05/31 TO 05/31
                                                          05/31 TO 05/31
                                                          05/31 TO 05/31

DEGREE_DAYS
HEATING TOTAL    2549              2468      81     2758
 SINCE 7/1         MM              9189      MM       MM
COOLING TOTAL      21                 5      16        3
 SINCE 1/1         21                 5      16        3
..................................................

WIND (MPH)
AVERAGE WIND SPEED              9.0
HIGHEST WIND SPEED/DIRECTION    35/300    DATE  03/11
HIGHEST GUST SPEED/DIRECTION    49/310    DATE  03/11

SKY COVER
POSSIBLE SUNSHINE (PERCENT)   MM
AVERAGE SKY COVER           0.50
NUMBER OF DAYS FAIR           36
NUMBER OF DAYS PC             29
NUMBER OF DAYS CLOUDY         27

AVERAGE RH (PERCENT)     61

WEATHER CONDITIONS. NUMBER OF DAYS WITH
THUNDERSTORM              0     MIXED PRECIP               0
HEAVY RAIN                4     RAIN                      10
LIGHT RAIN               34     FREEZING RAIN              1
LT FREEZING RAIN          2     HAIL                       0
HEAVY SNOW                4     SNOW                       9
LIGHT SNOW               25     SLEET                      1
FOG                      35     FOG W/VIS <= 1/4 MILE      6
HAZE                     15

-  INDICATES NEGATIVE NUMBERS.
R  INDICATES RECORD WAS SET OR TIED.
MM INDICATES DATA IS MISSING.
T  INDICATES TRACE AMOUNT.

$$
