000
CXUS53 KPAH 021651
CLMCGI

CLIMATE REPORT
NATIONAL WEATHER SERVICE PADUCAH KY
1151 AM CDT SUN JUL 2 2017


...THE CAPE GIRARDEAU MO CLIMATE SUMMARY FOR THE MONTH OF JUNE 2017...

CLIMATE NORMAL PERIOD 1981 TO 2010
CLIMATE RECORD PERIOD 1960 TO 2017

WEATHER         OBSERVED          NORMAL  DEPART  LAST YEAR`S
                 VALUE   DATE(S)  VALUE   FROM    VALUE
                                          NORMAL
.............................................................
TEMPERATURE (F)
RECORD
 HIGH             107   06/29/2012
 LOW               45   06/07/2000
HIGHEST            94   06/14                        101
LOWEST             53   06/09                         55
AVG. MAXIMUM     86.1              86.3    -0.2     89.5
AVG. MINIMUM     64.0              64.2    -0.2     67.3
MEAN             75.1              75.2    -0.1     78.4
DAYS MAX >= 90      5               8.7    -3.7       17
DAYS MAX <= 32      0               0.0     0.0        0
DAYS MIN <= 32      0               0.0     0.0        0
DAYS MIN <= 0       0               0.0     0.0        0

PRECIPITATION (INCHES)
RECORD
 MAXIMUM        11.09   1989
 MINIMUM         0.69   1988
TOTALS           2.95              3.57   -0.62     1.28
DAILY AVG.       0.10              0.12   -0.02     0.04
DAYS >= .01         7               9.8    -2.8        8
DAYS >= .10         6               6.4    -0.4        5
DAYS >= .50         2               2.5    -0.5        0
DAYS >= 1.00        0               0.5    -0.5        0
GREATEST
 24 HR. TOTAL    0.79   06/18 TO 06/18

DEGREE_DAYS
COOLING TOTAL     308               312      -4      411
 SINCE 1/1        483               464      19      532
..............................................................

WIND (MPH)
AVERAGE WIND SPEED              6.5
HIGHEST WIND SPEED/DIRECTION    23/350    DATE  06/15
HIGHEST GUST SPEED/DIRECTION    30/350    DATE  06/15

SKY COVER
POSSIBLE SUNSHINE (PERCENT)   MM
AVERAGE SKY COVER           0.20
NUMBER OF DAYS FAIR           23
NUMBER OF DAYS PC              7
NUMBER OF DAYS CLOUDY          0

AVERAGE RH (PERCENT)     68

WEATHER CONDITIONS. NUMBER OF DAYS WITH
THUNDERSTORM              0     MIXED PRECIP               0
HEAVY RAIN                4     RAIN                       5
LIGHT RAIN                7     FREEZING RAIN              0
LT FREEZING RAIN          0     HAIL                       0
HEAVY SNOW                0     SNOW                       0
LIGHT SNOW                0     SLEET                      0
FOG                      10     FOG W/VIS <= 1/4 MILE      0
HAZE                      4

-  INDICATES NEGATIVE NUMBERS.
R  INDICATES RECORD WAS SET OR TIED.
MM INDICATES DATA IS MISSING.
T  INDICATES TRACE AMOUNT.

$$
