000
CXUS54 KMRX 011958
CLMCHA
CLIMATE REPORT
NATIONAL WEATHER SERVICE MORRISTOWN, TN
258 PM EST FRI MAR 01 2024
...................................
...THE CHATTANOOGA AIRPORT CLIMATE SUMMARY FOR THE MONTH OF FEBRUARY 2024...
CLIMATE NORMAL PERIOD: 1991 TO 2020
CLIMATE RECORD PERIOD: 1879 TO 2024
WEATHER OBSERVED NORMAL DEPART
VALUE DATE(S) VALUE FROM
NORMAL
................................................
TEMPERATURE (F)
HIGHEST 74 02/26
02/28
LOWEST 27 02/18
02/19
AVG. MAXIMUM 63.2 55.6 7.6
AVG. MINIMUM 38.3 35.6 2.7
MEAN 50.8 45.6 5.2
DAYS MAX >= 90 0
DAYS MAX <= 32 0
DAYS MIN <= 32 10
DAYS MIN <= 0 0
PRECIPITATION (INCHES)
RECORD
MAXIMUM 12.30 1939
MINIMUM 0.62 1941
TOTALS 3.15 5.03 -1.88
DAYS >= .01 8
DAYS >= .10 5
DAYS >= .50 2
DAYS >= 1.00 2
GREATEST
24 HR. TOTAL 1.52 02/10 TO 02/11
SNOWFALL (INCHES)
TOTALS 0.0 1.2 -1.2
SINCE 7/1 2.1
SNOWDEPTH AVG. 0
DAYS >= TRACE 0
GREATEST
SNOW DEPTH 0
DEGREE DAYS
HEATING TOTAL 405 544 -139
SINCE 7/1 2172 2503 -331
COOLING TOTAL 1 1 0
SINCE 1/1 1 1 0
................................................
WEATHER CONDITIONS. NUMBER OF DAYS WITH
THUNDERSTORM 2 RAIN 3
SNOW 0 FOG 7
FOG W/VIS <= 1/4 MILE 0
- INDICATES NEGATIVE NUMBERS.
R INDICATES RECORD WAS SET OR TIED.
MM INDICATES DATA IS MISSING.
T INDICATES TRACE AMOUNT.
$$