000
CXUS53 KDVN 010852
CLMCID


CLIMATE REPORT
NATIONAL WEATHER SERVICE QUAD CITIES IA IL
245 AM CST THU FEB 1 2018

...................................

...THE CEDAR RAPIDS IA CLIMATE SUMMARY FOR THE MONTH OF JANUARY 2018...

CLIMATE NORMAL PERIOD 1981 TO 2010
CLIMATE RECORD PERIOD 1891 TO 2018

WEATHER         OBSERVED          NORMAL  DEPART
                 VALUE   DATE(S)  VALUE   FROM
                                          NORMAL
................................................
TEMPERATURE (F)
RECORD
 HIGH              65   01/31/1989
 LOW              -29   01/15/2009
HIGHEST            58   01/26        29      29
LOWEST            -24   01/01        11     -35
AVG. MAXIMUM     30.3              28.2     2.1
AVG. MINIMUM     10.5              10.9    -0.4
MEAN             20.4              19.5     0.9
DAYS MAX >= 90      0
DAYS MAX <= 32     15
DAYS MIN <= 32     28
DAYS MIN <= 0      11

PRECIPITATION (INCHES)
TOTALS           0.45              0.92   -0.47
DAILY AVG.       0.01              0.03   -0.02
DAYS >= .01         4
DAYS >= .10         1
DAYS >= .50         0
DAYS >= 1.00        0
GREATEST
 24 HR. TOTAL    0.37   01/21 TO 01/22

DEGREE_DAYS
HEATING TOTAL    1377              1409     -32
 SINCE 7/1       3910              4148    -238
COOLING TOTAL       0                 0       0
 SINCE 1/1          0                 0       0
.................................................

WIND (MPH)
AVERAGE WIND SPEED              11.1
HIGHEST WIND SPEED/DIRECTION    31/310    DATE  01/11
HIGHEST GUST SPEED/DIRECTION    40/320    DATE  01/11

SKY COVER
POSSIBLE SUNSHINE (PERCENT)   MM
AVERAGE SKY COVER           0.40
NUMBER OF DAYS FAIR           18
NUMBER OF DAYS PC              7
NUMBER OF DAYS CLOUDY          6

AVERAGE RH (PERCENT)     74

WEATHER CONDITIONS. NUMBER OF DAYS WITH
THUNDERSTORM              2     HAIL                       0
SLEET                     1     FOG                       18
FOG W/VIS <= 1/4 MILE     3     HAZE                      13

-  INDICATES NEGATIVE NUMBERS.
R  INDICATES RECORD WAS SET OR TIED.
MM INDICATES DATA IS MISSING.
T  INDICATES TRACE AMOUNT.

Supplimental precipitation data from SWHI4

$$
