000
CXUS51 KCLE 060535
CLMCLE


CLIMATE REPORT
NATIONAL WEATHER SERVICE CLEVELAND OH
1234 AM EST TUE FEB 6 2018

...................................

...THE CLEVELAND OH CLIMATE SUMMARY FOR THE MONTH OF JANUARY 2018...

CLIMATE NORMAL PERIOD 1981 TO 2010
CLIMATE RECORD PERIOD 1871 TO 2018

WEATHER         OBSERVED          NORMAL  DEPART  LAST YEAR`S
                 VALUE   DATE(S)  VALUE   FROM    VALUE
                                          NORMAL
.............................................................
TEMPERATURE (F)
RECORD
 HIGH              73   01/25/1950
 LOW              -20   01/19/1994
HIGHEST            62   01/22
                        01/11
LOWEST             -5   01/07
AVG. MAXIMUM     34.9              34.4     0.5     41.3
AVG. MINIMUM     18.9              21.7    -2.8     28.2
MEAN             26.9              28.1    -1.2     34.8
DAYS MAX >= 90      0               0.0     0.0        0
DAYS MAX <= 32     15              13.1     1.9        8
DAYS MIN <= 32     26              25.0     1.0       17
DAYS MIN <= 0       4               1.4     2.6        0

PRECIPITATION (INCHES)
RECORD
 MAXIMUM         7.01   1950
 MINIMUM         0.31   1871
TOTALS           2.27              2.72   -0.45     4.78
DAYS >= .01        16              17.1    -1.1       20
DAYS >= .10         7               7.5    -0.5       11
DAYS >= .50         1               1.1    -0.1        3
DAYS >= 1.00        0               0.2    -0.2        1
GREATEST
 24 HR. TOTAL    0.76   01/12 TO 01/12              1.15

SNOWFALL (INCHES)
RECORDS
 TOTAL           42.8   1978
TOTALS           12.0              18.7    -6.7     11.5
SINCE 7/1        30.0              37.3    -7.3     22.0
DAYS >= 1.0         4               5.8    -1.8        4
GREATEST
 24 HR TOTAL      2.8   01/29 TO 01/29

DEGREE_DAYS
HEATING TOTAL    1172              1145      27      930
 SINCE 7/1       3179              3252     -73     2653
COOLING TOTAL       0                 0       0        0
 SINCE 1/1          0                 0       0        0
..............................................................

WIND (MPH)
AVERAGE WIND SPEED              11.9
HIGHEST WIND SPEED/DIRECTION    35/250    DATE  01/23
HIGHEST GUST SPEED/DIRECTION    43/020    DATE  01/12

SKY COVER
AVERAGE SKY COVER           0.70

AVERAGE RH (PERCENT)     70

WEATHER CONDITIONS. NUMBER OF DAYS WITH
THUNDERSTORM              0     MIXED PRECIP               0
HEAVY RAIN                0     RAIN                       3
LIGHT RAIN                7     FREEZING RAIN              0
LT FREEZING RAIN          2     HAIL                       0
HEAVY SNOW                0     SNOW                       4
LIGHT SNOW               17     SLEET                      1
FOG                      18     FOG W/VIS <= 1/4 MILE      1
HAZE                      4

-  INDICATES NEGATIVE NUMBERS.
R  INDICATES RECORD WAS SET OR TIED.
MM INDICATES DATA IS MISSING.
T  INDICATES TRACE AMOUNT.

$$
