000
CXUS54 KHGX 011658
CLMCLL

CLIMATE REPORT
NATIONAL WEATHER SERVICE HOUSTON/GALVESTON TX
1139 AM CDT FRI MAY 1 2015

...................................

...THE COLLEGE STATION CLIMATE SUMMARY FOR THE MONTH OF APRIL 2015...

CLIMATE NORMAL PERIOD 1981 TO 2010
CLIMATE RECORD PERIOD 1902 TO 2015

WEATHER         OBSERVED          NORMAL  DEPART  LAST YEAR`S
                 VALUE   DATE(S)  VALUE   FROM    VALUE  DATE(S)
                                          NORMAL
................................................................
TEMPERATURE (F)
RECORD
 HIGH              96   04/19/2011
                        04/30/1933
                        04/16/1920
 LOW               28   04/10/1973

HIGHEST            89   04/25        MM      MM       89  04/28
LOWEST             50   04/29        MM      MM       37  04/15

AVG. MAXIMUM     79.4              78.9     0.5     78.3
AVG. MINIMUM     61.8              58.1     3.7     58.0
MEAN             70.6              68.5     2.1     68.2

DAYS MAX >= 90      0               0.7    -0.7        0
DAYS MAX <= 32      0               0.0     0.0        0
DAYS MIN <= 32      0               0.0     0.0        0
DAYS MIN <= 0       0               0.0     0.0        0

PRECIPITATION (INCHES)
RECORD
 MAXIMUM        12.50   1957
 MINIMUM            T   2011

TOTALS           4.80              2.66    2.14     1.23
DAILY AVG.       0.16              0.09    0.07     0.04

DAYS >= .01        13               6.5     6.5        5
DAYS >= .10         9               3.6     5.4        3
DAYS >= .50         3               1.9     1.1        1
DAYS >= 1.00        2               0.9     1.1        0
GREATEST
 24 HR. TOTAL    1.17   04/27 TO 04/27

SNOWFALL (INCHES)
RECORDS
 TOTAL              T   2007

TOTALS            0.0               0.0     0.0      0.0
SINCE 7/1           T                 T     0.0        T

SNOWDEPTH AVG.      0                MM      MM        0
DAYS >= 1.0         0               0.0     0.0        0
GREATEST
 SNOW DEPTH         0   MM                             0  MM
 24 HR TOTAL      0.0   04/30 TO 04/30

DEGREE_DAYS
HEATING TOTAL      16                47     -31       63
 SINCE 7/1       1768              1606     162     2056
COOLING TOTAL     192               152      40      164
 SINCE 1/1        239               239       0      208
.................................................................

WIND (MPH)
AVERAGE WIND SPEED              8.5
HIGHEST WIND SPEED/DIRECTION    33/170    DATE  04/13
HIGHEST GUST SPEED/DIRECTION    43/160    DATE  04/13

SKY COVER
AVERAGE SKY COVER           0.50

AVERAGE RH (PERCENT)     74

WEATHER CONDITIONS. NUMBER OF DAYS WITH
THUNDERSTORM              0     MIXED PRECIP               0
HEAVY RAIN                7     RAIN                       8
LIGHT RAIN               19     FREEZING RAIN              0
LT FREEZING RAIN          0     HAIL                       0
HEAVY SNOW                0     SNOW                       0
LIGHT SNOW                0     SLEET                      0
FOG                      21     FOG W/VIS <= 1/4 MILE      0
HAZE                      8

-  INDICATES NEGATIVE NUMBERS.
R  INDICATES RECORD WAS SET OR TIED.
MM INDICATES DATA IS MISSING.
T  INDICATES TRACE AMOUNT.

$$
