000
CXUS53 KTOP 011418
CLMCNK


CLIMATE REPORT
NATIONAL WEATHER SERVICE TOPEKA KS
916 AM CDT MON AUG 1 2016

...................................

...THE CONCORDIA KS CLIMATE SUMMARY FOR THE MONTH OF JULY 2016...

CLIMATE NORMAL PERIOD 1981 TO 2010
CLIMATE RECORD PERIOD 1885 TO 2016

WEATHER         OBSERVED          NORMAL  DEPART  LAST YEAR`S
                 VALUE   DATE(S)  VALUE   FROM    VALUE
                                          NORMAL
.............................................................
TEMPERATURE (F)
RECORD
 HIGH             114   07/13/1934
 LOW               46   07/09/1895
HIGHEST           100   07/21        91       9      101
                        07/05
LOWEST             61   07/03        66      -5       53
AVG. MAXIMUM     89.5              90.7    -1.2     88.3
AVG. MINIMUM     68.7              67.4     1.3     66.8
MEAN             79.1              79.1     0.0     77.5
DAYS MAX >= 90     18              17.3     0.7       15
DAYS MAX <= 32      0               0.0     0.0        0
DAYS MIN <= 32      0               0.0     0.0        0
DAYS MIN <= 0       0               0.0     0.0        0

PRECIPITATION (INCHES)
RECORD
 MAXIMUM        16.75   1993
 MINIMUM         0.03   1919
TOTALS           6.17              3.92    2.25     3.57
DAILY AVG.       0.20              0.13    0.07     0.12
DAYS >= .01        15               8.4     6.6        8
DAYS >= .10        11               5.4     5.6        8
DAYS >= .50         5               2.9     2.1        2
DAYS >= 1.00        2               1.2     0.8        2
GREATEST
 24 HR. TOTAL    1.32   07/28 TO 07/28              1.47

SNOWFALL (INCHES)
RECORDS
 TOTAL              T   1995
TOTALS            0.0               0.0     0.0      0.0
SINCE 7/1         0.0               0.0     0.0      0.0
SNOWDEPTH AVG.      0                                  0
DAYS >= 1.0         0               0.0     0.0        0
GREATEST
 SNOW DEPTH         0   MM                             0
 24 HR TOTAL      0.0   07/31 TO 07/31               0.0

DEGREE_DAYS
HEATING TOTAL       1                 0       1        0
 SINCE 7/1          1                 0       1        0
COOLING TOTAL     446               436      10      396
 SINCE 1/1        927               790     137      760
..............................................................

WIND (MPH)
AVERAGE WIND SPEED              9.7
HIGHEST WIND SPEED/DIRECTION    58/270    DATE  07/28
HIGHEST GUST SPEED/DIRECTION    72/270    DATE  07/28

SKY COVER
POSSIBLE SUNSHINE (PERCENT)   MM
AVERAGE SKY COVER           0.20
NUMBER OF DAYS FAIR           28
NUMBER OF DAYS PC              1
NUMBER OF DAYS CLOUDY          2

AVERAGE RH (PERCENT)     68

WEATHER CONDITIONS. NUMBER OF DAYS WITH
THUNDERSTORM             12     MIXED PRECIP               0
HEAVY RAIN               12     RAIN                       9
LIGHT RAIN               16     FREEZING RAIN              0
LT FREEZING RAIN          0     HEAVY SNOW                 0
SNOW                      0     LIGHT SNOW                 0
FOG                      15     FOG W/VIS <= 1/4 MILE      0
HAZE                      0

-  INDICATES NEGATIVE NUMBERS.
R  INDICATES RECORD WAS SET OR TIED.
MM INDICATES DATA IS MISSING.
T  INDICATES TRACE AMOUNT.

$$
