000
CXUS46 KLOX 011835
CLMCQT


CLIMATE REPORT
NATIONAL WEATHER SERVICE LOS ANGELES/OXNARD CA
1135 AM PDT TUE SEP 1 2015

...................................

...THE DOWNTOWN LOS ANGELES (USC) CA CLIMATE SUMMARY FOR THE MONTH OF AUGUST 2015...

CLIMATE NORMAL PERIOD 1981 TO 2010
CLIMATE RECORD PERIOD 1877 TO 2015

WEATHER         OBSERVED          NORMAL  DEPART  LAST YEAR`S
                 VALUE   DATE(S)  VALUE   FROM    VALUE
                                          NORMAL
.............................................................
TEMPERATURE (F)
HIGHEST            97   08/28
LOWEST             63   08/12
                        08/11
                        08/10
AVG. MAXIMUM     86.4              84.4     2.0
AVG. MINIMUM     67.7              64.1     3.6
MEAN             77.0              74.3     2.7
DAYS MAX >= 90      9
DAYS MAX <= 32      0
DAYS MIN <= 32      0
DAYS MIN <= 0       0

PRECIPITATION (INCHES)
TOTALS              T              0.04   -0.04
DAILY AVG.       0.00
DAYS >= .01         0
DAYS >= .10         0
DAYS >= .50         0
DAYS >= 1.00        0
GREATEST
 24 HR. TOTAL       T   08/25 TO 08/25

DEGREE_DAYS
HEATING TOTAL       0                 0       0        0
 SINCE 7/1          0                 0       0        0
COOLING TOTAL     383               287      96      329
 SINCE 1/1       1121               834     287     1077
..............................................................

WIND (MPH)
AVERAGE WIND SPEED              1.5
HIGHEST WIND SPEED/DIRECTION    10/280    DATE  08/23
HIGHEST GUST SPEED/DIRECTION    17/280    DATE  08/09

SKY COVER
POSSIBLE SUNSHINE (PERCENT)   MM
AVERAGE SKY COVER           0.20
NUMBER OF DAYS FAIR           22
NUMBER OF DAYS PC              9
NUMBER OF DAYS CLOUDY          0

AVERAGE RH (PERCENT)     64

WEATHER CONDITIONS. NUMBER OF DAYS WITH
THUNDERSTORM              0     MIXED PRECIP               0
HEAVY RAIN                0     RAIN                       0
LIGHT RAIN                1     FREEZING RAIN              0
LT FREEZING RAIN          0     HAIL                       0
HEAVY SNOW                0     SNOW                       0
LIGHT SNOW                0     SLEET                      0
FOG                       2     FOG W/VIS <= 1/4 MILE      0
HAZE                     14

-  INDICATES NEGATIVE NUMBERS.
R  INDICATES RECORD WAS SET OR TIED.
MM INDICATES DATA IS MISSING.
T  INDICATES TRACE AMOUNT.

$$
