000
CXUS42 KFFC 011812
CLMCSG


CLIMATE REPORT
NATIONAL WEATHER SERVICE PEACHTREE CITY GA
111 PM EST FRI DEC 1 2017

...................................

...THE COLUMBUS CLIMATE SUMMARY FOR THE MONTH OF NOVEMBER 2017...

CLIMATE NORMAL PERIOD 1981 TO 2010
CLIMATE RECORD PERIOD 1948 TO 2017

WEATHER         OBSERVED          NORMAL  DEPART  LAST YEAR`S
                 VALUE   DATE(S)  VALUE   FROM    VALUE  DATE(S)
                                          NORMAL
................................................................
TEMPERATURE (F)
RECORD
 HIGH              86   11/01/2016
                        11/03/2012
                        11/02/2003
 LOW               10   11/25/1950
HIGHEST            83   11/05        86      -3       86  11/01
                        11/04
                        11/03
LOWEST             32   11/20        21      11       32  11/27
                                                          11/21
AVG. MAXIMUM     70.8              68.4     2.4     72.8
AVG. MINIMUM     48.1              46.1     2.0     46.9
MEAN             59.4              57.3     2.1     59.9
DAYS MAX >= 90      0               0.0     0.0        0
DAYS MAX <= 32      0               0.0     0.0        0
DAYS MIN <= 32      1               1.9    -0.9        2
DAYS MIN <= 0       0               0.0     0.0        0

PRECIPITATION (INCHES)
RECORD
 MAXIMUM           MM   MM
 MINIMUM           MM   MM
TOTALS           1.62              4.10   -2.48     2.18
DAILY AVG.       0.05              0.14   -0.09     0.07
DAYS >= .01         5               7.8    -2.8        2
DAYS >= .10         2               5.3    -3.3        2
DAYS >= .50         1               2.5    -1.5        2
DAYS >= 1.00        1               1.3    -0.3        2
GREATEST
 24 HR. TOTAL    1.39   11/09 TO 11/09           11/29 TO 11/29
                                                          11/30 TO 11/30
                                                          11/30 TO 11/30

SNOWFALL (INCHES)
RECORDS
 TOTAL             MM   MM
 24 HR TOTAL       MM
TOTALS            0.0               0.0     0.0      0.0
SINCE 7/1         0.0               0.0     0.0      0.0
SNOWDEPTH AVG.      0                MM      MM        0
DAYS >= TRACE       0               0.0     0.0        0
DAYS >= 1.0         0               0.0     0.0        0
GREATEST
 24 HR TOTAL      0.0   11/30 TO 11/30           11/30 TO 11/30
                                                          11/30 TO 11/30
                                                          11/30 TO 11/30

DEGREE_DAYS
HEATING TOTAL     197               256     -59      177
 SINCE 7/1        264               332     -68      187
COOLING TOTAL      37                24      13       31
 SINCE 1/1       2714              2364     350     2755
.................................................

WIND (MPH)
AVERAGE WIND SPEED              4.0
HIGHEST WIND SPEED/DIRECTION    37/330    DATE  11/18
HIGHEST GUST SPEED/DIRECTION    45/320    DATE  11/18

SKY COVER
POSSIBLE SUNSHINE (PERCENT)   MM
AVERAGE SKY COVER           0.30
NUMBER OF DAYS FAIR           19
NUMBER OF DAYS PC              8
NUMBER OF DAYS CLOUDY          3

AVERAGE RH (PERCENT)     68

WEATHER CONDITIONS. NUMBER OF DAYS WITH
THUNDERSTORM              0     MIXED PRECIP               0
HEAVY RAIN                3     RAIN                       3
LIGHT RAIN                5     FREEZING RAIN              0
LT FREEZING RAIN          0     HAIL                       0
HEAVY SNOW                0     SNOW                       0
LIGHT SNOW                0     SLEET                      0
FOG                       8     FOG W/VIS <= 1/4 MILE      1
HAZE                      2

-  INDICATES NEGATIVE NUMBERS.
R  INDICATES RECORD WAS SET OR TIED.
MM INDICATES DATA IS MISSING.
T  INDICATES TRACE AMOUNT.

$$
