000
CXUS42 KFFC 011623
CLMCSG


CLIMATE REPORT
NATIONAL WEATHER SERVICE PEACHTREE CITY GA
1121 AM EST WED FEB 1 2017

...................................

...THE COLUMBUS CLIMATE SUMMARY FOR THE MONTH OF JANUARY 2017...

CLIMATE NORMAL PERIOD 1981 TO 2010
CLIMATE RECORD PERIOD 1948 TO 2017

WEATHER         OBSERVED          NORMAL  DEPART  LAST YEAR`S
                 VALUE   DATE(S)  VALUE   FROM    VALUE  DATE(S)
                                          NORMAL
................................................................
TEMPERATURE (F)
RECORD
 HIGH              83   01/11/1949
 LOW               -2   01/21/1985
HIGHEST            77   01/17        82      -5       71  01/31
                        01/14
                        01/13
LOWEST             19   01/08        -2      21       23  01/24
AVG. MAXIMUM     64.4              57.5     6.9     55.5
AVG. MINIMUM     42.9              36.8     6.1     35.5
MEAN             53.7              47.2     6.5     45.5
DAYS MAX >= 90      0               0.0     0.0        0
DAYS MAX <= 32      0               0.1    -0.1        0
DAYS MIN <= 32      5              10.9    -5.9       12
DAYS MIN <= 0       0               0.0     0.0        0

PRECIPITATION (INCHES)
RECORD
 MAXIMUM         8.35   1978
 MINIMUM         0.72   1989
TOTALS          11.48R             3.85    7.63     3.20
DAILY AVG.       0.37              0.12    0.25     0.10
DAYS >= .01        11              10.0     1.0        9
DAYS >= .10         6               7.1    -1.1        7
DAYS >= .50         5               2.9     2.1        2
DAYS >= 1.00        4               0.8     3.2        1
GREATEST
 24 HR. TOTAL    4.59   01/02 TO 01/02           01/21 TO 01/22
                                                          01/31 TO 01/31
                                                          01/31 TO 01/31

SNOWFALL (INCHES)
RECORDS
 TOTAL              T   2008
                        2001
 24 HR TOTAL      1.2   MM
TOTALS            0.0               0.2    -0.2      0.0
SINCE 7/1         0.0               0.3    -0.3      0.0
SNOWDEPTH AVG.      0                MM      MM        0
DAYS >= TRACE       0               0.2    -0.2        0
DAYS >= 1.0         0               0.2    -0.2        0
GREATEST
 24 HR TOTAL      0.0   01/31 TO 01/31           01/31 TO 01/31
                                                          01/31 TO 01/31
                                                          01/31 TO 01/31

DEGREE_DAYS
HEATING TOTAL     347               554    -207      594
 SINCE 7/1        921              1383    -462      999
COOLING TOTAL       5                 1       4        0
 SINCE 1/1          5                 0       5        0
..................................................

WIND (MPH)
AVERAGE WIND SPEED              6.0
HIGHEST WIND SPEED/DIRECTION    39/320    DATE  01/02
HIGHEST GUST SPEED/DIRECTION    45/270    DATE  01/21

SKY COVER
POSSIBLE SUNSHINE (PERCENT)   MM
AVERAGE SKY COVER           0.30
NUMBER OF DAYS FAIR           17
NUMBER OF DAYS PC              9
NUMBER OF DAYS CLOUDY          5

AVERAGE RH (PERCENT)     69

WEATHER CONDITIONS. NUMBER OF DAYS WITH
THUNDERSTORM              0     MIXED PRECIP               0
HEAVY RAIN                5     RAIN                       6
LIGHT RAIN               11     FREEZING RAIN              0
LT FREEZING RAIN          0     HAIL                       0
HEAVY SNOW                0     SNOW                       0
LIGHT SNOW                0     SLEET                      0
FOG                      12     FOG W/VIS <= 1/4 MILE      1
HAZE                      0

-  INDICATES NEGATIVE NUMBERS.
R  INDICATES RECORD WAS SET OR TIED.
MM INDICATES DATA IS MISSING.
T  INDICATES TRACE AMOUNT.

$$
