000
CXUS42 KFFC 021956
CLMCSG


CLIMATE REPORT
NATIONAL WEATHER SERVICE PEACHTREE CITY GA
254 PM EST FRI DEC 2 2016

...................................

...THE COLUMBUS CLIMATE SUMMARY FOR THE MONTH OF NOVEMBER 2016...

CLIMATE NORMAL PERIOD 1981 TO 2010
CLIMATE RECORD PERIOD 1948 TO 2016

WEATHER         OBSERVED          NORMAL  DEPART  LAST YEAR`S
                 VALUE   DATE(S)  VALUE   FROM    VALUE  DATE(S)
                                          NORMAL
................................................................
TEMPERATURE (F)
RECORD
 HIGH              86   11/01/2016
                        11/03/2012
                        11/02/2003
 LOW               10   11/25/1950
HIGHEST            86R  11/01        86       0       84  11/06
LOWEST             32   11/27        21      11       32  11/24
                        11/21                             11/23
AVG. MAXIMUM     72.8              68.4     4.4     70.4
AVG. MINIMUM     46.9              46.1     0.8     51.8
MEAN             59.9              57.3     2.6     61.1
DAYS MAX >= 90      0               0.0     0.0        0
DAYS MAX <= 32      0               0.0     0.0        0
DAYS MIN <= 32      2               1.9     0.1        2
DAYS MIN <= 0       0               0.0     0.0        0

PRECIPITATION (INCHES)
RECORD
 MAXIMUM           MM   MM
 MINIMUM           MM   MM
TOTALS           2.18              4.10   -1.92     9.44
DAILY AVG.       0.07              0.14   -0.07     0.31
DAYS >= .01         2               7.8    -5.8       10
DAYS >= .10         2               5.3    -3.3        7
DAYS >= .50         2               2.5    -0.5        4
DAYS >= 1.00        2               1.3     0.7        4
GREATEST
 24 HR. TOTAL    1.10   11/29 TO 11/29           11/01 TO 11/02
                                                          11/30 TO 11/30
                                                          11/30 TO 11/30

SNOWFALL (INCHES)
RECORDS
 TOTAL             MM   MM
 24 HR TOTAL       MM
TOTALS            0.0               0.0     0.0      0.0
SINCE 7/1         0.0               0.0     0.0      0.0
SNOWDEPTH AVG.      0                MM      MM        0
DAYS >= TRACE       0               0.0     0.0        0
DAYS >= 1.0         0               0.0     0.0        0
GREATEST
 24 HR TOTAL      0.0   11/30 TO 11/30           11/30 TO 11/30
                                                          11/30 TO 11/30
                                                          11/30 TO 11/30

DEGREE_DAYS
HEATING TOTAL     177               256     -79      166
 SINCE 7/1        187               332    -145      196
COOLING TOTAL      31                24       7       56
 SINCE 1/1       2755              2364     391     2489
.................................................

WIND (MPH)
AVERAGE WIND SPEED              4.9
HIGHEST WIND SPEED/DIRECTION    29/290    DATE  11/30
HIGHEST GUST SPEED/DIRECTION    37/280    DATE  11/30

SKY COVER
POSSIBLE SUNSHINE (PERCENT)   MM
AVERAGE SKY COVER           0.20
NUMBER OF DAYS FAIR           25
NUMBER OF DAYS PC              2
NUMBER OF DAYS CLOUDY          3

AVERAGE RH (PERCENT)     55

WEATHER CONDITIONS. NUMBER OF DAYS WITH
THUNDERSTORM              0     MIXED PRECIP               0
HEAVY RAIN                2     RAIN                       2
LIGHT RAIN                2     FREEZING RAIN              0
LT FREEZING RAIN          0     HAIL                       0
HEAVY SNOW                0     SNOW                       0
LIGHT SNOW                0     SLEET                      0
FOG                       7     FOG W/VIS <= 1/4 MILE      1
HAZE                     10

-  INDICATES NEGATIVE NUMBERS.
R  INDICATES RECORD WAS SET OR TIED.
MM INDICATES DATA IS MISSING.
T  INDICATES TRACE AMOUNT.

$$
