000
CXUS51 KILN 011259
CLMCVG


CLIMATE REPORT
NATIONAL WEATHER SERVICE WILMINGTON OH
756 AM EST WED FEB 1 2017

...................................

...THE CINCINNATI CLIMATE SUMMARY FOR THE MONTH OF JANUARY 2017...

CLIMATE NORMAL PERIOD 1981 TO 2010
CLIMATE RECORD PERIOD 1869 TO 2017

WEATHER         OBSERVED          NORMAL  DEPART  LAST YEAR`S
                 VALUE   DATE(S)  VALUE   FROM    VALUE  DATE(S)
                                          NORMAL
................................................................
TEMPERATURE (F)
RECORD
 HIGH              77   01/24/1943
 LOW              -25   01/18/1977
HIGHEST            66   01/12        38      28       64  01/31
LOWEST              3   01/07        22     -19        5  01/18
AVG. MAXIMUM     44.5              38.7     5.8     39.4
AVG. MINIMUM     30.4              23.0     7.4     21.7
MEAN             37.5              30.8     6.7     30.5
DAYS MAX >= 90      0               0.0     0.0        0
DAYS MAX <= 32      4               9.1    -5.1       10
DAYS MIN <= 32     13              23.9   -10.9       27
DAYS MIN <= 0       0               1.5    -1.5        0

PRECIPITATION (INCHES)
TOTALS           3.67              3.00    0.67     1.39
DAILY AVG.       0.12              0.10    0.02     0.04
DAYS >= .01        18              12.4     5.6       12
DAYS >= .10        11               6.0     5.0        6
DAYS >= .50         3               2.0     1.0        0
DAYS >= 1.00        0               0.5    -0.5        0
GREATEST
 24 HR. TOTAL    0.82   01/03 TO 01/03           01/09 TO 01/10
                                                          01/10 TO 01/10
                                                          01/10 TO 01/10
 STORM TOTAL       MM                                 MM
 (MM/DD(HH))            MM                    01/10(00) TO 01/10(00)
                                                 01/10(00) TO 01/10(00)0
                                                 01/10(00) TO 01/10(00)0

SNOWFALL (INCHES)
TOTALS            4.2               6.5    -2.3      8.5
SINCE 7/1         6.4              12.1    -5.7      8.5
DAYS >= TRACE       7               6.5     0.5       12
DAYS >= 1.0         2               2.0     0.0        4
GREATEST
 24 HR TOTAL      2.5   01/05 TO 01/05           01/10 TO 01/10
                                                          01/10 TO 01/10
                                                          01/10 TO 01/10
 STORM TOTAL       MM                                 MM
 (MM/DD(HH))            MM                    01/10(00) TO 01/10(00)
                                                 01/10(00) TO 01/10(00)0
                                                 01/10(00) TO 01/10(00)0

DEGREE_DAYS
HEATING TOTAL     848              1053    -205     1063
 SINCE 7/1       2499              2972    -473     2384
COOLING TOTAL       0                 0       0        0
 SINCE 1/1          0                 0       0        0
.................................................

WIND (MPH)
AVERAGE WIND SPEED              10.0
RESULTANT WIND SPEED/DIRECTION   4/246
HIGHEST WIND SPEED/DIRECTION    33/320    DATE  01/12
HIGHEST GUST SPEED/DIRECTION    45/210    DATE  01/10

SKY COVER
AVERAGE SKY COVER           0.80

AVERAGE RH (PERCENT)     80

WEATHER CONDITIONS. NUMBER OF DAYS WITH
THUNDERSTORM              0     MIXED PRECIP               0
HEAVY RAIN                5     RAIN                       8
LIGHT RAIN               18     FREEZING RAIN              0
LT FREEZING RAIN          1     HAIL                       0
HEAVY SNOW                0     SNOW                       0
LIGHT SNOW                6     SLEET                      1
FOG                      24     FOG W/VIS <= 1/4 MILE      3
HAZE                      9

-  INDICATES NEGATIVE NUMBERS.
R  INDICATES RECORD WAS SET OR TIED.
MM INDICATES DATA IS MISSING.
T  INDICATES TRACE AMOUNT.

$$
