000
CXUS56 KSGX 012113
CLMCZZ


CLIMATE REPORT
NATIONAL WEATHER SERVICE SAN DIEGO, CA
213 PM PDT FRI JUL 1 2016

...................................

...THE CAMPO ASOS CA CLIMATE SUMMARY FOR THE MONTH OF JUNE 2016...

CLIMATE NORMAL PERIOD 1981 TO 2010
CLIMATE RECORD PERIOD 1948 TO 2016

WEATHER         OBSERVED          NORMAL  DEPART  LAST YEAR`S
                 VALUE   DATE(S)  VALUE   FROM    VALUE  DATE(S)
                                          NORMAL
................................................................
TEMPERATURE (F)
RECORD
 HIGH             108   06/20/2016
 LOW               13   06/21/2010
HIGHEST           108R  06/20        87      21       99  06/15
LOWEST             39   06/16        45      -6       36  06/05
AVG. MAXIMUM     91.5              87.3     4.2     88.2
AVG. MINIMUM     50.9              45.1     5.8     50.6
MEAN             71.2              66.2     5.0     69.4
DAYS MAX >= 90     18              13.0     5.0       18
DAYS MAX <= 32      0               0.0     0.0        0
DAYS MAX >= 100     6                                  0
DAYS MIN <= 32      0               0.1    -0.1        0
DAYS MIN <= 0       0               0.0     0.0        0

PRECIPITATION (INCHES)
RECORD
 MAXIMUM         0.67   2015
 MINIMUM         0.00   2014
                        2013
                        2012
TOTALS           0.00R             0.11   -0.11     0.67
DAILY AVG.       0.00              0.00    0.00     0.02
DAYS >= .01         0               0.7    -0.7        2
DAYS >= .10         0               0.3    -0.3        2
DAYS >= .50         0               0.0     0.0        0
DAYS >= 1.00        0               0.0     0.0        0
DAYS >= 1.50        0                                  0
DAYS >= 2.00        0                                  0
GREATEST
 24 HR. TOTAL    0.00   06/30 TO 06/30           06/30 TO 06/30
                                                          06/30 TO 06/30
                                                          06/30 TO 06/30
 STORM TOTAL       MM                                 MM
 (MM/DD(HH))            MM                    06/30(00) TO 06/30(00)
                                                 06/30(00) TO 06/30(00)0
                                                 06/30(00) TO 06/30(00)0

DEGREE_DAYS
HEATING TOTAL      27                56     -29       50
 SINCE 7/1       2795              2983    -188     2524
COOLING TOTAL     221                92     129      188
 SINCE 1/1        224               122     102      205

FREEZE DATES
RECORD
 EARLIEST     08/25/1978
 LATEST       06/23/1991
EARLIEST      11/10             10/16
LATEST        05/22             05/19
.................................................

WIND (MPH)
AVERAGE WIND SPEED              8.2
RESULTANT WIND SPEED/DIRECTION   3/227
HIGHEST WIND SPEED/DIRECTION    24/070    DATE  06/26
HIGHEST GUST SPEED/DIRECTION    34/070    DATE  06/26

AVERAGE RH (PERCENT)     46


-  INDICATES NEGATIVE NUMBERS.
R  INDICATES RECORD WAS SET OR TIED.
MM INDICATES DATA IS MISSING.
T  INDICATES TRACE AMOUNT.

$$
