000
CXUS56 KOTX 012320 CCA
CLMDEW

CLIMATE REPORT
NATIONAL WEATHER SERVICE SPOKANE, WA
451 AM PDT TUE AUG 1 2017

...................................

...THE DEER_PARK WA AIRPORT CLIMATE SUMMARY FOR THE MONTH OF JULY 2017...

CLIMATE NORMAL PERIOD 1981 TO 2010
CLIMATE RECORD PERIOD 9999 TO 9999

WEATHER         OBSERVED          NORMAL  DEPART  LAST YEAR`S
                 VALUE   DATE(S)  VALUE   FROM    VALUE  DATE(S)
                                          NORMAL
................................................................
TEMPERATURE (F)
RECORD
 HIGH              MM   MM
 LOW               MM   MM
HIGHEST            98   07/07        MM      MM       96  07/29
                        07/06
LOWEST             38   07/17        MM      MM       36  07/05
AVG. MAXIMUM     88.9              82.9     6.0     81.3
AVG. MINIMUM     47.2              47.7    -0.5     47.7
MEAN             68.0              65.3     2.7     64.5
DAYS MAX >= 90     16               5.8    10.2        6
DAYS MAX <= 32      0               0.0     0.0        0
DAYS MIN <= 32      0               0.1    -0.1        0
DAYS MIN <= 0       0               0.0     0.0        0

PRECIPITATION (INCHES)
RECORD
 MAXIMUM           MM   MM
 MINIMUM           MM   MM
TOTALS           0.01              0.90   -0.89     2.04
DAILY AVG.       0.00              0.03   -0.03     0.07
DAYS >= .01         1                MM      MM        8
DAYS >= .10         0                MM      MM        5
DAYS >= .50         0                MM      MM        3
DAYS >= 1.00        0                MM      MM        0
GREATEST
 24 HR. TOTAL    0.01   07/15 TO 07/15           07/26 TO 07/26

DEGREE_DAYS
HEATING TOTAL      11                68     -57       82
 SINCE 7/1         11                68     -57       82
COOLING TOTAL     115                77      38       74
 SINCE 1/1        142                97      45      121
.......................................................

WIND (MPH)
AVERAGE WIND SPEED              5.3
HIGHEST WIND SPEED/DIRECTION    24/210    DATE  07/20
HIGHEST GUST SPEED/DIRECTION    31/210    DATE  07/20

SKY COVER
POSSIBLE SUNSHINE (PERCENT)   MM
AVERAGE SKY COVER           0.00
NUMBER OF DAYS FAIR           31
NUMBER OF DAYS PC              0
NUMBER OF DAYS CLOUDY          0

AVERAGE RH (PERCENT)     45

WEATHER CONDITIONS. NUMBER OF DAYS WITH
THUNDERSTORM              2     MIXED PRECIP               0
HEAVY RAIN                0     RAIN                       0
LIGHT RAIN                3     FREEZING RAIN              0
LT FREEZING RAIN          0     HAIL                       0
HEAVY SNOW                0     SNOW                       0
LIGHT SNOW                0     SLEET                      0
FOG                       0     FOG W/VIS <= 1/4 MILE      0
HAZE                      5

-  INDICATES NEGATIVE NUMBERS.
R  INDICATES RECORD WAS SET OR TIED.
MM INDICATES DATA IS MISSING.
T  INDICATES TRACE AMOUNT.

$$
