000
CXUS54 KAMA 011609
CLMDHT


CLIMATE REPORT
NATIONAL WEATHER SERVICE AMARILLO TX
1009 AM CST FRI DEC 1 2017

...................................

...THE DALHART CLIMATE SUMMARY FOR THE MONTH OF NOVEMBER 2017...

CLIMATE NORMAL PERIOD 1981 TO 2010
CLIMATE RECORD PERIOD 1948 TO 2017

WEATHER         OBSERVED          NORMAL  DEPART  LAST YEAR`S
                 VALUE   DATE(S)  VALUE   FROM    VALUE  DATE(S)
                                          NORMAL
................................................................
TEMPERATURE (F)
RECORD
 HIGH              89   11/08/1980
 LOW               -5   11/28/1976
HIGHEST            87   11/17                         83  11/16
                                                          11/15
LOWEST             20   11/20                         17  11/30
AVG. MAXIMUM     68.4              59.6     8.8     65.4
AVG. MINIMUM     34.7              28.1     6.6     33.9
MEAN             51.5              43.9     7.6     49.7
DAYS MAX >= 90      0               0.0     0.0        0
DAYS MAX <= 32      0               0.5    -0.5        0
DAYS MIN <= 32     11              20.6    -9.6       13
DAYS MIN <= 0       0               0.0     0.0        0

PRECIPITATION (INCHES)
TOTALS           0.13              0.58   -0.45     1.17
DAILY AVG.       0.00              0.02   -0.02     0.04
DAYS >= .01         2               3.3    -1.3        3
DAYS >= .10         1               1.3    -0.3        1
DAYS >= .50         0               0.4    -0.4        1
DAYS >= 1.00        0               0.1    -0.1        1
GREATEST
 24 HR. TOTAL    0.12   11/08 TO 11/08

SNOWFALL (INCHES)
TOTALS            2.3               1.3     1.0      0.0
SINCE 7/1         2.3               1.9     0.4      0.0
DAYS >= TRACE       2               1.1     0.9
DAYS >= 1.0         1               0.4     0.6        0
GREATEST
 SNOW DEPTH         2   11/08
 24 HR TOTAL      2.0   11/08 TO 11/08

DEGREE_DAYS
HEATING TOTAL     398               635    -237      455
 SINCE 7/1        675               995    -320      576
COOLING TOTAL       5                 0       5        0
 SINCE 1/1       1349              1138     211     1556
.................................................................

WIND (MPH)
AVERAGE WIND SPEED              11.2
HIGHEST WIND SPEED/DIRECTION    43/010    DATE  11/28
HIGHEST GUST SPEED/DIRECTION    51/360    DATE  11/28

SKY COVER
POSSIBLE SUNSHINE (PERCENT)   MM
NUMBER OF DAYS FAIR           23
NUMBER OF DAYS PC              6
NUMBER OF DAYS CLOUDY          1

AVERAGE RH (PERCENT)     55

WEATHER CONDITIONS. NUMBER OF DAYS WITH
THUNDERSTORM              0     MIXED PRECIP               0
HEAVY RAIN                0     RAIN                       0
LIGHT RAIN                1     FREEZING RAIN              0
LT FREEZING RAIN          0     HEAVY SNOW                 0
SNOW                      0     LIGHT SNOW                 2
SLEET                     0     FOG                       11
FOG W/VIS <= 1/4 MILE     1     HAZE                       4

-  INDICATES NEGATIVE NUMBERS.
R  INDICATES RECORD WAS SET OR TIED.
MM INDICATES DATA IS MISSING.
T  INDICATES TRACE AMOUNT.

$$
