000
CXUS53 KBIS 031409 CCA
CLMDIK

BISCLMDIK 000
TTAA00 KBIS 011149


CLIMATE REPORT
NATIONAL WEATHER SERVICE BISMARCK ND
648 AM CDT MON SEP 1 2014

...................................

...THE DICKINSON ND CLIMATE SUMMARY FOR THE MONTH OF AUGUST 2014...

CLIMATE NORMAL PERIOD 1981 TO 2010
CLIMATE RECORD PERIOD 1893 TO 2014

WEATHER         OBSERVED          NORMAL  DEPART  LAST YEAR`S
                 VALUE   DATE(S)  VALUE   FROM    VALUE  DATE(S)
                                          NORMAL
................................................................
TEMPERATURE (F)
RECORD
 HIGH             110   08/01/1900
 LOW               24   08/14/1895
HIGHEST            90                                 98  08/30
LOWEST             41                                 48  08/01
AVG. MAXIMUM     76.8              83.2    -6.4
AVG. MINIMUM     55.4              53.6     1.8
MEAN             66.1
DAYS MAX >= 90      1               7.9    -6.9
DAYS MAX <= 32      0               0.0     0.0
DAYS MIN <= 32      0               0.0     0.0
DAYS MIN <= 0       0               0.0     0.0

PRECIPITATION (INCHES)
RECORD
 MAXIMUM         5.55   1954
 MINIMUM         0.01   1973
TOTALS           6.79R             1.54    5.25     1.67
DAILY AVG.       0.22              0.05    0.17     0.05
DAYS >= .01        15               6.8     8.2        4
DAYS >= .10        12               3.1     8.9        4
DAYS >= .50         4               0.9     3.1        2
DAYS >= 1.00        3               0.3     2.7        0
GREATEST
 24 HR. TOTAL    1.89   08/15 TO 08/16              0.64

DEGREE_DAYS
HEATING TOTAL      52                52       0
 SINCE 7/1        101                86      15
COOLING TOTAL      95               157     -62
 SINCE 1/1        232               386    -154
.................................................................

WIND (MPH)
HIGHEST WIND SPEED/DIRECTION    30/270    DATE  08/25
HIGHEST GUST SPEED/DIRECTION    39/270    DATE  08/25

SKY COVER
POSSIBLE SUNSHINE (PERCENT)   MM
NUMBER OF DAYS FAIR           17
NUMBER OF DAYS PC              8
NUMBER OF DAYS CLOUDY          6


WEATHER CONDITIONS. NUMBER OF DAYS WITH
THUNDERSTORM              0     MIXED PRECIP               0
HEAVY RAIN                9     RAIN                       9
LIGHT RAIN               15     FREEZING RAIN              0
LT FREEZING RAIN          0     HAIL                       0
HEAVY SNOW                0     SNOW                       0
LIGHT SNOW                0     SLEET                      0
FOG                      22     FOG W/VIS <= 1/4 MILE      6
HAZE                      1

-  INDICATES NEGATIVE NUMBERS.
R  INDICATES RECORD WAS SET OR TIED.
MM INDICATES DATA IS MISSING.
T  INDICATES TRACE AMOUNT.

$$
