000
CXUS53 KDLH 041653 CCA
CLMDLH


CLIMATE REPORT...CORRECTED
NATIONAL WEATHER SERVICE DULUTH MN
1053 AM CST MON DEC 4 2017

...................................

...THE DULUTH CLIMATE SUMMARY FOR THE MONTH OF NOVEMBER 2017...

CLIMATE NORMAL PERIOD 1981 TO 2010
CLIMATE RECORD PERIOD 1870 TO 2017

WEATHER         OBSERVED          NORMAL  DEPART  LAST YEAR`S
                 VALUE   DATE(S)  VALUE   FROM    VALUE  DATE(S)
                                          NORMAL
................................................................
TEMPERATURE (F)
RECORD
 HIGH              73   11/03/1903
 LOW              -29   11/29/1875
HIGHEST            47   11/27        MM      MM       70  11/06
                                                          11/05
LOWEST             -5   11/10        MM      MM       10  11/20
AVG. MAXIMUM     33.0              35.6    -2.6     47.7
AVG. MINIMUM     18.4              21.9    -3.5     32.6
MEAN             25.7              28.8    -3.1     40.2
DAYS MAX >= 90      0               0.0     0.0        0
DAYS MAX <= 32     12              11.5     0.5        4
DAYS MIN <= 32     29              24.9     4.1       14
DAYS MIN <= 0       2               1.3     0.7        0

PRECIPITATION (INCHES)
RECORD
 MAXIMUM         5.08   2000
 MINIMUM         0.09   1916
                        1917
TOTALS           1.31              2.09   -0.78     2.60
DAILY AVG.       0.04              0.07   -0.03     0.09
DAYS >= .01        11              10.7     0.3       11
DAYS >= .10         4               4.9    -0.9        6
DAYS >= .50         0               1.1    -1.1        2
DAYS >= 1.00        0               0.4    -0.4        0
GREATEST
 24 HR. TOTAL    0.45   11/03 TO 11/04

SNOWFALL (INCHES)
RECORDS
 TOTAL           50.1   1991
TOTALS           10.5              13.7    -3.2      8.1
SINCE 7/1        21.6              16.1     5.5      8.1
SNOWDEPTH AVG.      3                 4      -1        1
DAYS >= 1.0         4               3.8     0.2        3
GREATEST
 SNOW DEPTH         7   11/04                          6  11/24
 24 HR TOTAL      4.4   11/01 TO 11/01

DEGREE_DAYS
HEATING TOTAL    1170              1088      82      735
 SINCE 7/1       2146              2213     -67     1482
COOLING TOTAL       0                 0       0        0
 SINCE 1/1        126               204     -78      281
.................................................................

WIND (MPH)
AVERAGE WIND SPEED              11.1
HIGHEST WIND SPEED/DIRECTION    36/280    DATE  11/28
HIGHEST GUST SPEED/DIRECTION    47/280    DATE  11/28
                                                11/21

SKY COVER
POSSIBLE SUNSHINE (PERCENT)   MM
AVERAGE SKY COVER           0.60
NUMBER OF DAYS FAIR            6
NUMBER OF DAYS PC             13
NUMBER OF DAYS CLOUDY         11

AVERAGE RH (PERCENT)     80

WEATHER CONDITIONS. NUMBER OF DAYS WITH
THUNDERSTORM              0     MIXED PRECIP               0
HEAVY RAIN                0     RAIN                       0
LIGHT RAIN                4     FREEZING RAIN              1
LT FREEZING RAIN          3     HAIL                       0
HEAVY SNOW                0     SNOW                       2
LIGHT SNOW               16     SLEET                      1
FOG                      17     FOG W/VIS <= 1/4 MILE      3
HAZE                      4

-  INDICATES NEGATIVE NUMBERS.
R  INDICATES RECORD WAS SET OR TIED.
MM INDICATES DATA IS MISSING.
T  INDICATES TRACE AMOUNT.

$$


.NOVEMBER 2017 WAS COLDER THAN NORMAL WITH BELOW NORMAL
PRECIPITATION AT DULUTH MN...

THE AVERAGE TEMPERATURE FOR NOVEMBER WAS 25.7 DEGREES WHICH WAS 3.1
DEGREES BELOW THE NORMAL OF 28.8 DEGREES. THE HIGHEST TEMPERATURE
FOR THE MONTH WAS 47 DEGREES ON THE 27TH. THE LOWEST TEMPERATURE WAS
-5 DEGREES ON THE 10TH. THREE DAILY TEMPERATURE RECORDS WERE BROKEN
FOR THE MONTH. THE RECORD DAILY COLDEST HIGH TEMPERATURE OF 18 DEGREES
WAS SET ON THE 9TH. THIS BROKE THE PREVIOUS RECORD OF 19 DEGREES SET
IN 1986. THE RECORD LOW TEMPERATURE OF 0 DEGREES WAS SET ON THE 9TH.
THIS BROKE THE PREVIOUS RECORD OF 5 DEGREES SET IN 1959.THE RECORD LOW
TEMPERATURE OF -5 DEGREES WAS SET ON THE 10TH. THIS BROKE THE PREVIOUS
RECORD OF 1 DEGREE SET IN 1986. 12 DAYS HAD AVERAGE TEMPERATURES ABOVE
NORMAL.

NOVEMBER 2017 WAS BELOW NORMAL FOR PRECIPITATION WITH A TOTAL OF
1.31 INCHES OF PRECIPITATION RECORDED FOR THE MONTH. THIS WAS 0.78
INCHES BELOW THE NORMAL OF 2.09 INCHES. THE GREATEST AMOUNT OF
PRECIPITATION IN A 24 HOUR PERIOD OCCURRED ON THE 3RD TO THE 4TH
WHEN 0.45 INCHES WAS RECORDED. AT LEAST A TRACE OF PRECIPITATION WAS
RECORDED ON 18 DAYS. AT LEAST 0.01 INCHES OF PRECIPITATION FELL ON
11 DAYS. AT LEAST 0.10 INCHES FELL ON 4 DAYS. NO DAILY PRECIPITATION
RECORDS WERE BROKEN FOR THE MONTH.

NOVEMBER 2017 WAS BELOW NORMAL FOR SNOWFALL WITH A TOTAL OF 10.5
INCHES FOR THE MONTH. THIS WAS 3.2 INCHES BELOW THE NORMAL OF 13.7
INCHES. THE GREATEST AMOUNT OF SNOWFALL IN A 24 HOUR PERIOD OCCURRED
ON THE 1ST WHEN 4.4 INCHES OF SNOW WAS RECORDED. NO DAILY SNOWFALL
RECORDS WERE BROKEN FOR THE MONTH.

THE AVERAGE WIND SPEED FOR THE MONTH WAS 10.5 MPH. THE WINDIEST DAY
OF THE MONTH WAS ON THE 28TH WITH AN AVERAGE WIND OF 18.5 MPH. THE
HIGHEST SUSTAINED WIND OCCURRED ON THE 28TH WITH A SPEED OF 36 MPH
OUT OF THE WEST. A PEAK WIND GUST OF 47 MPH WAS RECORDED ON THE 21ST
AND THE 28TH.

THERE WERE 1170 HEATING DEGREE DAYS FOR THE MONTH WHICH WAS 82 ABOVE
THE NORMAL OF 1088. THIS BROUGHT THE SEASONAL TOTAL TO 1976 WHICH
WAS 237 BELOW THE NORMAL OF 2213. THERE WERE 0 COOLING DEGREE DAYS FOR
THE MONTH WHICH WAS NORMAL. THE SEASONAL TOTAL COOLING DEGREE DAYS
STANDS AT 126 WHICH WAS 78 BELOW THE NORMAL OF 204.  THE LOWEST SEA
LEVEL PRESSURE READING WAS 29.27 INCHES REACHED ON THE 24TH.

THE OUTLOOK FOR DECEMBER...NORMAL HIGHS BEGIN IN THE UPPER 20S AT THE
BEGINNING OF THE MONTH AND COOL TO THE UPPER TEENS BY THE END OF THE
MONTH. NORMAL LOWS FOR THE MONTH BEGIN IN THE MID TEENS AND COOL TO
THE SINGLE DIGITS ABOVE ZERO BY THE END OF THE MONTH. NORMAL
PRECIPITATION FOR DECEMBER IS 1.21 INCHES. NORMAL SNOWFALL FOR
DECEMBER IS 17.7 INCHES. THE LATEST CLIMATE PREDICTION CENTER
OUTLOOK INDICATES THAT THERE IS FORECAST CONFIDENCE IN BELOW NORMAL
TEMPERATURES AND THERE IS NOT A STRONG SIGNAL OF HAVING ABOVE OR BELOW
NORMAL PRECIPITATION.

$$

SG
