000
CXUS53 KEAX 010727 RRA
CLMDMO

STLCLMWK3 000
TTAA00 KEAX 010723


CLIMATE REPORT
NATIONAL WEATHER SERVICE KANSAS CITY/PLEASANT HILL MO
223 AM CDT SAT OCT 1 2016

...................................

...THE SEDALIA CLIMATE SUMMARY FOR THE MONTH OF SEPTEMBER 2016...

CLIMATE NORMAL PERIOD 1981 TO 2010
CLIMATE RECORD PERIOD 9999 TO 9999

WEATHER         OBSERVED          NORMAL  DEPART  LAST YEAR`S
                 VALUE   DATE(S)  VALUE   FROM    VALUE  DATE(S)
                                          NORMAL
................................................................
TEMPERATURE (F)
HIGHEST            95   09/06        92       3       97  09/06
LOWEST             49   09/29        38      11       47  09/13
AVG. MAXIMUM     83.9              79.5     4.4     85.0
AVG. MINIMUM     62.3              58.6     3.7     62.1
MEAN             73.1              69.1     4.0     73.6
DAYS MAX >= 90      5               3.1     1.9        9
DAYS MAX <= 32      0               0.0     0.0        0
DAYS MIN <= 32      0               0.5    -0.5        0
DAYS MIN <= 0       0               0.0     0.0        0

PRECIPITATION (INCHES)
TOTALS           4.47              4.11    0.36     0.96
DAILY AVG.       0.15              0.14    0.01     0.03
DAYS >= .01         7               8.1    -1.1        5
DAYS >= .10         6               5.3     0.7        3
DAYS >= .50         2               2.6    -0.6        0
DAYS >= 1.00        1               1.3    -0.3        0
GREATEST
 24 HR. TOTAL    2.91   09/09 TO 09/10

DEGREE_DAYS
HEATING TOTAL       6                44     -38       10
 SINCE 7/1          6                45     -39       10
COOLING TOTAL     258               165      93      271
 SINCE 1/1       1671              1450     221     1510
.................................................................

WIND (MPH)
AVERAGE WIND SPEED              7.8
HIGHEST WIND SPEED/DIRECTION    24/180    DATE  09/09
HIGHEST GUST SPEED/DIRECTION    31/250    DATE  09/16

SKY COVER
POSSIBLE SUNSHINE (PERCENT)   MM
AVERAGE SKY COVER           0.20
NUMBER OF DAYS FAIR           24
NUMBER OF DAYS PC              6
NUMBER OF DAYS CLOUDY          0

AVERAGE RH (PERCENT)     70

WEATHER CONDITIONS. NUMBER OF DAYS WITH
THUNDERSTORM              0     MIXED PRECIP               0
HEAVY RAIN                5     RAIN                       5
LIGHT RAIN                8     FREEZING RAIN              0
LT FREEZING RAIN          0     HAIL                       0
HEAVY SNOW                0     SNOW                       0
LIGHT SNOW                0     SLEET                      0
FOG                       7     FOG W/VIS <= 1/4 MILE      2
HAZE                      2

-  INDICATES NEGATIVE NUMBERS.
R  INDICATES RECORD WAS SET OR TIED.
MM INDICATES DATA IS MISSING.
T  INDICATES TRACE AMOUNT.

$$
