317
CXUS53 KEAX 010802
CLMDMO

CLIMATE REPORT
NATIONAL WEATHER SERVICE KANSAS CITY/PLEASANT HILL MO
255 AM CDT FRI JUL 1 2016

...................................

...THE SEDALIA CLIMATE SUMMARY FOR THE MONTH OF JUNE 2016...

CLIMATE NORMAL PERIOD 1981 TO 2010
CLIMATE RECORD PERIOD 9999 TO 9999

WEATHER         OBSERVED          NORMAL  DEPART  LAST YEAR`S
                 VALUE   DATE(S)  VALUE   FROM    VALUE  DATE(S)
                                          NORMAL
................................................................
TEMPERATURE (F)
HIGHEST            99   06/15        92       7       94  06/25
                                                          06/20
LOWEST             58   06/08        49       9       56  06/01
AVG. MAXIMUM     89.4              84.8     4.6     84.2
AVG. MINIMUM     67.9              65.1     2.8     67.7
MEAN             78.7              74.9     3.8     75.9
DAYS MAX >= 90     20               4.9    15.1        8
DAYS MAX <= 32      0               0.0     0.0        0
DAYS MIN <= 32      0               0.0     0.0        0
DAYS MIN <= 0       0               0.0     0.0        0

PRECIPITATION (INCHES)
TOTALS           4.18              5.09   -0.91     6.29
DAILY AVG.       0.14              0.17   -0.03     0.21
DAYS >= .01         7              10.3    -3.3       14
DAYS >= .10         5               7.2    -2.2       12
DAYS >= .50         1               3.6    -2.6        3
DAYS >= 1.00        1               1.7    -0.7        2
GREATEST
 24 HR. TOTAL    3.00   06/26 TO 06/26
                        06/25 TO 06/26
                        06/26 TO 06/26

DEGREE_DAYS
HEATING TOTAL       0                 6      -6        5
 SINCE 7/1       3680              4571    -891     4645
COOLING TOTAL     418               304     114      339
 SINCE 1/1        540               443      97      466
.................................................................

WIND (MPH)
AVERAGE WIND SPEED              7.5
HIGHEST WIND SPEED/DIRECTION    40/360    DATE  06/30
HIGHEST GUST SPEED/DIRECTION    49/010    DATE  06/30

SKY COVER
POSSIBLE SUNSHINE (PERCENT)   MM
AVERAGE SKY COVER           0.10
NUMBER OF DAYS FAIR           27
NUMBER OF DAYS PC              3
NUMBER OF DAYS CLOUDY          0

AVERAGE RH (PERCENT)     66

WEATHER CONDITIONS. NUMBER OF DAYS WITH
THUNDERSTORM              9     MIXED PRECIP               0
HEAVY RAIN                4     RAIN                       3
LIGHT RAIN                8     FREEZING RAIN              0
LT FREEZING RAIN          0     HAIL                       0
HEAVY SNOW                0     SNOW                       0
LIGHT SNOW                0     SLEET                      0
FOG                       9     FOG W/VIS <= 1/4 MILE      2
HAZE                      0

-  INDICATES NEGATIVE NUMBERS.
R  INDICATES RECORD WAS SET OR TIED.
MM INDICATES DATA IS MISSING.
T  INDICATES TRACE AMOUNT.

$$
