000
CXUS53 KDVN 011143
CLMDVN


CLIMATE REPORT
NATIONAL WEATHER SERVICE QUAD CITIES IA IL
541 AM CST FRI DEC 1 2017

...................................

...THE DAVENPORT IA CLIMATE SUMMARY FOR THE MONTH OF NOVEMBER 2017...

CLIMATE NORMAL PERIOD 1981 TO 2010
CLIMATE RECORD PERIOD 9999 TO 9999

WEATHER         OBSERVED          NORMAL  DEPART
                 VALUE   DATE(S)  VALUE   FROM
                                          NORMAL
................................................
TEMPERATURE (F)
HIGHEST            70   11/24        56      14
LOWEST             15   11/22        23      -8
AVG. MAXIMUM     47.6              47.9    -0.3
AVG. MINIMUM     27.3              29.6    -2.3
MEAN             37.5              38.8    -1.3
DAYS MAX >= 90      0
DAYS MAX <= 32      0
DAYS MIN <= 32     23
DAYS MIN <= 0       0

PRECIPITATION (INCHES)
TOTALS           0.80              2.45   -1.65
DAILY AVG.       0.03              0.08   -0.05
DAYS >= .01         7
DAYS >= .10         4
DAYS >= .50         0
DAYS >= 1.00        0
GREATEST
 24 HR. TOTAL    0.29   11/17 TO 11/18

SNOWFALL (INCHES)
TOTALS            0.1
SINCE 7/1         0.1
SNOWDEPTH AVG.      0
DAYS >= TRACE       1
DAYS >= 1.0         0
GREATEST
 SNOW DEPTH         0   MM
 24 HR TOTAL      0.1   11/12 TO 11/12

DEGREE_DAYS
HEATING TOTAL     818               788      30
 SINCE 7/1       1210              1348    -138
COOLING TOTAL       0                 0       0
 SINCE 1/1        770               786     -16
.................................................

WIND (MPH)
AVERAGE WIND SPEED              9.9
HIGHEST WIND SPEED/DIRECTION    31/320    DATE  11/24
HIGHEST GUST SPEED/DIRECTION    39/320    DATE  11/24

SKY COVER
POSSIBLE SUNSHINE (PERCENT)   MM
AVERAGE SKY COVER           0.40
NUMBER OF DAYS FAIR           15
NUMBER OF DAYS PC              5
NUMBER OF DAYS CLOUDY         10

AVERAGE RH (PERCENT)     69

WEATHER CONDITIONS. NUMBER OF DAYS WITH
THUNDERSTORM              1     HAIL                       0
SLEET                     0     FOG                       14
FOG W/VIS <= 1/4 MILE     5     HAZE                       3

-  INDICATES NEGATIVE NUMBERS.
R  INDICATES RECORD WAS SET OR TIED.
MM INDICATES DATA IS MISSING.
T  INDICATES TRACE AMOUNT.

$$
