000
CXUS53 KGID 020143 CCA
CLMEAR

CLIMATE REPORT...CORRECTED
NATIONAL WEATHER SERVICE HASTINGS NE
1012 AM CST WED FEB 1 2017
CORRECTED WIND DATA

...................................

...THE KEARNEY CLIMATE SUMMARY FOR THE MONTH OF JANUARY 2017...

CLIMATE NORMAL PERIOD 1981 TO 2010
CLIMATE RECORD PERIOD 1894 TO 2017

WEATHER         OBSERVED          NORMAL  DEPART  LAST YEAR`S
                 VALUE   DATE(S)  VALUE   FROM    VALUE  DATE(S)
                                          NORMAL
................................................................
TEMPERATURE (F)
HIGHEST            61   01/30        58       3       57  01/29
LOWEST            -17   01/06        -9      -8       -8  01/10
AVG. MAXIMUM     35.4              36.0    -0.6     38.0
AVG. MINIMUM     18.2              13.3     4.9     19.7
MEAN             26.8              24.6     2.2     28.9
DAYS MAX >= 90      0               0.0     0.0        0
DAYS MAX <= 32     11              11.9    -0.9       10
DAYS MIN <= 32     28              30.7    -2.7       30
DAYS MIN <= 0       5               4.7     0.3        2

PRECIPITATION (INCHES)
TOTALS             MM              0.49      MM       MM
DAILY AVG.         MM              0.02      MM
DAYS >= .01        MM               3.6      MM
DAYS >= .10        MM               1.6      MM
DAYS >= .50        MM               0.1      MM
DAYS >= 1.00       MM               0.0      MM
GREATEST
 24 HR. TOTAL      MM

DEGREE_DAYS
HEATING TOTAL    1178              1251     -73     1112
COOLING TOTAL       0                 0       0        0
.................................................................

WIND (MPH)
AVERAGE WIND SPEED              MM
HIGHEST WIND SPEED/DIRECTION    MM/MM
HIGHEST GUST SPEED/DIRECTION    MM/MM

AVERAGE RH (PERCENT)     67


-  INDICATES NEGATIVE NUMBERS.
R  INDICATES RECORD WAS SET OR TIED.
MM INDICATES DATA IS MISSING.
T  INDICATES TRACE AMOUNT.

&&

THE PRECIPITATION DATA SHOWN ABOVE IS RECORDED BY THE AUTOMATED
WEATHER OBSERVING SYSTEM AT THE KEARNEY AIRPORT. THE
PRECIPITATION IS DEPICTED FOR A CALENDAR DAY FROM MIDNIGHT TO
MIDNIGHT. SNOWFALL IS NOT RECORDED BY THAT SYSTEM.

THE OFFICIAL PRECIPITATION...SNOWFALL...AND SNOW DEPTH
OBSERVATION FOR KEARNEY IS RECORDED DAILY BY THE
COOPERATIVE OBSERVER AT 7 AM.  THAT INFORMATION FOLLOWS...

...KEARNEY 4NE COOPERATIVE OBSERVER REPORT FOR JANUARY 2017...

PRECIPITATION (IN)
     MONTH TO DATE......................  0.90
     YEAR TO DATE.......................  0.90

SNOWFALL (IN)
     MONTH TO DATE......................  4.5
     SEASONAL TOTAL (SINCE JULY 1ST)....  5.7

$$
REED
