000
CXUS53 KGID 021523 CCB
CLMEAR

CLIMATE REPORT...CORRECTED
NATIONAL WEATHER SERVICE HASTINGS NE
525 PM CDT WED NOV 1 2017

...CORRECTED HIGHEST WIND GUST SPEED/DIRECTION...

...................................

...THE KEARNEY CLIMATE SUMMARY FOR THE MONTH OF OCTOBER 2017...

CLIMATE NORMAL PERIOD 1981 TO 2010
CLIMATE RECORD PERIOD 1894 TO 2017

WEATHER         OBSERVED          NORMAL  DEPART  LAST YEAR`S
                 VALUE   DATE(S)  VALUE   FROM    VALUE  DATE(S)
                                          NORMAL
................................................................
TEMPERATURE (F)
HIGHEST            82   10/19        86      -4       82  10/27
                                                          10/17
LOWEST             15   10/28        21      -6       28  10/13
AVG. MAXIMUM     65.1              64.3     0.8     71.7
AVG. MINIMUM     39.8              37.4     2.4     42.6
MEAN             52.5              50.9     1.6     57.1
DAYS MAX >= 90      0               0.2    -0.2        0
DAYS MAX <= 32      1               0.3     0.7        0
DAYS MIN <= 32      9               8.3     0.7        3
DAYS MIN <= 0       0               0.0     0.0        0

PRECIPITATION (INCHES)
TOTALS           2.73              2.04    0.69     0.10
DAILY AVG.       0.09              0.07    0.02
DAYS >= .01         9               6.5     2.5
DAYS >= .10         6               3.5     2.5
DAYS >= .50         3               1.3     1.7
DAYS >= 1.00        0               0.6    -0.6
GREATEST
 24 HR. TOTAL    0.75   10/01 TO 10/01

DEGREE_DAYS
HEATING TOTAL     384               445     -61      244
COOLING TOTAL       3                 6      -3        7
.................................................................

WIND (MPH)
AVERAGE WIND SPEED              12.9
HIGHEST WIND SPEED/DIRECTION    39/350
HIGHEST GUST SPEED/DIRECTION    M

AVERAGE RH (PERCENT)     62


-  INDICATES NEGATIVE NUMBERS.
R  INDICATES RECORD WAS SET OR TIED.
MM INDICATES DATA IS MISSING.
T  INDICATES TRACE AMOUNT.

$$

THE PRECIPITATION DATA SHOWN ABOVE IS RECORDED BY THE AUTOMATED
WEATHER OBSERVING SYSTEM AT THE KEARNEY AIRPORT. THE PRECIPITATION
IS DEPICTED FOR A CALENDAR DAY FROM MIDNIGHT TO MIDNIGHT. SNOWFALL
IS NOT RECORDED BY THAT SYSTEM.

THE OFFICIAL PRECIPITATION...SNOWFALL...AND SNOW DEPTH OBSERVATION
FOR KEARNEY IS RECORDED DAILY BY THE COOPERATIVE OBSERVER AT 7 AM.
THAT INFORMATION FOLLOWS...

...KEARNEY 4NE COOPERATIVE OBSERVER REPORT FOR OCTOBER 2017...

PRECIPITATION (IN)
MONTH TO DATE.........................  2.83
YEAR TO DATE.......................... 24.99

SNOWFALL (IN)
MONTH TO DATE.........................  0.0
SEASONAL TOTAL (SINCE JULY 1ST).......  0.0

$$
REED
