000
CXUS56 KEKA 071653
CLMEKA

CLIMATE REPORT
NATIONAL WEATHER SERVICE EUREKA CA
950 AM PDT FRI AUG 7 2015

...................................

...THE EUREKA CA CLIMATE SUMMARY FOR THE MONTH OF JULY 2015...

CLIMATE NORMAL PERIOD 1981 TO 2010
CLIMATE RECORD PERIOD 1886 TO 2015

WEATHER         OBSERVED          NORMAL  DEPART  LAST YEAR`S
                 VALUE   DATE(S)  VALUE   FROM    VALUE
                                          NORMAL
.............................................................
TEMPERATURE (F)
RECORD
 HIGH              77R  07/28/2015
 LOW               46   07/04/2010
                        07/01/2010
                        12/12/1932
HIGHEST            77R  07/28                MM
LOWEST             51   07/28                MM
AVG. MAXIMUM     67.0                       3.6
AVG. MINIMUM     55.1                       3.1
MEAN             61.0                       3.3

PRECIPITATION (INCHES)
RECORD
 MAXIMUM         1.34   1916
 MINIMUM         0.00   1967
TOTALS           0.15              0.18   -0.03
DAYS >= .01         5               2.7     2.3        2
DAYS >= .10         0               0.3    -0.3        0
DAYS >= .50         0               0.1    -0.1        0
DAYS >= 1.00        0               0.0     0.0        0
GREATEST
 24 HR. TOTAL    0.08   07/08 TO 07/08

SNOWFALL (INCHES)
 LIQUID 7/1      0.00                      0.00

DEGREE_DAYS
HEATING TOTAL     117               226    -109      188
 SINCE 7/1        117               226    -109      188
COOLING TOTAL       1                 0       1        0
 SINCE 1/1          1                 0       1        1
..............................................................

WIND (MPH)
AVERAGE WIND SPEED              3.9
HIGHEST WIND SPEED/DIRECTION    22/330    DATE  07/16
HIGHEST GUST SPEED/DIRECTION    29/330    DATE  07/16

SKY COVER
POSSIBLE SUNSHINE (PERCENT)   MM
AVERAGE SKY COVER           0.60
NUMBER OF DAYS FAIR            7
NUMBER OF DAYS PC             10
NUMBER OF DAYS CLOUDY         14


WEATHER CONDITIONS. NUMBER OF DAYS WITH
THUNDERSTORM              0     HEAVY RAIN                 0
RAIN                      0     LIGHT RAIN                 6
HAIL                      0     SLEET                      0
FOG                       7     FOG W/VIS <= 1/4 MILE      6
HAZE                      3

-  INDICATES NEGATIVE NUMBERS.
R  INDICATES RECORD WAS SET OR TIED.
MM INDICATES DATA IS MISSING.
T  INDICATES TRACE AMOUNT.

&&

TOTAL RAINFALL...............  0.15 DEPARTURE FROM NORMAL..... -0.03
TOTAL SINCE JANUARY 1ST...... 12.44 DEPARTURE FROM NORMAL.....-11.02
TOTAL SINCE OCT 1ST.......... 30.82 DEPARTURE FROM NORMAL..... -8.61

HIGHEST SLP......... 30.13 ON 24TH LOWEST SLP........ 29.76 ON 18TH

...REMARKS...THE MOST NOTABLE THEME FOR THE MONTH WAS THE WARM
TEMPERATURES ALONG THE COAST. THE OCEAN TEMPERATURES HAVE BEEN IN
THE UPPER 50S TO AROUND 60. NORTHERLY FLOW WAS ONLY ABLE TO
ESTABLISH ITSELF FOR A FEW DAYS AT A TIME AND PERIODIC SOUTHERLY
WINDS HELPED BRING WARM WATER INTO THE AREA. THIS HELPED KEEP
BOTH THE HIGH AND LOW TEMPERATURES AROUND 3 DEGREES ABOVE NORMAL.
JULY HAD THE 2ND HIGHEST ALL TIME AVERAGE TEMPERATURE AT 61.3
DEGREES AND IT ALSO SET THE HIGHEST DAILY RECORD FOR JULY. WEAK
OFFSHORE FLOW ON THE 28TH WARMED HIGH TEMPERATURES TO 77 DEGREES
BREAKING THE OLD RECORD HIGH FOR THE MONTH OF 76 DEGREES LAST SET IN
1992. A SECOND DAILY HIGH TEMPERATURE RECORD WAS SET ON JULY 29TH
WITH A HIGH OF 75 DEGREES.

RAINFALL WAS ONLY 0.15 INCHES FOR THE MONTH. THIS WAS FAIRLY CLOSE
TO THE 0.18 INCH NORMAL FOR THE MONTH. ALTHOUGH THIS IS CLOSE TO
NORMAL...IT IS STILL BELOW NORMAL. THIS MAKES IT THE 7TH MONTH IN A
ROW WITH BELOW NORMAL RAINFALL.







$$
