000
CXUS51 KRLX 050202
CLMEKN


CLIMATE REPORT
NATIONAL WEATHER SERVICE CHARLESTON WV
1000 PM EDT TUE AUG 4 2015

...................................

...THE ELKINS CLIMATE SUMMARY FOR THE MONTH OF JULY 2015...

CLIMATE NORMAL PERIOD 1981 TO 2010
CLIMATE RECORD PERIOD 1899 TO 2015

WEATHER         OBSERVED          NORMAL  DEPART  LAST YEAR`S
                 VALUE   DATE(S)  VALUE   FROM    VALUE  DATE(S)
                                          NORMAL
................................................................
TEMPERATURE (F)
RECORD
 HIGH              99   07/16/1988
 LOW               32   07/01/1988
HIGHEST            87   07/29        MM      MM       88  07/13
                        07/28
                        07/26
LOWEST             54   07/31        MM      MM       45  07/05
                        07/25
                        07/24
AVG. MAXIMUM     81.3              81.0     0.3     79.9
AVG. MINIMUM     61.3              59.0     2.3     56.7
MEAN             71.3              70.0     1.3     68.3
DAYS MAX >= 90      0               1.1    -1.1        0
DAYS MAX <= 32      0               0.0     0.0
DAYS MIN <= 32      0               0.0     0.0        0
DAYS MIN <= 0       0               0.0     0.0        0

PRECIPITATION (INCHES)
RECORD
 MAXIMUM        12.02   1996
 MINIMUM         0.23   2013
TOTALS           4.98              5.36   -0.38     5.28
DAILY AVG.       0.16              0.17   -0.01     0.17
DAYS >= .01        16              14.4     1.6       15
DAYS >= .10        11               9.1     1.9       12
DAYS >= .50         3               3.6    -0.6        4
DAYS >= 1.00        0               1.3    -1.3        1
GREATEST
 24 HR. TOTAL    1.16   07/07 TO 07/08           07/27 TO 07/28
                                                          07/31 TO 07/31
                                                          07/31 TO 07/31
 STORM TOTAL       MM                                 MM
 (MM/DD(HH))            MM                    07/28(00) TO 07/28(00)
                                                 07/31(00) TO 07/31(00)1
                                                 07/31(00) TO 07/31(00)1

SNOWFALL (INCHES)
RECORDS
 TOTAL             MM   MM
TOTALS            0.0               0.0     0.0      0.0
SINCE 7/1         0.0               0.0     0.0      0.0
SNOWDEPTH AVG.      0                MM      MM        0
DAYS >= 1.0         0               0.0     0.0        0
GREATEST
 SNOW DEPTH         0   MM                             0
 24 HR TOTAL      0.0   07/31 TO 07/31           07/31 TO 07/31
                                                          07/31 TO 07/31
                                                          07/31 TO 07/31

DEGREE_DAYS
HEATING TOTAL       0                12     -12       33
 SINCE 7/1          0                12     -12       33
COOLING TOTAL     201               166      35      143
 SINCE 1/1        419               281     138      324
..................................................

WIND (MPH)
AVERAGE WIND SPEED              3.0
HIGHEST WIND SPEED/DIRECTION    23/270    DATE  07/14
HIGHEST GUST SPEED/DIRECTION    39/250    DATE  07/07

SKY COVER
POSSIBLE SUNSHINE (PERCENT)   MM
AVERAGE SKY COVER           0.50
NUMBER OF DAYS FAIR           12
NUMBER OF DAYS PC             15
NUMBER OF DAYS CLOUDY          4

AVERAGE RH (PERCENT)     74

WEATHER CONDITIONS. NUMBER OF DAYS WITH
THUNDERSTORM              0     MIXED PRECIP               0
HEAVY RAIN               10     RAIN                      11
LIGHT RAIN               18     FREEZING RAIN              0
LT FREEZING RAIN          0     HAIL                       0
HEAVY SNOW                0     SNOW                       0
LIGHT SNOW                0     SLEET                      0
FOG                      31     FOG W/VIS <= 1/4 MILE     10
HAZE                     12

-  INDICATES NEGATIVE NUMBERS.
R  INDICATES RECORD WAS SET OR TIED.
MM INDICATES DATA IS MISSING.
T  INDICATES TRACE AMOUNT.

$$
