000
CXUS55 KLKN 011902
CLMEKO


CLIMATE REPORT
NATIONAL WEATHER SERVICE ELKO NV
1047 AM PST MON JAN 1 2018

...................................

...THE ELKO AIRPORT NV CLIMATE SUMMARY FOR THE MONTH OF DECEMBER 2017...

CLIMATE NORMAL PERIOD 1981 TO 2010
CLIMATE RECORD PERIOD 1888 TO 2017

WEATHER         OBSERVED          NORMAL  DEPART  LAST YEAR`S
                 VALUE   DATE(S)  VALUE   FROM    VALUE  DATE(S)
                                          NORMAL
................................................................
TEMPERATURE (F)
RECORD
 HIGH              68   12/01/1899
 LOW              -40   12/26/1924
HIGHEST            56   12/30        52       4       46  12/09
LOWEST              5   12/05        -4       9      -10  12/26
AVG. MAXIMUM     41.0              37.2     3.8     34.5
AVG. MINIMUM     12.9              14.7    -1.8     14.1
MEAN             26.9              26.0     0.9     24.3
DAYS MAX >= 90      0               0.0     0.0        0
DAYS MAX <= 32      5               8.2    -3.2       10
DAYS MIN <= 32     31              28.9     2.1       30
DAYS MIN <= 0       0               2.3    -2.3        3

PRECIPITATION (INCHES)
RECORD
 MAXIMUM         5.46   1891
 MINIMUM            T   2011
                        1976
                        1917
TOTALS           0.31              1.20   -0.89     2.83
DAILY AVG.       0.01              0.04   -0.03     0.09
DAYS >= .01         5               9.2    -4.2       10
DAYS >= .10         2               3.9    -1.9        6
DAYS >= .50         0               0.3    -0.3        1
DAYS >= 1.00        0               0.0     0.0        1
GREATEST
 24 HR. TOTAL    0.13   12/03 TO 12/03              1.05

SNOWFALL (INCHES)
RECORDS
 TOTAL           54.0   1891
TOTALS            4.8               9.9    -5.1     12.2
SINCE 7/1         5.5              15.6   -10.1     17.7
SNOWDEPTH AVG.      0                                  2
DAYS >= TRACE       5               7.2    -2.2       15
DAYS >= 1.0         3               3.4    -0.4        4
GREATEST
 SNOW DEPTH         2   12/04                          6
 24 HR TOTAL      2.0   12/03 TO 12/03               5.1

DEGREE_DAYS
HEATING TOTAL    1174              1210     -36     1254
 SINCE 7/1       2762              2948    -186     2599
COOLING TOTAL       0                 0       0        0
 SINCE 1/1        785               383     402      560
.................................................................

WIND (MPH)
AVERAGE WIND SPEED              3.2
HIGHEST WIND SPEED/DIRECTION    26/270    DATE  12/03
HIGHEST GUST SPEED/DIRECTION    36/290    DATE  12/20

AVERAGE RH (PERCENT)     68

WEATHER CONDITIONS. NUMBER OF DAYS WITH
THUNDERSTORM              0     MIXED PRECIP               0
HEAVY RAIN                0     RAIN                       0
LIGHT RAIN                0     FREEZING RAIN              0
LT FREEZING RAIN          0     HAIL                       0
HEAVY SNOW                1     SNOW                       2
LIGHT SNOW                5     SLEET                      0
FOG                       5     FOG W/VIS <= 1/4 MILE      1
HAZE                      1

-  INDICATES NEGATIVE NUMBERS.
R  INDICATES RECORD WAS SET OR TIED.
MM INDICATES DATA IS MISSING.
T  INDICATES TRACE AMOUNT.

&&

=====================================================================

$$

DS
