000
CXUS55 KLKN 021742
CLMEKO


CLIMATE REPORT
NATIONAL WEATHER SERVICE ELKO NV
1036 AM PDT SAT JUL 2 2016

...................................

...THE ELKO AIRPORT NV CLIMATE SUMMARY FOR THE MONTH OF JUNE 2016...

CLIMATE NORMAL PERIOD 1981 TO 2010
CLIMATE RECORD PERIOD 1888 TO 2016

WEATHER         OBSERVED          NORMAL  DEPART  LAST YEAR`S
                 VALUE   DATE(S)  VALUE   FROM    VALUE  DATE(S)
                                          NORMAL
................................................................
TEMPERATURE (F)
RECORD
 HIGH             104   06/30/2013
                        06/24/1981
                        54/01/2206
 LOW               12   06/06/1914
HIGHEST            99   06/28        93       6      103  06/28
LOWEST             38   06/16        32       6       41  06/06
AVG. MAXIMUM     87.0              80.0     7.0     89.2
AVG. MINIMUM     49.1              44.4     4.7     50.4
MEAN             68.1              62.2     5.9     69.8
DAYS MAX >= 90     12               4.1     7.9       17
DAYS MAX <= 32      0               0.0     0.0        0
DAYS MIN <= 32      0               1.0    -1.0        0
DAYS MIN <= 0       0               0.0     0.0        0

PRECIPITATION (INCHES)
RECORD
 MAXIMUM         4.08   1913
 MINIMUM         0.00   1924
                        1919
TOTALS           0.83              0.65    0.18     0.47
DAILY AVG.       0.03              0.02    0.01     0.02
DAYS >= .01         3               4.8    -1.8        8
DAYS >= .10         2               2.2    -0.2        1
DAYS >= .50         1               0.1     0.9        0
DAYS >= 1.00        0               0.0     0.0        0
GREATEST
 24 HR. TOTAL    0.52   06/06 TO 06/06              0.15
                        06/05 TO 06/06
                        06/06 TO 06/06

SNOWFALL (INCHES)
RECORDS
 TOTAL            1.7   1914
TOTALS              T               0.0     0.0      0.0
SINCE 7/1        63.8              41.3    22.5     14.3
SNOWDEPTH AVG.      0                                  0
DAYS >= TRACE       2               0.0     2.0        0
DAYS >= 1.0         0               0.0     0.0        0
DAYS >= 5.0         0                                  0
GREATEST
 SNOW DEPTH         0   MM                             0
 24 HR TOTAL        T   06/11 TO 06/11               0.0

DEGREE_DAYS
HEATING TOTAL      30               131    -101       24
 SINCE 7/1       6518              7066    -548     5549
COOLING TOTAL     131                47      84      178
 SINCE 1/1        131                51      80      185
.................................................................

WIND (MPH)
AVERAGE WIND SPEED              6.2
HIGHEST WIND SPEED/DIRECTION    36/230    DATE  06/14
HIGHEST GUST SPEED/DIRECTION    47/260    DATE  06/14

AVERAGE RH (PERCENT)     40

WEATHER CONDITIONS. NUMBER OF DAYS WITH
THUNDERSTORM              0     MIXED PRECIP               0
HEAVY RAIN                2     RAIN                       2
LIGHT RAIN                4     FREEZING RAIN              0
LT FREEZING RAIN          0     HAIL                       2
HEAVY SNOW                0     SNOW                       0
LIGHT SNOW                0     SLEET                      0
FOG                       2     FOG W/VIS <= 1/4 MILE      0
HAZE                      0

-  INDICATES NEGATIVE NUMBERS.
R  INDICATES RECORD WAS SET OR TIED.
MM INDICATES DATA IS MISSING.
T  INDICATES TRACE AMOUNT.

&&

==============================================================

...4TH WARMEST JUNE ON RECORD IN ELKO...
...44TH WETTEST JUNE ON RECORD IN ELKO...
...TIED 3RD SNOWIEST JUNE ON RECORD IN ELKO...

THE AVERAGE TEMPERATURE IN ELKO DURING JUNE 2016 WAS 68.1
DEGREES...WHICH IS 5.9 DEGREES ABOVE THE 1981-2010
CLIMATOLOGICAL NORMAL OF 62.2 DEGREES. THIS MAKES JUNE 2016
THE 4TH WARMEST ON RECORD. THE TOTAL PRECIPITATION WAS 0.83
INCHES...WHICH IS 0.18 INCHES ABOVE OR 128 PERCENT OF THE
1981-2010 CLIMATOLOGICAL NORMAL OF 0.65 INCHES. THIS MAKES
JUNE 2016 THE 44TH WETTEST ON RECORD. THE TOTAL SNOWFALL WAS
A TRACE...WHICH IS ABOVE THE 1981-2010 CLIMATOLOGICAL NORMAL
OF 0.0 INCHES. THIS MAKES JUNE 2016 TIED FOR THE 3RD SNOWIEST
ON RECORD.

A RECORD DAILY RAINFALL OF 0.30 INCHES WAS SET ON JUNE 12.

$$

NWS ELKO CLIMATE TEAM
