000
CXUS54 KEPZ 010946
CLMELP


CLIMATE REPORT
NATIONAL WEATHER SERVICE EL PASO, TX
345 AM MDT SAT JUL 1 2017

...................................

...THE EL PASO CLIMATE SUMMARY FOR THE MONTH OF JUNE 2017...

CLIMATE NORMAL PERIOD 1981 TO 2010
CLIMATE RECORD PERIOD 1879 TO 2017

WEATHER         OBSERVED          NORMAL  DEPART  LAST YEAR`S
                 VALUE   DATE(S)  VALUE   FROM    VALUE  DATE(S)
                                          NORMAL
................................................................
TEMPERATURE (F)
RECORD
 HIGH             114   06/30/1994
 LOW               46   06/01/1988
                        06/03/1919
HIGHEST           111   06/23        98      13      108  06/18
LOWEST             64   06/01        61       3       55  06/02
AVG. MAXIMUM     99.2              95.5     3.7     97.9
AVG. MINIMUM     72.0              68.0     4.0     71.1
MEAN             85.6              81.7     3.9     84.5
DAYS MAX >= 90     28              24.9     3.1       27
DAYS MAX <= 32      0               0.0     0.0        0
DAYS MIN <= 32      0               0.0     0.0        0
DAYS MIN <= 0       0               0.0     0.0        0

PRECIPITATION (INCHES)
RECORD
 MAXIMUM         3.18
 MINIMUM         0.00
TOTALS           1.16              0.94    0.22     0.33
DAYS >= .01         3                                  4
DAYS >= .10         3                                  2
DAYS >= .50         1                                  0
DAYS >= 1.00        0                                  0
GREATEST
 24 HR. TOTAL    0.89   06/25 TO 06/25
 STORM TOTAL       MM
 (MM/DD(HH))            MM

DEGREE_DAYS
HEATING TOTAL       0                 0       0        0
 SINCE 7/1       1577              2474    -897     2018
COOLING TOTAL     626               502     124      592
 SINCE 1/1       1180               879     301      988

FREEZE DATES
RECORD
 EARLIEST     10/16/1880
 LATEST       05/02/1967
EARLIEST      11/30             12/06
LATEST        02/16             02/07
.................................................................

WIND (MPH)
AVERAGE WIND SPEED              8.6
HIGHEST WIND SPEED/DIRECTION    41/250    DATE  06/21
HIGHEST GUST SPEED/DIRECTION    52/090    DATE  06/25

SKY COVER
POSSIBLE SUNSHINE (PERCENT)   MM
AVERAGE SKY COVER           0.40
NUMBER OF DAYS FAIR           15
NUMBER OF DAYS PC             14
NUMBER OF DAYS CLOUDY          1

AVERAGE RH (PERCENT)     27

WEATHER CONDITIONS. NUMBER OF DAYS WITH
THUNDERSTORM              8     MIXED PRECIP               0
HEAVY RAIN                1     RAIN                       0
LIGHT RAIN                7     FREEZING RAIN              0
LT FREEZING RAIN          0     HAIL                       0
HEAVY SNOW                0     SNOW                       0
LIGHT SNOW                0     SLEET                      0
FOG                       1     FOG W/VIS <= 1/4 MILE      0
HAZE                      8

-  INDICATES NEGATIVE NUMBERS.
R  INDICATES RECORD WAS SET OR TIED.
MM INDICATES DATA IS MISSING.
T  INDICATES TRACE AMOUNT.

$$
