000
CXUS56 KOTX 020441 CCA
CLMEPH

CLIMATE REPORT
NATIONAL WEATHER SERVICE SPOKANE, WA
443 AM PDT SAT JUL 1 2017

...................................

...THE EPHRATA WA AIRPORT CLIMATE SUMMARY FOR THE MONTH OF JUNE 2017...

CLIMATE NORMAL PERIOD 1981 TO 2010
CLIMATE RECORD PERIOD 9999 TO 9999

WEATHER         OBSERVED          NORMAL  DEPART  LAST YEAR`S
                 VALUE   DATE(S)  VALUE   FROM    VALUE  DATE(S)
                                          NORMAL
................................................................
TEMPERATURE (F)
RECORD
 HIGH             110   06/28/2015
 LOW               33   06/28/1976
HIGHEST            99   06/26        MM      MM      101  06/06
                        06/25                             06/05
LOWEST             41   06/09        MM      MM       37  06/15
AVG. MAXIMUM     82.3              79.7     2.6     82.1
AVG. MINIMUM     54.7              53.6     1.1     54.4
MEAN             68.5              66.6     1.9     68.2
DAYS MAX >= 90      7               3.3     3.7        8
DAYS MAX <= 32      0               0.0     0.0        0
DAYS MIN <= 32      0               0.0     0.0        0
DAYS MIN <= 0       0               0.0     0.0        0

PRECIPITATION (INCHES)
RECORD
 MAXIMUM         1.90   1984
 MINIMUM            T   2015
                        2003
TOTALS           0.24              0.61   -0.37     1.27
DAILY AVG.       0.01              0.02   -0.01     0.04
DAYS >= .01         3               4.7    -1.7        6
DAYS >= .10         1               2.0    -1.0        4
DAYS >= .50         0               0.2    -0.2        0
DAYS >= 1.00        0               0.0     0.0        0
GREATEST
 24 HR. TOTAL    0.18   06/15 TO 06/15           06/09 TO 06/10

DEGREE_DAYS
HEATING TOTAL      43                60     -17       70
 SINCE 7/1       6141              5969     172     4932
COOLING TOTAL     155               110      45      175
 SINCE 1/1        213               147      66      207
.................................................

WIND (MPH)
AVERAGE WIND SPEED              8.9
HIGHEST WIND SPEED/DIRECTION    38/270    DATE  06/08
HIGHEST GUST SPEED/DIRECTION    47/310    DATE  06/20

SKY COVER
POSSIBLE SUNSHINE (PERCENT)   MM
AVERAGE SKY COVER           0.10
NUMBER OF DAYS FAIR           27
NUMBER OF DAYS PC              2
NUMBER OF DAYS CLOUDY          1

AVERAGE RH (PERCENT)     37

WEATHER CONDITIONS. NUMBER OF DAYS WITH
THUNDERSTORM              2     MIXED PRECIP               0
HEAVY RAIN                0     RAIN                       0
LIGHT RAIN                4     FREEZING RAIN              0
LT FREEZING RAIN          0     HAIL                       0
HEAVY SNOW                0     SNOW                       0
LIGHT SNOW                0     SLEET                      0
FOG                       2     FOG W/VIS <= 1/4 MILE      0
HAZE                      0

-  INDICATES NEGATIVE NUMBERS.
R  INDICATES RECORD WAS SET OR TIED.
MM INDICATES DATA IS MISSING.
T  INDICATES TRACE AMOUNT.

$$
