000
CXUS51 KCLE 030241
CLMERI


CLIMATE REPORT
NATIONAL WEATHER SERVICE CLEVELAND OH
1038 PM EDT SUN JUL 2 2017

...................................

...THE ERIE PA CLIMATE SUMMARY FOR THE MONTH OF JUNE 2017...

CLIMATE NORMAL PERIOD 1981 TO 2010
CLIMATE RECORD PERIOD 1873 TO 2017

WEATHER         OBSERVED          NORMAL  DEPART  LAST YEAR`S
                 VALUE   DATE(S)  VALUE   FROM    VALUE
                                          NORMAL
.............................................................
TEMPERATURE (F)
RECORD
 HIGH             100   06/25/1988
 LOW               32   06/11/1972
HIGHEST            90   06/17
LOWEST             47   06/08
AVG. MAXIMUM     76.0              75.7     0.3     78.2
AVG. MINIMUM     60.2              58.4     1.8     58.8
MEAN             68.1              67.1     1.0     68.5
DAYS MAX >= 90      1               0.5     0.5        2
DAYS MAX <= 32      0               0.0     0.0        0
DAYS MIN <= 32      0               0.0     0.0        0
DAYS MIN <= 0       0               0.0     0.0        0

PRECIPITATION (INCHES)
RECORD
 MAXIMUM         8.35   1996
 MINIMUM         0.75   1991
TOTALS           8.46R             3.76    4.70     1.84
DAYS >= .01        17              11.1     5.9       10
DAYS >= .10        10               7.2     2.8        4
DAYS >= .50         5               2.0     3.0        2
DAYS >= 1.00        2               0.9     1.1        0
GREATEST
 24 HR. TOTAL    3.58   06/18 TO 06/18              0.77

SNOWFALL (INCHES)
RECORDS
 TOTAL              T   1990
                        1933
TOTALS            0.0               0.0     0.0      0.0
SINCE 7/1        78.6             100.9   -22.3     71.2
DAYS >= 1.0         0               0.0     0.0        0
GREATEST
 24 HR TOTAL      0.0   06/30 TO 06/30

DEGREE_DAYS
HEATING TOTAL      48                61     -13       40
 SINCE 7/1       5105              6147   -1042     5210
COOLING TOTAL     147               123      24      151
 SINCE 1/1        191               162      29      226
..............................................................

WIND (MPH)
AVERAGE WIND SPEED              9.3
HIGHEST WIND SPEED/DIRECTION    25/260    DATE  06/25
HIGHEST GUST SPEED/DIRECTION    37/260    DATE  06/25

SKY COVER
AVERAGE SKY COVER           0.40

AVERAGE RH (PERCENT)     68

WEATHER CONDITIONS. NUMBER OF DAYS WITH
THUNDERSTORM              0     MIXED PRECIP               0
HEAVY RAIN                9     RAIN                       8
LIGHT RAIN               22     FREEZING RAIN              0
LT FREEZING RAIN          0     HAIL                       0
HEAVY SNOW                0     SNOW                       0
LIGHT SNOW                0     SLEET                      0
FOG                      13     FOG W/VIS <= 1/4 MILE      1
HAZE                      4

-  INDICATES NEGATIVE NUMBERS.
R  INDICATES RECORD WAS SET OR TIED.
MM INDICATES DATA IS MISSING.
T  INDICATES TRACE AMOUNT.

$$
