000
CXUS52 KMHX 042346
CLMEWN


CLIMATE REPORT
NATIONAL WEATHER SERVICE NEWPORT/MOREHEAD CITY NC
744 PM EDT THU AUG 4 2016

...................................

...THE NEW BERN NC CLIMATE SUMMARY FOR THE MONTH OF JULY 2016...

CLIMATE NORMAL PERIOD 1981 TO 2010
CLIMATE RECORD PERIOD 1948 TO 2016

WEATHER         OBSERVED          NORMAL  DEPART  LAST YEAR`S
                 VALUE   DATE(S)  VALUE   FROM    VALUE  DATE(S)
                                          NORMAL
................................................................
TEMPERATURE (F)
RECORD
 HIGH             106   07/22/1952
 LOW               55   07/02/1975
HIGHEST            97   07/30                         97  07/10
                        07/28
                        07/27
LOWEST             69   07/22                         62  07/26
AVG. MAXIMUM     92.6              89.5     3.1     90.1
AVG. MINIMUM     73.2              71.6     1.6     72.6
MEAN             82.9              80.5     2.4     81.4
DAYS MAX >= 90     26              14.7    11.3       18
DAYS MAX <= 32      0               0.0     0.0        0
DAYS MIN <= 32      0               0.0     0.0        0
DAYS MIN <= 0       0               0.0     0.0        0

PRECIPITATION (INCHES)
RECORD
 MAXIMUM        16.04   1950
 MINIMUM         0.28   1953
TOTALS          12.10              6.17    5.93     7.85
DAILY AVG.       0.39              0.20    0.19     0.25
DAYS >= .01        18              13.3     4.7       10
DAYS >= .10        15               9.8     5.2        7
DAYS >= .50         8               4.6     3.4        3
DAYS >= 1.00        2               2.0     0.0        2
GREATEST
 24 HR. TOTAL    3.67   07/03 TO 07/04

DEGREE_DAYS
COOLING TOTAL     565               482      83      515
 SINCE 1/1       1228              1090     138     1289
.................................................................

WIND (MPH)
AVERAGE WIND SPEED              6.0
RESULTANT WIND SPEED/DIRECTION   4/226
HIGHEST WIND SPEED/DIRECTION    38/340    DATE  07/08
HIGHEST GUST SPEED/DIRECTION    57/360    DATE  07/08

SKY COVER
POSSIBLE SUNSHINE (PERCENT)   MM
AVERAGE SKY COVER           0.20
NUMBER OF DAYS FAIR           28
NUMBER OF DAYS PC              3
NUMBER OF DAYS CLOUDY          0

AVERAGE RH (PERCENT)     74

WEATHER CONDITIONS. NUMBER OF DAYS WITH
THUNDERSTORM             19     MIXED PRECIP               0
HEAVY RAIN               15     RAIN                       8
LIGHT RAIN               19     FREEZING RAIN              0
LT FREEZING RAIN          0     HAIL                       0
HEAVY SNOW                0     SNOW                       0
LIGHT SNOW                0     SLEET                      0
FOG                      17     FOG W/VIS <= 1/4 MILE      1
HAZE                      4

-  INDICATES NEGATIVE NUMBERS.
R  INDICATES RECORD WAS SET OR TIED.
MM INDICATES DATA IS MISSING.
T  INDICATES TRACE AMOUNT.

$$
