000
CXUS51 KOKX 011411
CLMEWR

CLIMATE REPORT
NATIONAL WEATHER SERVICE NEW YORK NY
911 AM EST MON DEC 1 2014

...................................

...THE NEWARK NJ CLIMATE SUMMARY FOR THE MONTH OF NOVEMBER 2014...

CLIMATE NORMAL PERIOD 1981 TO 2010
CLIMATE RECORD PERIOD 1929 TO 2014

WEATHER         OBSERVED          NORMAL  DEPART  LAST YEAR`S
                 VALUE   DATE(S)  VALUE   FROM    VALUE  DATE(S)
                                          NORMAL
................................................................
TEMPERATURE (F)
RECORD
 HIGH              84   11/01/1950
 LOW               12   11/27/1932
HIGHEST            74   11/24        MM      MM       71  11/01
LOWEST             21   11/19        MM      MM       21  11/25
AVG. MAXIMUM     51.7              54.6    -2.9     52.9
AVG. MINIMUM     36.0              39.0    -3.0     35.8
MEAN             43.9              46.8    -2.9     44.3
DAYS MAX >= 90      0               0.0     0.0        0
DAYS MAX <= 32      0               0.1    -0.1        1
DAYS MIN <= 32     12               5.3     6.7       12
DAYS MIN <= 0       0               0.0     0.0        0

PRECIPITATION (INCHES)
RECORD
 MAXIMUM        11.53   1977
 MINIMUM         0.35   1908
TOTALS           4.13              3.65    0.48     2.97
DAILY AVG.       0.14              0.12    0.02     0.10
DAYS >= .01         9               9.5    -0.5        8
DAYS >= .10         6               5.7     0.3        4
DAYS >= .50         3               2.7     0.3        2
DAYS >= 1.00        2               1.0     1.0        1
GREATEST
 24 HR. TOTAL    1.50   11/16 TO 11/17           11/26 TO 11/27
                                                          11/27 TO 11/27
                                                          11/27 TO 11/27
 STORM TOTAL       MM                                 MM
 (MM/DD(HH))            MM                    11/27(00) TO 11/27(00)
                                                 11/27(00) TO 11/27(00)7
                                                 11/27(00) TO 11/27(00)7

SNOWFALL (INCHES)
TOTALS            1.4               0.4     1.0        T
 LIQUID EQUIV    0.14              0.00    0.14       MM
SINCE 7/1         1.4               0.4     1.0        T
 LIQUID 7/1      0.14              0.00    0.14       MM
SNOWDEPTH AVG.      0                MM      MM        0
DAYS >= TRACE       4               0.4     3.6        3
DAYS >= 1.0         1               0.1     0.9        0
GREATEST
 SNOW DEPTH         1   11/27                          0  MM
 24 HR TOTAL      1.4   MM                       11/27 TO 11/27
                                                          11/27 TO 11/27
                                                          11/27 TO 11/27
 STORM TOTAL       MM                                 MM
 (MM/DD(HH))            MM                    11/27(00) TO 11/27(00)
                                                 11/27(00) TO 11/27(00)7
                                                 11/27(00) TO 11/27(00)7

DEGREE_DAYS
HEATING TOTAL     624               547      77      613
 SINCE 7/1        832               868     -36      870
COOLING TOTAL       0                 1      -1        0
 SINCE 1/1       1175              1192     -17     1337
........................................................

WIND (MPH)
AVERAGE WIND SPEED              9.8
HIGHEST WIND SPEED/DIRECTION    32/330    DATE  11/02
HIGHEST GUST SPEED/DIRECTION    41/330    DATE  11/02


WEATHER CONDITIONS. NUMBER OF DAYS WITH
THUNDERSTORM              0     MIXED PRECIP               0
HEAVY RAIN                1     RAIN                       6
LIGHT RAIN               13     FREEZING RAIN              0
LT FREEZING RAIN          0     HAIL                       0
HEAVY SNOW                0     SNOW                       4
LIGHT SNOW                2     SLEET                      1
FOG                       9     FOG W/VIS <= 1/4 MILE      1
HAZE                      4

-  INDICATES NEGATIVE NUMBERS.
R  INDICATES RECORD WAS SET OR TIED.
MM INDICATES DATA IS MISSING.
T  INDICATES TRACE AMOUNT.

$$
