982
CXAK59 PAFG 022223
CLMFAI


CLIMATE REPORT
NATIONAL WEATHER SERVICE FAIRBANKS, AK
119 PM AKST THU MAR 2 2017

...................................

...THE FAIRBANKS CLIMATE SUMMARY FOR THE MONTH OF FEBRUARY 2017...

CLIMATE NORMAL PERIOD 1981 TO 2010
CLIMATE RECORD PERIOD 1904 TO 2017

WEATHER         OBSERVED          NORMAL  DEPART  LAST YEAR`S
                 VALUE   DATE(S)  VALUE   FROM    VALUE  DATE(S)
                                          NORMAL
................................................................
TEMPERATURE (F)
RECORD
 HIGH              50   02/24/1943
 LOW              -58   02/02/1993
                        02/03/1947
HIGHEST            35   02/14        33       2       42  02/25
LOWEST            -41   02/12       -39      -2      -21  02/19
AVG. MAXIMUM     11.0              10.0     1.0     20.0
AVG. MINIMUM     -9.6             -12.7     3.1     -4.2
MEAN              0.7              -1.3     2.0      7.9
DAYS MAX >= 90      0               0.0     0.0        0
DAYS MAX <= 32     24              25.8    -1.8       23
DAYS MIN <= 32     28              28.0     0.0       29
DAYS MIN <= 0      22              21.6     0.4       20

PRECIPITATION (INCHES)
RECORD
 MAXIMUM         2.10   1944
 MINIMUM         0.00   1919
TOTALS           1.24              0.42    0.82     0.05
DAILY AVG.       0.04              0.01    0.03     0.00
DAYS >= .01         9               6.6     2.4        1
DAYS >= .10         3               1.2     1.8        0
DAYS >= .50         0               0.0     0.0        0
DAYS >= 1.00        0               0.0     0.0        0
GREATEST
 24 HR. TOTAL    0.43   02/23 TO 02/24           02/06 TO 02/06
                                                          02/06 TO 02/06
                                                          02/06 TO 02/06

SNOWFALL (INCHES)
RECORDS
 TOTAL           43.1   1966
 24 HR TOTAL     20.1   02/11/1966 TO 02/12/1966
 SNOW DEPTH        57   02/11/1937
TOTALS           23.3               8.1    15.2      0.6
SINCE 7/1        78.4              56.3    22.1     52.6
SNOWDEPTH AVG.     22                18       4       13
DAYS >= TRACE      19               7.9    11.1        4
DAYS >= 1.0         6               2.4     3.6        0
GREATEST
 SNOW DEPTH        34   02/26                         13  02/29
                                                          02/28
                                                          02/27
 24 HR TOTAL      7.0   02/25 TO 02/25           02/06 TO 02/06
                                                          02/06 TO 02/06
                                                          02/06 TO 02/06

DEGREE_DAYS
HEATING TOTAL    1793              1858     -65     1647
 SINCE 7/1      10130             10390    -260     9406
COOLING TOTAL       0                 0       0        0
 SINCE 1/1          0                 0       0        0
.......................................................

WIND (MPH)
AVERAGE WIND SPEED              3.2
HIGHEST WIND SPEED/DIRECTION    24/260    DATE  02/26
HIGHEST GUST SPEED/DIRECTION    32/260    DATE  02/26

SKY COVER
AVERAGE SKY COVER           0.60


WEATHER CONDITIONS. NUMBER OF DAYS WITH
THUNDERSTORM              0     MIXED PRECIP               0
HEAVY RAIN                0     RAIN                       0
LIGHT RAIN                0     FREEZING RAIN              1
LT FREEZING RAIN          2     HAIL                       0
HEAVY SNOW                0     SNOW                       3
LIGHT SNOW               18     SLEET                      1
FOG                      23     FOG W/VIS <= 1/4 MILE      0
HAZE                      2

-  INDICATES NEGATIVE NUMBERS.
R  INDICATES RECORD WAS SET OR TIED.
MM INDICATES DATA IS MISSING.
T  INDICATES TRACE AMOUNT.

$$
