000
CXUS56 KHNX 031650
CLMFAT


CLIMATE REPORT
NATIONAL WEATHER SERVICE SAN JOAQUIN VALLEY - HANFORD CA
850 AM PST TUE FEB 3 2015

...................................

...THE FRESNO CA CLIMATE SUMMARY FOR THE MONTH OF JANUARY 2015...

CLIMATE NORMAL PERIOD 1981 TO 2010
CLIMATE RECORD PERIOD 1887 TO 2015

WEATHER         OBSERVED          NORMAL  DEPART  LAST YEAR`S
                 VALUE   DATE(S)  VALUE   FROM    VALUE  DATE(S)
                                          NORMAL
................................................................
TEMPERATURE (F)
RECORD
 HIGH              78   01/24/2014
                        01/28/1986
 LOW               17   01/06/1913
HIGHEST            67   01/07        MM      MM       78  01/24
LOWEST             28   01/02        MM      MM       35  01/14
AVG. MAXIMUM     57.5              54.8     2.7     66.8
AVG. MINIMUM     40.5              38.3     2.2     39.5
MEAN             49.0              46.6     2.4     53.2
DAYS MAX >= 90      0               0.0     0.0        0
DAYS MIN <= 32      4               5.6    -1.6        0

PRECIPITATION (INCHES)
RECORD
 MAXIMUM         8.56   1969
TOTALS           0.21              2.19   -1.98     0.57
DAYS >= .01         1               7.6    -6.6        2
DAYS >= .10         1               4.8    -3.8        1
DAYS >= .50         0               1.4    -1.4        1
DAYS >= 1.00        0               0.2    -0.2        0
GREATEST
 24 HR. TOTAL    0.21   01/27 TO 01/27

SNOWFALL (INCHES)
RECORDS
 TOTAL            2.5   01/12/1933
TOTALS            0.0               0.0

DEGREE_DAYS
HEATING TOTAL     487               572     -85      361
 SINCE 7/1       1109              1535    -426     1122
COOLING TOTAL       0                 0       0        0
 SINCE 1/1          0                 0       0        0
.................................................................

WIND (MPH)
AVERAGE WIND SPEED              2.3
HIGHEST WIND SPEED/DIRECTION    16/300    DATE  01/31
HIGHEST GUST SPEED/DIRECTION    18/300    DATE  01/31

AVERAGE RH (PERCENT)     79

WEATHER CONDITIONS. NUMBER OF DAYS WITH
THUNDERSTORM              0     RAIN                       3
HAIL                      0     FOG                       30
FOG W/VIS <= 1/4 MILE    13     HAZE                      29

-  INDICATES NEGATIVE NUMBERS.
R  INDICATES RECORD WAS SET OR TIED.
MM INDICATES DATA IS MISSING.
T  INDICATES TRACE AMOUNT.

$$

SANGER/OCHS

WEATHER.GOV/HANFORD
