000
CXUS55 KFGZ 011501
CLMFLG


CLIMATE REPORT
NATIONAL WEATHER SERVICE FLAGSTAFF, AZ
800 AM MST TUE SEP 1 2015

...................................

...THE FLAGSTAFF AZ AIRPORT CLIMATE SUMMARY FOR THE MONTH OF AUGUST 2015...

CLIMATE NORMAL PERIOD 1981 TO 2010
CLIMATE RECORD PERIOD 1898 TO 2015

WEATHER         OBSERVED          NORMAL  DEPART  LAST YEAR`S
                 VALUE   DATE(S)  VALUE   FROM    VALUE  DATE(S)
                                          NORMAL
................................................................
TEMPERATURE (F)
RECORD
 HIGH              93   08/02/1902
 LOW               24   08/23/1968
HIGHEST            87   08/16                         84  08/10
LOWEST             47   08/29                         41  08/29
                        08/28
                        08/03
AVG. MAXIMUM     79.8              78.4     1.4     74.6
AVG. MINIMUM     51.3              50.1     1.2     49.5
MEAN             65.6              64.2     1.4     62.0
DAYS MAX >= 90      0               0.1    -0.1        0
DAYS MAX <= 32      0               0.0     0.0        0
DAYS MIN <= 32      0               0.0     0.0        0
DAYS MIN <= 0       0               0.0     0.0        0

PRECIPITATION (INCHES)
RECORD
 MAXIMUM         8.77   1904
 MINIMUM         0.26   1962
TOTALS           3.02              3.11   -0.09     5.31
DAILY AVG.       0.10              0.10    0.00     0.17
DAYS >= .01         9              14.0    -5.0       14
DAYS >= .10         6               7.3    -1.3       13
DAYS >= .50         2               1.7     0.3        3
DAYS >= 1.00        1               0.5     0.5        0
GREATEST
 24 HR. TOTAL    1.60   08/07 TO 08/08              1.57

SNOWFALL (INCHES)
RECORDS
 TOTAL            0.0   2009
                        2008
                        2007
TOTALS            0.0               0.0              0.0
SINCE 7/1         0.0               0.0     0.0      0.0
SNOWDEPTH AVG.      0                MM      MM        0
GREATEST
 SNOW DEPTH         0   MM                             0  MM
 24 HR TOTAL      0.0   08/31 TO 08/31               0.0

DEGREE_DAYS
HEATING TOTAL      14                56     -42       93
 SINCE 7/1         73                88     -15       94
COOLING TOTAL      39                33       6       11
 SINCE 1/1        115               114       1      109
.................................................................

WIND (MPH)
AVERAGE WIND SPEED              4.9
HIGHEST WIND SPEED/DIRECTION    29/220    DATE  08/07
HIGHEST GUST SPEED/DIRECTION    36/200    DATE  08/07

SKY COVER
POSSIBLE SUNSHINE (PERCENT)   MM
AVERAGE SKY COVER           0.30
NUMBER OF DAYS FAIR           21
NUMBER OF DAYS PC             10
NUMBER OF DAYS CLOUDY          0

AVERAGE RH (PERCENT)     61

WEATHER CONDITIONS. NUMBER OF DAYS WITH
THUNDERSTORM              0     MIXED PRECIP               0
HEAVY RAIN                4     RAIN                       4
LIGHT RAIN               12     FREEZING RAIN              0
LT FREEZING RAIN          0     HAIL                       0
HEAVY SNOW                0     SNOW                       0
LIGHT SNOW                0     SLEET                      0
FOG                       8     FOG W/VIS <= 1/4 MILE      1
HAZE                      3

-  INDICATES NEGATIVE NUMBERS.
R  INDICATES RECORD WAS SET OR TIED.
MM INDICATES DATA IS MISSING.
T  INDICATES TRACE AMOUNT.

$$
