000
CXUS52 KILM 041511 RRA
CLMFLO

CLIMATE REPORT...RETRANSMITTED
NATIONAL WEATHER SERVICE WILMINGTON NC
1111 AM EDT THU AUG 4 2016

...................................

...THE FLORENCE SC CLIMATE SUMMARY FOR THE MONTH OF JULY 2016...

CLIMATE NORMAL PERIOD 1981 TO 2010
CLIMATE RECORD PERIOD 1948 TO 2016

WEATHER         OBSERVED          NORMAL  DEPART  LAST YEAR`S
                 VALUE   DATE(S)  VALUE   FROM    VALUE  DATE(S)
                                          NORMAL
................................................................
TEMPERATURE (F)
RECORD
 HIGH             105   07/08/1977
 LOW               57   07/02/1988
                        07/11/1963
                        07/07/1951
HIGHEST            98   07/05                        102  07/10
                        07/03
LOWEST             71   07/20                         68  07/26
                        07/11
AVG. MAXIMUM     95.2              91.0     4.2     94.5
AVG. MINIMUM     74.7              71.4     3.3     73.2
MEAN             85.0              81.2     3.8     83.8
DAYS MAX >= 90     31              18.3    12.7       26
DAYS MAX <= 32      0               0.0     0.0        0
DAYS MIN <= 32      0               0.0     0.0        0
DAYS MIN <= 0       0               0.0     0.0        0

PRECIPITATION (INCHES)
RECORD
 MAXIMUM        14.91   2013
 MINIMUM         1.21   1952
TOTALS           6.60              5.26    1.34     3.40
DAILY AVG.       0.21              0.17    0.04     0.11
DAYS >= .01        16              11.2     4.8       10
DAYS >= .10        11               7.9     3.1        7
DAYS >= .50         6               3.7     2.3        4
DAYS >= 1.00        2               1.4     0.6        0
GREATEST
 24 HR. TOTAL    1.93   07/19 TO 07/20

SNOWFALL (INCHES)
RECORDS
 TOTAL             MM   MM
TOTALS             MM               0.0
SINCE 7/1          MM               0.0

DEGREE_DAYS
HEATING TOTAL       0                 0       0        0
COOLING TOTAL     629               502     127      592
.....................................................

WIND (MPH)
AVERAGE WIND SPEED              6.6
RESULTANT WIND SPEED/DIRECTION   5/218
HIGHEST WIND SPEED/DIRECTION    52/230    DATE  07/07
HIGHEST GUST SPEED/DIRECTION    64/230    DATE  07/07

SKY COVER
POSSIBLE SUNSHINE (PERCENT)   MM
AVERAGE SKY COVER           0.10
NUMBER OF DAYS FAIR           30
NUMBER OF DAYS PC              1
NUMBER OF DAYS CLOUDY          0

AVERAGE RH (PERCENT)     69

WEATHER CONDITIONS. NUMBER OF DAYS WITH
THUNDERSTORM             13     MIXED PRECIP              MM
HEAVY RAIN               11     RAIN                      10
LIGHT RAIN               15     FREEZING RAIN              0
LT FREEZING RAIN          0     HAIL                      MM
HEAVY SNOW                0     SNOW                       0
LIGHT SNOW                0     SLEET                     MM
FOG                      14     FOG W/VIS <= 1/4 MILE      1
HAZE                      2

-  INDICATES NEGATIVE NUMBERS.
R  INDICATES RECORD WAS SET OR TIED.
MM INDICATES DATA IS MISSING.
T  INDICATES TRACE AMOUNT.

2ND HOTTEST JULY SINCE FLORENCE DATA BEGAN IN 1948.

$$
