000
CXUS52 KILM 011433
CLMFLO


CLIMATE REPORT
NATIONAL WEATHER SERVICE WILMINGTON NC
1029 AM EDT THU SEP 1 2016

...................................

...THE FLORENCE SC CLIMATE SUMMARY FOR THE MONTH OF AUGUST 2016...

CLIMATE NORMAL PERIOD 1981 TO 2010
CLIMATE RECORD PERIOD 1948 TO 2016

WEATHER         OBSERVED          NORMAL  DEPART  LAST YEAR`S
                 VALUE   DATE(S)  VALUE   FROM    VALUE  DATE(S)
                                          NORMAL
................................................................
TEMPERATURE (F)
RECORD
 HIGH             106   08/10/2007
                        08/09/2007
                        08/08/2007
 LOW               54   08/17/1979
HIGHEST            98   08/27                         98  08/05
LOWEST             64   08/25                         65  08/29
AVG. MAXIMUM     93.1              89.4     3.7     90.3
AVG. MINIMUM     73.6              70.5     3.1     71.3
MEAN             83.3              79.9     3.4     80.8
DAYS MAX >= 90     28              14.2    13.8       20
DAYS MAX <= 32      0               0.0     0.0        0
DAYS MIN <= 32      0               0.0     0.0        0
DAYS MIN <= 0       0               0.0     0.0        0

PRECIPITATION (INCHES)
RECORD
 MAXIMUM        14.36   1992
 MINIMUM         1.25   1954
TOTALS           1.23R             5.24   -4.01     5.92
DAILY AVG.       0.04              0.17   -0.13     0.19
DAYS >= .01         9              10.7    -1.7       13
DAYS >= .10         4               7.1    -3.1       11
DAYS >= .50         0               3.4    -3.4        4
DAYS >= 1.00        0               1.9    -1.9        2
GREATEST
 24 HR. TOTAL    0.34   08/01 TO 08/02

SNOWFALL (INCHES)
RECORDS
 TOTAL             MM   MM
TOTALS             MM               0.0
SINCE 7/1          MM               0.0

DEGREE_DAYS
HEATING TOTAL       0                 0       0        0
COOLING TOTAL     574               464     110      499
.......................................................

WIND (MPH)
AVERAGE WIND SPEED              5.7
RESULTANT WIND SPEED/DIRECTION   2/163
HIGHEST WIND SPEED/DIRECTION    29/160    DATE  08/09
HIGHEST GUST SPEED/DIRECTION    36/140    DATE  08/09

SKY COVER
POSSIBLE SUNSHINE (PERCENT)   MM
AVERAGE SKY COVER           0.20
NUMBER OF DAYS FAIR           25
NUMBER OF DAYS PC              5
NUMBER OF DAYS CLOUDY          1

AVERAGE RH (PERCENT)     71

WEATHER CONDITIONS. NUMBER OF DAYS WITH
THUNDERSTORM              7     MIXED PRECIP              MM
HEAVY RAIN                3     RAIN                       4
LIGHT RAIN               12     FREEZING RAIN              0
LT FREEZING RAIN          0     HAIL                      MM
HEAVY SNOW                0     SNOW                       0
LIGHT SNOW                0     SLEET                     MM
FOG                      12     FOG W/VIS <= 1/4 MILE      2
HAZE                      1

-  INDICATES NEGATIVE NUMBERS.
R  INDICATES RECORD WAS SET OR TIED.
MM INDICATES DATA IS MISSING.
T  INDICATES TRACE AMOUNT.

$$
