000
CXUS52 KTBW 011901
CLMFMY


CLIMATE REPORT
NATIONAL WEATHER SERVICE TAMPA BAY FL
200 PM EST WED FEB 1 2017

...................................

...THE FORT MYERS CLIMATE SUMMARY FOR THE MONTH OF JANUARY 2017...

CLIMATE NORMAL PERIOD 1981 TO 2010
CLIMATE RECORD PERIOD 1902 TO 2017

WEATHER         OBSERVED          NORMAL  DEPART  LAST YEAR`S
                 VALUE   DATE(S)  VALUE   FROM    VALUE  DATE(S)
                                          NORMAL
................................................................
TEMPERATURE (F)
ALL-TIME JANUARY RECORD
 HIGH              88   01/09/2013
                        01/19/1990
                        01/02/1982
 LOW               27   01/26/1905

JANUARY 2017
HIGHEST            87   01/02        MM      MM       83  01/01
LOWEST             40   01/08        MM      MM       41  01/24
AVG. MAXIMUM     78.5              74.7     3.8     71.1
AVG. MINIMUM     57.7              53.7     4.0     54.7
MEAN             68.1              64.2     3.9     62.9
DAYS MAX >= 90      0               0.0     0.0        0
DAYS MAX <= 32      0               0.0     0.0        0
DAYS MIN <= 32      0               0.2    -0.2        0
DAYS MIN <= 0       0               0.0     0.0        0

PRECIPITATION (INCHES)
ALL-TIME JANUARY RECORD
 MAXIMUM        12.98   2016
 MINIMUM         0.00   1950

JANUARY 2017
TOTALS           1.53              1.94   -0.41    12.98
DAILY AVG.       0.05              0.06   -0.01     0.42
DAYS >= .01         7               5.5     1.5       12
DAYS >= .10         5               3.0     2.0        8
DAYS >= .50         0               1.3    -1.3        8
DAYS >= 1.00        0               0.5    -0.5        5
GREATEST
 24 HR. TOTAL    0.53   01/22 TO 01/23

DEGREE_DAYS
HEATING TOTAL      50               108     -58      104
 SINCE 7/1         64               201    -137      107
COOLING TOTAL     153                83      70       44
 SINCE 1/1        153                92      61       44
.................................................................

WIND (MPH)
AVERAGE WIND SPEED              7.4
HIGHEST WIND SPEED/DIRECTION    30/290    DATE  01/23
HIGHEST GUST SPEED/DIRECTION    42/290    DATE  01/23

SKY COVER (DOES NOT INCLUDE ANY CLOUDS ABOVE 12000 FEET)
POSSIBLE SUNSHINE (PERCENT)   MM
AVERAGE SKY COVER           0.30
NUMBER OF DAYS FAIR           18
NUMBER OF DAYS PC             10
NUMBER OF DAYS CLOUDY          3

AVERAGE RH (PERCENT)     72

WEATHER CONDITIONS. NUMBER OF DAYS WITH
THUNDERSTORM              2     MIXED PRECIP               0
HEAVY RAIN                4     RAIN                       4
LIGHT RAIN                7     FREEZING RAIN              0
LT FREEZING RAIN          0     HAIL                       0
HEAVY SNOW                0     SNOW                       0
LIGHT SNOW                0     SLEET                      0
FOG                      16     FOG W/VIS <= 1/4 MILE      1
HAZE                      2
.................................................................

REMARKS
THE JANUARY 2017 MONTHLY AVERAGE TEMPERATURE OF 68.1 DEGREES
RANKS AS 17TH WARMEST JANUARY SINCE RECORDS BEGAN IN 1902. THE
WARMEST JANUARY HAD AN AVERAGE TEMPERATURE OF 73.5 DEGREES WHICH
OCCURRED IN 1937.

THE JANUARY 2017 MONTHLY RAINFALL TOTAL OF 1.53 INCHES RANKS AS
THE 53RD WETTEST/64TH DRIEST JANUARY SINCE RECORDS BEGAN IN 1902.


-  INDICATES NEGATIVE NUMBERS.
R  INDICATES RECORD WAS SET OR TIED.
MM INDICATES DATA IS MISSING.
T  INDICATES TRACE AMOUNT.

$$
