000
CXUS53 KFSD 011916
CLMFSD

CLIMATE REPORT
NATIONAL WEATHER SERVICE SIOUX FALLS SD
114 PM CST SUN MAR 1 2015

...................................

...THE SIOUX FALLS SD CLIMATE SUMMARY FOR THE MONTH OF FEBRUARY 2015...

CLIMATE NORMAL PERIOD 1981 TO 2010
CLIMATE RECORD PERIOD 1893 TO 2015

WEATHER         OBSERVED          NORMAL  DEPART  LAST YEAR`S
                 VALUE   DATE(S)  VALUE   FROM    VALUE  DATE(S)
                                          NORMAL
................................................................
TEMPERATURE (F)
RECORD
 HIGH              70   02/22/1982
                        02/17/1981
                        02/23/1958
 LOW              -42   02/09/1899
HIGHEST            47   02/07        MM      MM       50  02/19
LOWEST            -12   02/27        MM      MM      -18  02/10
AVG. MAXIMUM     26.1              31.3    -5.2     22.2
AVG. MINIMUM      4.9              11.7    -6.8      1.4
MEAN             15.5              21.5    -6.0     11.8
DAYS MAX >= 90      0               0.0     0.0        0
DAYS MAX <= 32     21              14.2     6.8       22
DAYS MIN <= 32     28              27.0     1.0       28
DAYS MIN <= 0      12               6.1     5.9       14

PRECIPITATION (INCHES)
RECORD
 MAXIMUM         4.05   1962
 MINIMUM            T   1923
                        1894
TOTALS           0.41              0.60   -0.19     0.68
DAILY AVG.       0.01              0.02   -0.01     0.02
DAYS >= .01         6               6.6    -0.6        8
DAYS >= .10         2               1.8     0.2        4
DAYS >= .50         0               0.2    -0.2        0
DAYS >= 1.00        0               0.0     0.0        0
GREATEST
 24 HR. TOTAL    0.18   02/01 TO 02/01

SNOWFALL (INCHES)
RECORDS
 TOTAL           48.4   1962
TOTALS            6.2               6.9    -0.7      9.0
SINCE 7/1        30.2              31.5    -1.3     34.2
SNOWDEPTH AVG.      2                 5      -3        1
DAYS >= 1.0         2               1.8     0.2        4
GREATEST
 SNOW DEPTH         6   02/03                          5  02/14
                        02/02
 24 HR TOTAL      3.2   02/01 TO 02/01

DEGREE_DAYS
HEATING TOTAL    1379              1218     161     1483
 SINCE 7/1       5749              5850    -101     6347
COOLING TOTAL       0                 0       0        0
 SINCE 1/1          0                 0       0        0
.................................................................

WIND (MPH)
AVERAGE WIND SPEED              11.5
HIGHEST WIND SPEED/DIRECTION    36/350    DATE  02/11
HIGHEST GUST SPEED/DIRECTION    42/340    DATE  02/11

SKY COVER
POSSIBLE SUNSHINE (PERCENT)   MM
AVERAGE SKY COVER           0.60
NUMBER OF DAYS FAIR            6
NUMBER OF DAYS PC             13
NUMBER OF DAYS CLOUDY          9

AVERAGE RH (PERCENT)     72

WEATHER CONDITIONS. NUMBER OF DAYS WITH
THUNDERSTORM              0     MIXED PRECIP               0
HEAVY RAIN                0     RAIN                       0
LIGHT RAIN                2     FREEZING RAIN              0
LT FREEZING RAIN          2     HAIL                       0
HEAVY SNOW                1     SNOW                       1
LIGHT SNOW               17     SLEET                      0
FOG                      10     FOG W/VIS <= 1/4 MILE      0
HAZE                      0

-  INDICATES NEGATIVE NUMBERS.
R  INDICATES RECORD WAS SET OR TIED.
MM INDICATES DATA IS MISSING.
T  INDICATES TRACE AMOUNT.

$$
