313
CXUS51 KCAR 010904
CLMFVE


CLIMATE REPORT
NATIONAL WEATHER SERVICE CARIBOU, ME
504 AM EDT WED NOV 1 2017

...................................

...THE FRENCHVILLE ME CLIMATE SUMMARY FOR THE MONTH OF OCTOBER 2017...

CLIMATE NORMAL PERIOD 1981 TO 2010
CLIMATE RECORD PERIOD 9999 TO 9999

WEATHER         OBSERVED          NORMAL  DEPART  LAST YEAR`S
                 VALUE   DATE(S)  VALUE   FROM    VALUE  DATE(S)
                                          NORMAL
................................................................
TEMPERATURE (F)
RECORD
 HIGH              MM   MM
 LOW               MM   MM
HIGHEST            74   10/04        MM      MM       74  10/07
LOWEST             29   10/17        MM      MM       27  10/27
                        10/13
                        10/03
AVG. MAXIMUM     58.5              49.4     9.1     53.7
AVG. MINIMUM     39.0              34.4     4.6     36.5
MEAN             48.8              41.9     6.9     45.1
DAYS MAX >= 90      0               0.0     0.0        0
DAYS MAX <= 32      0               0.2    -0.2        0
DAYS MIN <= 32      9              12.6    -3.6       11
DAYS MIN <= 0       0               0.0     0.0        0

PRECIPITATION (INCHES)
RECORD
 MAXIMUM           MM   MM
 MINIMUM           MM   MM
TOTALS           6.79              2.54    4.25     3.13
DAILY AVG.       0.22              0.08    0.14     0.10
DAYS >= .01        17                MM      MM       12
DAYS >= .10         7                MM      MM        6
DAYS >= .50         5                MM      MM        2
DAYS >= 1.00        2                MM      MM        1
GREATEST
 24 HR. TOTAL    2.93   10/26 TO 10/26           10/20 TO 10/21
                                                          10/21 TO 10/21
                                                          10/21 TO 10/21
 STORM TOTAL       MM                                 MM
 (MM/DD(HH))            MM                    10/21(00) TO 10/21(00)
                                                 10/21(00) TO 10/21(00)1
                                                 10/21(00) TO 10/21(00)1

SNOWFALL (INCHES)
RECORDS
 TOTAL             MM   MM
TOTALS             MM                MM      MM       MM
SINCE 7/1          MM                MM      MM       MM
SNOWDEPTH AVG.     MM                MM      MM       MM
DAYS >= 1.0         0                MM      MM        0
GREATEST
 SNOW DEPTH        MM                                 MM  MM
 24 HR TOTAL       MM                                 MM

DEGREE_DAYS
HEATING TOTAL     497               716    -219      607
 SINCE 7/1        914              1260    -346      960
COOLING TOTAL       0                 0       0        0
 SINCE 1/1        105               134     -29      221
..................................................

WIND (MPH)
AVERAGE WIND SPEED              9.8
HIGHEST WIND SPEED/DIRECTION    36/160    DATE  10/30
HIGHEST GUST SPEED/DIRECTION    51/150    DATE  10/30

SKY COVER
POSSIBLE SUNSHINE (PERCENT)   MM
AVERAGE SKY COVER           0.50
NUMBER OF DAYS FAIR           14
NUMBER OF DAYS PC              9
NUMBER OF DAYS CLOUDY          8

AVERAGE RH (PERCENT)     73

WEATHER CONDITIONS. NUMBER OF DAYS WITH
THUNDERSTORM              0     MIXED PRECIP               0
HEAVY RAIN                4     RAIN                       9
LIGHT RAIN               21     FREEZING RAIN              0
LT FREEZING RAIN          0     HAIL                       0
HEAVY SNOW                0     SNOW                       0
LIGHT SNOW                0     SLEET                      0
FOG                      17     FOG W/VIS <= 1/4 MILE     11
HAZE                      1

-  INDICATES NEGATIVE NUMBERS.
R  INDICATES RECORD WAS SET OR TIED.
MM INDICATES DATA IS MISSING.
T  INDICATES TRACE AMOUNT.

$$
