000
CXUS54 KTSA 011100
CLMFYV
CLIMATE REPORT
NATIONAL WEATHER SERVICE TULSA OK
815 AM CDT MON APR 01 2024
...................................
...THE FAYETTEVILLE ARKANSAS CLIMATE SUMMARY FOR THE MONTH OF MARCH 2024...
CLIMATE NORMAL PERIOD 1991 TO 2020
CLIMATE RECORD PERIOD 1905 TO 2024
WEATHER OBSERVED NORMAL DEPART LAST YEAR`S
VALUE DATE(S) VALUE FROM VALUE DATE(S)
NORMAL
................................................................
TEMPERATURE (F)
RECORD
HIGH 89 03/26/2020
03/22/1995
03/31/1974
LOW 0 03/04/2002
HIGHEST 81 03/04 96 -15 81 03/31
LOWEST 26 03/19 1 25 18 03/19
AVG. MAXIMUM 67.6 60.7 6.9 61.4
AVG. MINIMUM 41.5 36.1 5.4 39.1
MEAN 54.5 48.4 6.1 50.3
DAYS MAX >= 90 0 0.0 0.0 0
DAYS MAX <= 32 0 0.0 0.0 0
DAYS MIN <= 32 9 11.5 -2.5 9
DAYS MIN <= 0 0 0.0 0.0 0
PRECIPITATION (INCHES)
RECORD
MAXIMUM 10.05 2008
MINIMUM 0.58 2001
TOTALS 3.73 3.98 -0.25 7.50
DAILY AVG. 0.12 0.13 -0.01 0.24
DAYS >= .01 7 11.1 -4.1 10
DAYS >= .10 4 6.6 -2.6 8
DAYS >= .50 3 2.8 0.2 5
DAYS >= 1.00 1 1.1 -0.1 2
GREATEST
24 HR. TOTAL 2.20 03/25 TO 03/25
SNOWFALL (INCHES)
RECORDS
TOTAL 15.0 1968
TOTALS 0.0 1.3 -1.3 0.0
SINCE 7/1 6.5 6.5 0.0 MM
SNOWDEPTH AVG. 0 0
DAYS >= TRACE 0 1.0 -1.0 0
DAYS >= 1.0 0 0.0 0.0 0
GREATEST
SNOW DEPTH 0 0 MM
24 HR TOTAL MM
DEGREE DAYS
HEATING TOTAL 337 520 -183 461
SINCE 7/1 3035 3727 -692 MM
COOLING TOTAL 21 5 16 10
SINCE 1/1 21 6 15 MM
................................................................
WIND (MPH)
AVERAGE WIND SPEED 8.0
HIGHEST WIND SPEED/DIRECTION 35/270 DATE 03/14
HIGHEST GUST SPEED/DIRECTION 51/280 DATE 03/14
SKY COVER
POSSIBLE SUNSHINE (PERCENT) MM
AVERAGE SKY COVER 0.35
NUMBER OF DAYS FAIR 15
NUMBER OF DAYS PC 12
NUMBER OF DAYS CLOUDY 4
AVERAGE RH (PERCENT) 63
WEATHER CONDITIONS. NUMBER OF DAYS WITH
THUNDERSTORM 2 MIXED PRECIP 0
HEAVY RAIN 3 RAIN 2
LIGHT RAIN 8 FREEZING RAIN 0
LT FREEZING RAIN 0 HAIL 0
HEAVY SNOW 0 SNOW 0
LIGHT SNOW 0 SLEET 0
FOG 10 FOG W/VIS <= 1/4 MILE 0
HAZE 8
- INDICATES NEGATIVE NUMBERS.
R INDICATES RECORD WAS SET OR TIED.
MM INDICATES DATA IS MISSING.
T INDICATES TRACE AMOUNT.
$$