000
CXUS53 KUNR 011604
CLMGCC


CLIMATE REPORT
NATIONAL WEATHER SERVICE RAPID CITY SD
902 AM MST THU DEC 1 2016

...................................

...THE GILLETTE AIRPORT WY CLIMATE SUMMARY FOR THE MONTH OF NOVEMBER 2016...

CLIMATE NORMAL PERIOD 1981 TO 2010
CLIMATE RECORD PERIOD 9999 TO 9999

WEATHER         OBSERVED          NORMAL  DEPART  LAST YEAR`S
                 VALUE   DATE(S)  VALUE   FROM    VALUE  DATE(S)
                                          NORMAL
................................................................
TEMPERATURE (F)
HIGHEST            73   11/09                         67  11/14
                        11/04
LOWEST             11   11/30                         -9  11/27
                                                          11/26
AVG. MAXIMUM     55.0              44.6    10.4     45.1
AVG. MINIMUM     29.1              21.0     8.1     20.6
MEAN             42.0              32.8     9.2     32.9
DAYS MAX >= 90      0                                  0
DAYS MAX <= 32      2                                  7
DAYS MIN <= 32     19                                 23
DAYS MIN <= 0       0                                  3

PRECIPITATION (INCHES)
TOTALS           0.28              0.55   -0.27     0.47
DAILY AVG.       0.01              0.02   -0.01     0.02
DAYS >= .01         2                                  5
DAYS >= .10         1                                  4
DAYS >= .50         0                                  0
DAYS >= 1.00        0                                  0
GREATEST
 24 HR. TOTAL    0.27   11/17 TO 11/17              0.23

DEGREE_DAYS
HEATING TOTAL     681               966    -285      958
 SINCE 7/1       1393              1875    -482     1560
COOLING TOTAL       0                 0       0        0
 SINCE 1/1        569               502      67      545
.................................................................

WIND (MPH)
AVERAGE WIND SPEED              11.4
HIGHEST WIND SPEED/DIRECTION    39/310    DATE  11/29
HIGHEST GUST SPEED/DIRECTION    52/310    DATE  11/29

AVERAGE RH (PERCENT)     55

WEATHER CONDITIONS. NUMBER OF DAYS WITH
THUNDERSTORM              0     MIXED PRECIP               0
HEAVY RAIN                0     RAIN                       0
LIGHT RAIN                0     FREEZING RAIN              0
LT FREEZING RAIN          0     HAIL                       0
HEAVY SNOW                0     SNOW                       1
LIGHT SNOW                4     SLEET                      0
FOG                       4     FOG W/VIS <= 1/4 MILE      1
HAZE                      1

-  INDICATES NEGATIVE NUMBERS.
R  INDICATES RECORD WAS SET OR TIED.
MM INDICATES DATA IS MISSING.
T  INDICATES TRACE AMOUNT.

$$
